000
CXUS54 KFWD 072148
CF6PSN
PRELIMINARY LOCAL CLIMATOLOGICAL DATA (WS FORM: F-6)
STATION: PALESTINE
MONTH: JUNE
YEAR: 2022
LATITUDE: 31 46 N
LONGITUDE: 95 42 W
TEMPERATURE IN F: :PCPN: SNOW: WIND :SUNSHINE: SKY :PK WND
================================================================================
1 2 3 4 5 6A 6B 7 8 9 10 11 12 13 14 15 16 17 18
12Z AVG MX 2MIN
DY MAX MIN AVG DEP HDD CDD WTR SNW DPTH SPD SPD DIR MIN PSBL S-S WX SPD DR
================================================================================
1 93 72 83 7 0 18 0.17 M M 4.7 16 230 M M 6 138 24 230
2 82 70 76 0 0 11 0.07 M M 5.4 15 360 M M 4 1 22 260
3 88 66 77 0 0 12 0.20 M M 6.0 10 240 M M 4 13 15 60
4 86 68 77 0 0 12 0.03 M M 2.5 8 130 M M 5 13 130
5 91 70 81 4 0 16 0.00 M M 6.6 10 150 M M 2 18 18 150
6 93 73 83 6 0 18 0.00 M M 10.9 16 200 M M 5 1 23 200
7 93 75 84 7 0 19 0.00 M M 8.4 15 140 M M 7 1 20 210
8 91 75 83 5 0 18 0.00 M M 6.9 14 230 M M 5 18 21 200
9 95 75 85 7 0 20 0.00 M M 3.4 9 210 M M 4 18 15 99
10 95 75 85 7 0 20 0.00 M M 5.0 10 220 M M 0 18 17 210
11 95 75 85 7 0 20 0.00 M M 7.8 14 220 M M 0 18 20 220
12 99 75 87 9 0 22 0.00 M M 8.7 15 200 M M 1 18 22 180
13 99 75 87 9 0 22 0.00 M M 9.7 14 200 M M 2 18 24 210
14 97 75 86 8 0 21 0.00 M M 10.2 18 200 M M 1 18 26 200
15 97 77 87 8 0 22 0.00 M M 9.4 17 190 M M 3 18 22 210
16 99 73 86 7 0 21 0.00 M M 4.2 8 180 M M 1 18 13 230
17 97 75 86 7 0 21 0.31 M M 4.1 8 250 M M 1 138 33 210
18 95 73 84 5 0 19 0.06 M M 3.0 7 250 M M 2 18 13 290
19 100 73 87 8 0 22 0.00 M M 3.7 14 80 M M 1 18 21 80
20 99 75 87 8 0 22 0.00 M M 5.9 9 100 M M 1 8 16 100
21 100 75 88 8 0 23 0.00 M M 4.6 10 150 M M 1 18 16 130
22 99 73 86 6 0 21 0.00 M M 3.0 8 170 M M 1 18 14 200
23 100 73 87 7 0 22 0.00 M M 4.5 12 70 M M 0 18 24 70
24 102 75 89 9 0 24 0.00 M M 5.5 10 200 M M 1 8 15 200
25 100 75 88 8 0 23 0.00 M M 4.9 10 240 M M 0 8 17 200
26 102 70 86 6 0 21 0.01 M M 2.8 9 70 M M 2 22 0
27 97 75 86 6 0 21 0.00 M M 8.9 15 60 M M 2 21 30
28 93 73 83 3 0 18 0.00 M M 7.4 10 40 M M 3 22 80
29 97 73 85 4 0 20 0.00 M M 7.6 12 60 M M 0 16 360
30 97 73 85 4 0 20 0.00 M M 5.4 13 160 M M 2 18 140
================================================================================
SM 2871 2200 0 589 0.85 M 181.1 M 67
================================================================================
AV 95.7 73.3 6.0 FASTST M M 2 MAX(MPH)
MISC ----> 18 200 33 210
================================================================================
NOTES:
# LAST OF SEVERAL OCCURRENCES
COLUMN 17 PEAK WIND IN M.P.H.
PRELIMINARY LOCAL CLIMATOLOGICAL DATA (WS FORM: F-6) , PAGE 2
STATION: PALESTINE
MONTH: JUNE
YEAR: 2022
LATITUDE: 31 46 N
LONGITUDE: 95 42 W
[TEMPERATURE DATA] [PRECIPITATION DATA] SYMBOLS USED IN COLUMN 16
AVERAGE MONTHLY: 84.5 TOTAL FOR MONTH: 0.85 1 = FOG OR MIST
DPTR FM NORMAL: 5.9 DPTR FM NORMAL: -4.12 2 = FOG REDUCING VISIBILITY
HIGHEST: 102 ON 26,24 GRTST 24HR 0.31 ON 17-17 TO 1/4 MILE OR LESS
LOWEST: 66 ON 3 3 = THUNDER
SNOW, ICE PELLETS, HAIL 4 = ICE PELLETS
TOTAL MONTH: M 5 = HAIL
GRTST 24HR M ON M 6 = FREEZING RAIN OR DRIZZLE
GRTST DEPTH: M ON M 7 = DUSTSTORM OR SANDSTORM:
VSBY 1/2 MILE OR LESS
8 = SMOKE OR HAZE
[NO. OF DAYS WITH] [WEATHER - DAYS WITH] 9 = BLOWING SNOW
X = TORNADO
MAX 32 OR BELOW: 0 0.01 INCH OR MORE: 7
MAX 90 OR ABOVE: 27 0.10 INCH OR MORE: 3
MIN 32 OR BELOW: 0 0.50 INCH OR MORE: 0
MIN 0 OR BELOW: 0 1.00 INCH OR MORE: 0
[HDD (BASE 65) ]
TOTAL THIS MO. 0 CLEAR (SCALE 0-3) 21
DPTR FM NORMAL 0 PTCLDY (SCALE 4-7) 9
TOTAL FM JUL 1 1828 CLOUDY (SCALE 8-10) 0
DPTR FM NORMAL -544
[CDD (BASE 65) ]
TOTAL THIS MO. 589
DPTR FM NORMAL 179 [PRESSURE DATA]
TOTAL FM JAN 1 1150 HIGHEST SLP M ON M
DPTR FM NORMAL 390 LOWEST SLP M ON M
[REMARKS]
#FINAL-06-22#