000
CXUS54 KFWD 010731
CF6PSN
PRELIMINARY LOCAL CLIMATOLOGICAL DATA (WS FORM: F-6)
STATION: PALESTINE
MONTH: SEPTEMBER
YEAR: 2021
LATITUDE: 31 46 N
LONGITUDE: 95 42 W
TEMPERATURE IN F: :PCPN: SNOW: WIND :SUNSHINE: SKY :PK WND
================================================================================
1 2 3 4 5 6A 6B 7 8 9 10 11 12 13 14 15 16 17 18
12Z AVG MX 2MIN
DY MAX MIN AVG DEP HDD CDD WTR SNW DPTH SPD SPD DIR MIN PSBL S-S WX SPD DR
================================================================================
1 95 75 85 5 0 20 0.00 M M 4.2 8 180 M M 0 18 14 99
2 95 73 84 4 0 19 0.00 M M 4.0 9 250 M M 3 18 13 250
3 95 75 85 5 0 20 0.00 M M 3.0 8 170 M M 2 18 14 190
4 95 73 84 5 0 19 0.00 M M 3.6 12 240 M M 1 18 15 240
5 97 73 85 6 0 20 0.24 M M 4.8 18 340 M M 2 18 29 340
6 91 70 81 2 0 16 0.00 M M 5.3 12 70 M M 5 18 18 70
7 91 61 76 -3 0 11 0.00 M M 1.2 6 60 M M 0 1 12 0
8 93 59 76 -2 0 11 0.00 M M 2.2 8 330 M M 1 13 0
9 91 63 77 -1 0 12 0.00 M M 7.1 15 50 M M 1 8 25 40
10 91 61 76 -2 0 11 0.00 M M 4.9 12 110 M M 1 1 17 110
11 90 61 76 -1 0 11 0.00 M M 3.1 8 100 M M 2 20 99
12 91 63 77 0 0 12 0.00 M M 5.6 10 90 M M 4 15 130
13 90 73 82 5 0 17 0.00 M M 6.4 12 140 M M 6 14 160
14 79 70 75 -1 0 10 0.02 M M 8.2 14 40 M M 9 1 22 110
15 88 70 79 3 0 14 0.00 M M 7.7 15 40 M M 6 18 20 50
16 88 68 78 2 0 13 0.00 M M 5.1 9 90 M M 3 15 80
17 91 66 79 3 0 14 0.00 M M 2.4 7 50 M M 5 1 12 330
18 91 70 81 6 0 16 0.00 M M 4.6 14 40 M M 3 18 17 40
19 93 68 81 6 0 16 0.00 M M 2.6 7 100 M M 2 18 14 290
20 97 73 85 10 0 20 0.00 M M 6.9 12 150 M M 2 18 16 200
21 90 72 81 7 0 16 0.00 M M 9.2 16 10 M M 3 18 22 10
22 82 52 67 -7 0 2 0.00 M M 8.7 18 40 M M 0 26 350
23 84 46 65 -9 0 0 0.00 M M 1.6 10 350 M M 0 8 15 310
24 86 52 69 -4 0 4 0.00 M M 2.8 7 240 M M 1 12 210
25 88 54 71 -2 0 6 0.00 M M 2.2 7 99 M M 0 15 99
26 90 57 74 1 0 9 0.00 M M 3.1 7 99 M M 1 1 14 99
27 88 61 75 3 0 10 0.00 M M 3.6 13 230 M M 3 1 16 190
28 93 72 83 11 0 18 0.00 M M 5.1 9 140 M M 4 1 18 140
29 90 70 80 8 0 15 0.00 M M 6.1 15 150 M M 3 18 21 150
30 91 66 79 8 0 14 0.00 M M 4.7 10 30 M M 6 18 13 130
================================================================================
SM 2714 1967 0 396 0.26 M 140.0 M 79
================================================================================
AV 90.5 65.6 4.7 FASTST M M 3 MAX(MPH)
MISC ----> # 18 340 29 340
================================================================================
NOTES:
# LAST OF SEVERAL OCCURRENCES
COLUMN 17 PEAK WIND IN M.P.H.
PRELIMINARY LOCAL CLIMATOLOGICAL DATA (WS FORM: F-6) , PAGE 2
STATION: PALESTINE
MONTH: SEPTEMBER
YEAR: 2021
LATITUDE: 31 46 N
LONGITUDE: 95 42 W
[TEMPERATURE DATA] [PRECIPITATION DATA] SYMBOLS USED IN COLUMN 16
AVERAGE MONTHLY: 78.0 TOTAL FOR MONTH: 0.26 1 = FOG OR MIST
DPTR FM NORMAL: 2.1 DPTR FM NORMAL: -2.95 2 = FOG REDUCING VISIBILITY
HIGHEST: 97 ON 20, 5 GRTST 24HR 0.24 ON 5- 5 TO 1/4 MILE OR LESS
LOWEST: 46 ON 23 3 = THUNDER
SNOW, ICE PELLETS, HAIL 4 = ICE PELLETS
TOTAL MONTH: M 5 = HAIL
GRTST 24HR M ON M 6 = FREEZING RAIN OR DRIZZLE
GRTST DEPTH: M ON M 7 = DUSTSTORM OR SANDSTORM:
VSBY 1/2 MILE OR LESS
8 = SMOKE OR HAZE
[NO. OF DAYS WITH] [WEATHER - DAYS WITH] 9 = BLOWING SNOW
X = TORNADO
MAX 32 OR BELOW: 0 0.01 INCH OR MORE: 2
MAX 90 OR ABOVE: 22 0.10 INCH OR MORE: 1
MIN 32 OR BELOW: 0 0.50 INCH OR MORE: 0
MIN 0 OR BELOW: 0 1.00 INCH OR MORE: 0
[HDD (BASE 65) ]
TOTAL THIS MO. 0 CLEAR (SCALE 0-3) 20
DPTR FM NORMAL -6 PTCLDY (SCALE 4-7) 9
TOTAL FM JUL 1 0 CLOUDY (SCALE 8-10) 1
DPTR FM NORMAL -4
[CDD (BASE 65) ]
TOTAL THIS MO. 396
DPTR FM NORMAL 61 [PRESSURE DATA]
TOTAL FM JAN 1 2204 HIGHEST SLP M ON M
DPTR FM NORMAL 35 LOWEST SLP M ON M
[REMARKS]
#FINAL-09-21#