000
CXUS55 KPUB 011847
CF6PUB
PRELIMINARY LOCAL CLIMATOLOGICAL DATA (WS FORM: F-6)
STATION: PUEBLO CO
MONTH: DECEMBER
YEAR: 2021
LATITUDE: 38 16 N
LONGITUDE: 104 31 W
TEMPERATURE IN F: :PCPN: SNOW: WIND :SUNSHINE: SKY :PK WND
================================================================================
1 2 3 4 5 6A 6B 7 8 9 10 11 12 13 14 15 16 17 18
12Z AVG MX 2MIN
DY MAX MIN AVG DEP HDD CDD WTR SNW DPTH SPD SPD DIR MIN PSBL S-S WX SPD DR
================================================================================
1 70 29 50 16 15 0 0.00 0.0 0 3.6 10 260 M M 0 14 60
2 74 31 53 19 12 0 0.00 0.0 0 5.3 14 330 M M 0 16 330
3 60 29 45 11 20 0 0.00 0.0 0 4.0 12 120 M M 0 15 130
4 58 22 40 6 25 0 0.00 0.0 0 3.9 14 350 M M 0 17 350
5 73 26 50 17 15 0 0.00 0.0 0 16.0 40 30 M M 1 8 52 40
6 36 13 25 -8 40 0 0.00 0.0 0 5.6 16 170 M M 1 23 170
7 50 20 35 2 30 0 0.00 0.0 0 5.5 15 140 M M 1 18 130
8 64 15 40 8 25 0 0.00 0.0 0 11.2 32 290 M M 0 46 310
9 66 32 49 17 16 0 0.00 0.0 0 7.7 23 290 M M 1 31 290
10 42 17 30 -2 35 0 0.12 1.1 0 12.0 31 10 M M 5 12 41 10
11 50 5 28 -4 37 0 0.00 0.0 T 7.1 21 260 M M 0 29 240
12 65 31 48 16 17 0 0.00 0.0 0 7.9 23 270 M M 0 29 260
13 59 22 41 9 24 0 0.00 0.0 0 2.7 14 300 M M 0 16 290
14 64 29 47 16 18 0 0.00 0.0 0 4.2 14 280 M M 2 17 270
15 59 33 46 15 19 0 0.03 0.0 0 23.0 60 280 M M 5 8 89 280
16 54 18 36 5 29 0 0.00 0.0 0 6.4 16 240 M M 0 25 260
17 46 15 31 0 34 0 0.00 0.0 0 6.0 16 160 M M 1 21 140
18 40 11 26 -5 39 0 0.00 0.0 0 3.9 12 350 M M 1 13 360
19 59 7 33 2 32 0 0.00 0.0 0 3.4 8 260 M M 0 10 100
20 63 16 40 9 25 0 0.00 0.0 0 4.9 14 60 M M 0 18 50
21 67 19 43 12 22 0 0.00 0.0 0 14.3 26 280 M M 0 35 270
22 68 32 50 19 15 0 0.00 0.0 0 9.2 23 210 M M 0 31 260
23 66 25 46 15 19 0 0.00 0.0 0 4.4 13 40 M M 0 15 310
24 66 26 46 15 19 0 0.00 0.0 0 11.7 30 260 M M 0 43 360
25 61 27 44 13 21 0 0.00 0.0 0 10.9 26 270 M M 0 32 270
26 61 24 43 12 22 0 0.00 0.0 0 13.5 41 250 M M 0 57 240
27 45 17 31 0 34 0 0.00 0.0 0 7.4 23 210 M M 0 30 210
28 44 18 31 0 34 0 0.00 0.0 0 10.9 22 110 M M 1 29 270
29 49 5 27 -4 38 0 0.00 0.0 0 5.9 16 120 M M 0 21 110
30 55 16 36 5 29 0 0.00 0.0 0 12.1 41 280 M M 0 54 280
31 56 19 38 7 27 0 T T 0 15.3 28 90 M M 1 35 240
================================================================================
SM 1790 649 787 0 0.15 1.1 259.9 M 13
================================================================================
AV 57.7 20.9 8.4 FASTST M M 0 MAX(MPH)
MISC ----> 60 280 89 280
================================================================================
NOTES:
COLUMN 7; USED COOP OBS (05-8992) FOR PRECIP ON 31ST. SNOW TO LIGHT FOR ASOS TO
DETECT.
COLUMN 17 PEAK WIND IN M.P.H.
PRELIMINARY LOCAL CLIMATOLOGICAL DATA (WS FORM: F-6) , PAGE 2
STATION: PUEBLO CO
MONTH: DECEMBER
YEAR: 2021
LATITUDE: 38 16 N
LONGITUDE: 104 31 W
[TEMPERATURE DATA] [PRECIPITATION DATA] SYMBOLS USED IN COLUMN 16
AVERAGE MONTHLY: 39.3 TOTAL FOR MONTH: 0.15 1 = FOG OR MIST
DPTR FM NORMAL: 7.6 DPTR FM NORMAL: -0.14 2 = FOG REDUCING VISIBILITY
HIGHEST: 74 ON 2 GRTST 24HR 0.12 ON 10 TO 1/4 MILE OR LESS
LOWEST: 5 ON 29,11 3 = THUNDER
SNOW, ICE PELLETS, HAIL 4 = ICE PELLETS
TOTAL MONTH: 1.1 INCHES 5 = HAIL
GRTST 24HR 1.1 ON 10 6 = FREEZING RAIN OR DRIZZLE
GRTST DEPTH: T 7 = DUSTSTORM OR SANDSTORM:
VSBY 1/2 MILE OR LESS
8 = SMOKE OR HAZE
[NO. OF DAYS WITH] [WEATHER - DAYS WITH] 9 = BLOWING SNOW
X = TORNADO
MAX 32 OR BELOW: 0 0.01 INCH OR MORE: 2
MAX 90 OR ABOVE: 0 0.10 INCH OR MORE: 1
MIN 32 OR BELOW: 30 0.50 INCH OR MORE: 0
MIN 0 OR BELOW: 0 1.00 INCH OR MORE: 0
[HDD (BASE 65) ]
TOTAL THIS MO. 787 CLEAR (SCALE 0-3) 29
DPTR FM NORMAL -245 PTCLDY (SCALE 4-7) 2
TOTAL FM JUL 1 1696 CLOUDY (SCALE 8-10) 0
DPTR FM NORMAL -527
[CDD (BASE 65) ]
TOTAL THIS MO. 0
DPTR FM NORMAL 0 [PRESSURE DATA]
TOTAL FM JAN 1 1245 HIGHEST SLP 30.45 ON 18
DPTR FM NORMAL 166 LOWEST SLP 29.25 ON 15
[REMARKS]
#FINAL-12-21#