000
CXUS55 KPUB 020450
CLSPUB
CLIMATE REPORT
NATIONAL WEATHER SERVICE
950 PM MST THU DEC 01 2022
...................................
...THE PUEBLO CO CLIMATE SUMMARY FOR THE SEASON, FROM
9/1/2022 TO 11/30/2022...
CLIMATE NORMAL PERIOD 1991 TO 2020
CLIMATE RECORD PERIOD 1888 TO 2022
WEATHER OBSERVED NORMAL DEPART LAST YEAR`S
VALUE DATE(S) VALUE FROM VALUE DATE(S)
NORMAL
................................................................
TEMPERATURE (F)
RECORD
HIGH 103 09/06/2020
LOW -17 11/29/1896
HIGHEST 101 09/08 101 09/11
LOWEST 1 11/19 9 11/18
11/30
AVG. MAXIMUM 71.5 69.9 1.6 75.2
AVG. MINIMUM 36.0 36.7 -0.7 38.5
MEAN 53.8 53.3 0.5 56.8
DAYS MAX >= 90 17
DAYS MAX <= 32 1
DAYS MIN <= 32 32
DAYS MIN <= 0 0
PRECIPITATION (INCHES)
RECORD
MAXIMUM 7.74 1957
MINIMUM 0.19 1948
TOTALS 0.86 1.88 -1.02 1.10
DAILY AVG. 0.01 0.02 -0.01
DAYS >= .01 12
DAYS >= .10 4
DAYS >= .50 0
DAYS >= 1.00 0
GREATEST
24 HR. TOTAL 0.31 09/02 TO 09/03
SNOWFALL (INCHES)
RECORDS
MAXIMUM 41.9 1991
MINIMUM 0.0 2005
TOTALS 4.1 6.2 -2.1 T
SINCE 7/1 4.1 6.2 -2.1
SNOWDEPTH AVG. 0
DAYS >= TRACE 9 3.9 5.1
DAYS >= 1.0 2 1.7 0.3
GREATEST
SNOW DEPTH 2 11/18 0
11/29
24 HR TOTAL 2.3 11/17 TO 11/18 T
DEGREE DAYS
HEATING TOTAL 1184 1191 -7 909
SINCE 7/1 1184 1195 -11 909
COOLING TOTAL 186 124 62 183
SINCE 1/1 1361 1079 282 1245
................................................................
WIND (MPH)
AVERAGE WIND SPEED 7.5
HIGHEST WIND SPEED/DIRECTION 41/360 DATE 09/02
HIGHEST GUST SPEED/DIRECTION 55/350 DATE 09/02
SKY COVER
POSSIBLE SUNSHINE (PERCENT) MM
AVERAGE SKY COVER 0.17
NUMBER OF DAYS FAIR 72
NUMBER OF DAYS PC 13
NUMBER OF DAYS CLOUDY 6
AVERAGE RH (PERCENT) 45
WEATHER CONDITIONS. NUMBER OF DAYS WITH
THUNDERSTORM 2 MIXED PRECIP 0
HEAVY RAIN 2 RAIN 4
LIGHT RAIN 16 FREEZING RAIN 0
LT FREEZING RAIN 0 HAIL 0
HEAVY SNOW 0 SNOW 1
LIGHT SNOW 8 SLEET 1
FOG 14 FOG W/VIS <= 1/4 MILE 2
HAZE 0
- INDICATES NEGATIVE NUMBERS.
R INDICATES RECORD WAS SET OR TIED.
MM INDICATES DATA IS MISSING.
T INDICATES TRACE AMOUNT.
$$