000
CXUS56 KOTX 010910
CF6PUW
PRELIMINARY LOCAL CLIMATOLOGICAL DATA (WS FORM: F-6)
STATION: PULLMAN_MOSCOW AIRPORT
MONTH: MARCH
YEAR: 2021
LATITUDE: 46 44 N
LONGITUDE: 117 7 W
TEMPERATURE IN F: :PCPN: SNOW: WIND :SUNSHINE: SKY :PK WND
================================================================================
1 2 3 4 5 6A 6B 7 8 9 10 11 12 13 14 15 16 17 18
12Z AVG MX 2MIN
DY MAX MIN AVG DEP HDD CDD WTR SNW DPTH SPD SPD DIR MIN PSBL S-S WX SPD DR
================================================================================
1 45 30 38 0 27 0 0.00 M M 12.4 22 90 M M 0 26 90
2 53 35 44 6 21 0 0.00 M M 5.3 14 270 M M 5 17 270
3 54 35 45 7 20 0 0.00 M M 10.3 17 100 M M 0 20 90
4 58 36 47 9 18 0 0.00 M M 9.7 18 90 M M 0 8 22 90
5 56 38 47 9 18 0 0.00 M M 12.6 23 240 M M 0 27 240
6 43 32 38 -1 27 0 0.03 M M 7.9 18 270 M M 5 1 23 270
7 46 32 39 0 26 0 T M M 9.3 23 230 M M 7 27 240
8 44 30 37 -2 28 0 0.00 M M 5.5 12 10 M M 4 15 10
9 46 31 39 0 26 0 0.00 M M 5.6 15 130 M M 6 19 130
10 49 27 38 -2 27 0 0.01 M M 7.0 22 30 M M 1 25 20
11 50 24 37 -3 28 0 0.00 M M 2.5 13 280 M M 1 16 280
12 52 27 40 0 25 0 0.00 M M 3.5 10 150 M M 0 14 150
13 57 28 43 3 22 0 0.00 M M 2.4 9 80 M M 0 11 80
14 62 35 49 9 16 0 0.00 M M 8.4 20 90 M M 1 23 90
15 42 33 38 -3 27 0 T M M 7.3 16 270 M M 10 1 20 280
16 49 29 39 -2 26 0 0.00 M M 3.3 9 290 M M 6 12 280
17 59 28 44 3 21 0 0.00 M M 4.2 15 100 M M 1 8 19 90
18 66 40 53 12 12 0 T M M 10.9 31 240 M M 2 8 42 240
19 49 36 43 2 22 0 T M M 8.1 16 250 M M 7 22 270
20 49 31 40 -2 25 0 0.00 M M 11.1 28 230 M M 6 32 230
21 45 32 39 -3 26 0 0.01 M M 15.9 24 240 M M 9 1 30 250
22 47 30 39 -3 26 0 0.28 M M 8.5 24 280 M M 8 1 30 270
23 46 28 37 -5 28 0 0.00 M M 4.8 12 300 M M 2 16 340
24 40 32 36 -6 29 0 0.26 M M 10.0 22 240 M M 8 1 27 240
25 43 33 38 -4 27 0 0.02 M M 6.0 17 250 M M 8 1 22 250
26 50 30 40 -2 25 0 0.00 M M 8.1 20 260 M M 8 28 270
27 55 30 43 0 22 0 0.00 M M 2.3 12 230 M M 2 16 230
28 62 31 47 4 18 0 0.18 M M 17.8 38 240 M M 3 18 49 240
29 43 27 35 -8 30 0 0.05 M M 17.5 24 250 M M 8 41 240
30 46 24 35 -8 30 0 0.00 M M 7.5 21 240 M M 2 26 280
31 57 29 43 0 22 0 0.00 M M 11.8 21 90 M M 0 26 90
================================================================================
SM 1563 963 745 0 0.84 M 257.5 M 120
================================================================================
AV 50.4 31.1 8.3 FASTST M M 4 MAX(MPH)
MISC ----> 38 240 49 240
================================================================================
NOTES:
# LAST OF SEVERAL OCCURRENCES
COLUMN 17 PEAK WIND IN M.P.H.
PRELIMINARY LOCAL CLIMATOLOGICAL DATA (WS FORM: F-6) , PAGE 2
STATION: PULLMAN_MOSCOW AIRPORT
MONTH: MARCH
YEAR: 2021
LATITUDE: 46 44 N
LONGITUDE: 117 7 W
[TEMPERATURE DATA] [PRECIPITATION DATA] SYMBOLS USED IN COLUMN 16
AVERAGE MONTHLY: 40.7 TOTAL FOR MONTH: 0.84 1 = FOG OR MIST
DPTR FM NORMAL: 0.1 DPTR FM NORMAL: -1.21 2 = FOG REDUCING VISIBILITY
HIGHEST: 66 ON 18 GRTST 24HR 0.29 ON 21-22 TO 1/4 MILE OR LESS
LOWEST: 24 ON 30,11 3 = THUNDER
SNOW, ICE PELLETS, HAIL 4 = ICE PELLETS
TOTAL MONTH: M 5 = HAIL
GRTST 24HR M ON M 6 = FREEZING RAIN OR DRIZZLE
GRTST DEPTH: M ON M 7 = DUSTSTORM OR SANDSTORM:
VSBY 1/2 MILE OR LESS
8 = SMOKE OR HAZE
[NO. OF DAYS WITH] [WEATHER - DAYS WITH] 9 = BLOWING SNOW
X = TORNADO
MAX 32 OR BELOW: 0 0.01 INCH OR MORE: 8
MAX 90 OR ABOVE: 0 0.10 INCH OR MORE: 3
MIN 32 OR BELOW: 22 0.50 INCH OR MORE: 0
MIN 0 OR BELOW: 0 1.00 INCH OR MORE: 0
[HDD (BASE 65) ]
TOTAL THIS MO. 745 CLEAR (SCALE 0-3) 15
DPTR FM NORMAL -11 PTCLDY (SCALE 4-7) 12
TOTAL FM JUL 1 5058 CLOUDY (SCALE 8-10) 4
DPTR FM NORMAL -401
[CDD (BASE 65) ]
TOTAL THIS MO. 0
DPTR FM NORMAL 0 [PRESSURE DATA]
TOTAL FM JAN 1 0 HIGHEST SLP M ON M
DPTR FM NORMAL 0 LOWEST SLP 29.66 ON 28
[REMARKS]
#FINAL-03-21#