056
CXUS56 KOTX 010900
CF6PUW
PRELIMINARY LOCAL CLIMATOLOGICAL DATA (WS FORM: F-6)
STATION: PULLMAN-MOSCOW AIRPORT
MONTH: JUNE
YEAR: 2020
LATITUDE: 46 44 N
LONGITUDE: 117 7 W
TEMPERATURE IN F: :PCPN: SNOW: WIND :SUNSHINE: SKY :PK WND
================================================================================
1 2 3 4 5 6A 6B 7 8 9 10 11 12 13 14 15 16 17 18
12Z AVG MX 2MIN
DY MAX MIN AVG DEP HDD CDD WTR SNW DPTH SPD SPD DIR MIN PSBL S-S WX SPD DR
================================================================================
1 65 43 54 -2 11 0 T M M 2.4 10 230 M M 3 13 230
2 71 44 58 2 7 0 0.00 M M 4.5 13 240 M M 1 16 240
3 68 47 58 2 7 0 0.00 M M 5.0 12 250 M M 1 16 250
4 66 49 58 2 7 0 0.00 M M 8.0 25 230 M M 2 32 240
5 72 47 60 3 5 0 0.28 M M 5.1 16 90 M M 5 13 18 100
6 60 47 54 -3 11 0 T M M 7.5 18 240 M M 7 25 250
7 56 43 50 -7 15 0 0.15 M M 12.7 24 240 M M 5 1 31 240
8 61 44 53 -4 12 0 0.00 M M 16.5 29 240 M M 4 34 240
9 58 44 51 -6 14 0 0.10 M M 6.6 13 140 M M 8 1 16 140
10 74 49 62 5 3 0 0.00 M M 4.4 9 50 M M 5 12 190
11 79 57 68 10 0 3 T M M 5.4 20 100 M M 0 8 23 100
12 75 54 65 7 0 0 0.12 M M 4.5 18 270 M M 1 13 26 260
13 55 45 50 -8 15 0 0.40 M M 11.7 24 270 M M 9 1 31 270
14 58 44 51 -7 14 0 0.01 M M 11.7 24 220 M M 4 30 240
15 55 44 50 -8 15 0 0.17 M M 7.9 15 220 M M 7 1 19 90
16 61 46 54 -4 11 0 0.03 M M 4.5 13 240 M M 7 16 230
17 67 46 57 -2 8 0 0.04 M M 8.8 21 260 M M 5 28 230
18 72 50 61 2 4 0 0.00 M M 3.9 9 330 M M 2 14 340
19 77 54 66 7 0 1 0.00 M M 5.4 14 90 M M 0 17 90
20 73 57 65 6 0 0 0.03 M M 5.1 15 110 M M 7 19 120
21 72 51 62 2 3 0 0.00 M M 6.6 18 250 M M 2 25 240
22 78 46 62 2 3 0 0.00 M M 2.2 8 350 M M 0 12 20
23 84 52 68 8 0 3 0.00 M M 2.8 9 190 M M 0 12 150
24 83 59 71 11 0 6 0.00 M M 7.1 17 240 M M 1 22 250
25 80 55 68 8 0 3 0.00 M M 3.0 12 260 M M 0 18 260
26 85 54 70 9 0 5 0.00 M M 4.8 18 230 M M 0 22 230
27 73 51 62 1 3 0 0.02 M M 11.0 22 210 M M 3 3 29 220
28 61 46 54 -7 11 0 0.09 M M 8.6 23 90 M M 5 13 26 90
29 66 48 57 -5 8 0 0.01 M M 4.7 13 60 M M 7 17 60
30 70 52 61 -1 4 0 0.25 M M 14.5 30 240 M M 6 1 38 230
================================================================================
SM 2075 1468 191 21 1.70 M 206.9 M 107
================================================================================
AV 69.2 48.9 6.9 FASTST M M 4 MAX(MPH)
MISC ----> # 30 240 # 38 230
================================================================================
NOTES:
# LAST OF SEVERAL OCCURRENCES
COLUMN 17 PEAK WIND IN M.P.H.
PRELIMINARY LOCAL CLIMATOLOGICAL DATA (WS FORM: F-6) , PAGE 2
STATION: PULLMAN-MOSCOW AIRPORT
MONTH: JUNE
YEAR: 2020
LATITUDE: 46 44 N
LONGITUDE: 117 7 W
[TEMPERATURE DATA] [PRECIPITATION DATA] SYMBOLS USED IN COLUMN 16
AVERAGE MONTHLY: 59.1 TOTAL FOR MONTH: 1.70 1 = FOG OR MIST
DPTR FM NORMAL: 0.5 DPTR FM NORMAL: 0.62 2 = FOG REDUCING VISIBILITY
HIGHEST: 85 ON 26 GRTST 24HR 0.60 ON 31- 1 TO 1/4 MILE OR LESS
LOWEST: 43 ON 7, 1 3 = THUNDER
SNOW, ICE PELLETS, HAIL 4 = ICE PELLETS
TOTAL MONTH: M 5 = HAIL
GRTST 24HR M ON M 6 = FREEZING RAIN OR DRIZZLE
GRTST DEPTH: M ON M 7 = DUSTSTORM OR SANDSTORM:
VSBY 1/2 MILE OR LESS
8 = SMOKE OR HAZE
[NO. OF DAYS WITH] [WEATHER - DAYS WITH] 9 = BLOWING SNOW
X = TORNADO
MAX 32 OR BELOW: 0 0.01 INCH OR MORE: 14
MAX 90 OR ABOVE: 0 0.10 INCH OR MORE: 7
MIN 32 OR BELOW: 0 0.50 INCH OR MORE: 0
MIN 0 OR BELOW: 0 1.00 INCH OR MORE: 0
[HDD (BASE 65) ]
TOTAL THIS MO. 191 CLEAR (SCALE 0-3) 13
DPTR FM NORMAL -15 PTCLDY (SCALE 4-7) 16
TOTAL FM JUL 1 6203 CLOUDY (SCALE 8-10) 1
DPTR FM NORMAL -403
[CDD (BASE 65) ]
TOTAL THIS MO. 21
DPTR FM NORMAL 8 [PRESSURE DATA]
TOTAL FM JAN 1 29 HIGHEST SLP M ON M
DPTR FM NORMAL 11 LOWEST SLP 29.54 ON 5
[REMARKS]
#FINAL-06-20#