000
CXUS56 KMFR 011000
CF6RBG
PRELIMINARY LOCAL CLIMATOLOGICAL DATA (WS FORM: F-6)
STATION: ROSEBURG OR
MONTH: OCTOBER
YEAR: 2020
LATITUDE: 43 13 N
LONGITUDE: 123 22 W
TEMPERATURE IN F: :PCPN: SNOW: WIND :SUNSHINE: SKY :PK WND
================================================================================
1 2 3 4 5 6A 6B 7 8 9 10 11 12 13 14 15 16 17 18
12Z AVG MX 2MIN
DY MAX MIN AVG DEP HDD CDD WTR SNW DPTH SPD SPD DIR MIN PSBL S-S WX SPD DR
================================================================================
1 92 54 73 13 0 8 0.00 M M 0.5 7 220 M M 0 18 9 230
2 93 54 74 14 0 9 0.00 M M 1.1 9 360 M M 0 8 12 10
3 92 51 72 12 0 7 0.00 M M 2.3 12 10 M M 0 16 350
4 84 51 68 8 0 3 0.00 M M 3.8 14 20 M M 0 20 10
5 77 55 66 7 0 1 0.00 M M 2.7 12 10 M M 4 14 10
6 84 50 67 8 0 2 0.00 M M 0.8 7 330 M M 1 12 9 320
7 83 51 67 9 0 2 0.00 M M 1.4 10 10 M M 0 8 13 10
8 78 52 65 7 0 0 0.00 M M 1.4 9 360 M M 4 18 12 10
9 79 49 64 6 1 0 0.00 M M 2.4 13 360 M M 1 12 17 320
10 63 49 56 -2 9 0 0.79 M M 2.2 15 300 M M 7 1 23 320
11 70 47 59 2 6 0 0.00 M M 4.4 15 230 M M 8 1 22 170
12 71 55 63 6 2 0 0.04 M M 1.8 12 20 M M 4 1 16 180
13 66 51 59 3 6 0 0.14 M M 1.9 10 170 M M 7 12 15 170
14 67 50 59 3 6 0 0.00 M M 2.8 13 360 M M 5 12 17 20
15 68 44 56 0 9 0 0.00 M M 3.6 13 360 M M 2 15 10
16 73 43 58 3 7 0 0.00 M M 1.2 7 10 M M 1 12 8 10
17 73 48 61 6 4 0 0.00 M M 2.1 12 10 M M 1 16 350
18 74 49 62 7 3 0 0.00 M M 1.2 9 10 M M 4 12 11 10
19 68 50 59 5 6 0 0.00 M M 4.3 14 10 M M 5 18 10
20 71 50 61 7 4 0 0.00 0.0 0 1.6 9 360 M M 6 13 20
21 64 48 56 2 9 0 0.00 M M 8.4 18 10 M M 6 21 10
22 59 35 47 -7 18 0 0.00 M M 5.2 20 20 M M 0 23 20
23 66 35 51 -2 14 0 T M M 1.3 8 140 M M 4 1 10 310
24 61 44 53 0 12 0 T M M 5.6 18 10 M M 7 1 24 10
25 58 33 46 -7 19 0 0.00 M M 7.3 22 10 M M 0 32 350
26 60 27 44 -8 21 0 0.00 M M 1.3 8 340 M M 0 12 330
27 63 30 47 -5 18 0 0.00 M M 1.7 12 20 M M 0 14 340
28 66 33 50 -2 15 0 0.00 M M 0.8 8 360 M M 0 9 360
29 71 35 53 2 12 0 0.00 M M 0.3 5 330 M M 1 12 6 240
30 66 37 52 1 13 0 0.00 M M 2.7 15 10 M M 5 18 360
31 58 43 51 0 14 0 0.00 M M 3.8 10 10 M M 6 12 14 350
================================================================================
SM 2218 1403 228 32 0.97 0.0 81.9 M 89
================================================================================
AV 71.6 45.3 2.6 FASTST M M 3 MAX(MPH)
MISC ----> # 22 10 # 32 350
================================================================================
NOTES:
# LAST OF SEVERAL OCCURRENCES
COLUMN 17 PEAK WIND IN M.P.H.
PRELIMINARY LOCAL CLIMATOLOGICAL DATA (WS FORM: F-6) , PAGE 2
STATION: ROSEBURG OR
MONTH: OCTOBER
YEAR: 2020
LATITUDE: 43 13 N
LONGITUDE: 123 22 W
[TEMPERATURE DATA] [PRECIPITATION DATA] SYMBOLS USED IN COLUMN 16
AVERAGE MONTHLY: 58.4 TOTAL FOR MONTH: 0.97 1 = FOG OR MIST
DPTR FM NORMAL: 2.9 DPTR FM NORMAL: -1.70 2 = FOG REDUCING VISIBILITY
HIGHEST: 93 ON 2 GRTST 24HR 0.79 ON 10-10 TO 1/4 MILE OR LESS
LOWEST: 27 ON 26 3 = THUNDER
SNOW, ICE PELLETS, HAIL 4 = ICE PELLETS
TOTAL MONTH: 0.0 INCH 5 = HAIL
GRTST 24HR 0.0 6 = FREEZING RAIN OR DRIZZLE
GRTST DEPTH: 0 7 = DUSTSTORM OR SANDSTORM:
VSBY 1/2 MILE OR LESS
8 = SMOKE OR HAZE
[NO. OF DAYS WITH] [WEATHER - DAYS WITH] 9 = BLOWING SNOW
X = TORNADO
MAX 32 OR BELOW: 0 0.01 INCH OR MORE: 3
MAX 90 OR ABOVE: 3 0.10 INCH OR MORE: 2
MIN 32 OR BELOW: 2 0.50 INCH OR MORE: 1
MIN 0 OR BELOW: 0 1.00 INCH OR MORE: 0
[HDD (BASE 65) ]
TOTAL THIS MO. 228 CLEAR (SCALE 0-3) 16
DPTR FM NORMAL -69 PTCLDY (SCALE 4-7) 15
TOTAL FM JUL 1 250 CLOUDY (SCALE 8-10) 0
DPTR FM NORMAL -136
[CDD (BASE 65) ]
TOTAL THIS MO. 32
DPTR FM NORMAL 28 [PRESSURE DATA]
TOTAL FM JAN 1 827 HIGHEST SLP 30.50 ON 15
DPTR FM NORMAL 347 LOWEST SLP 29.74 ON 10
[REMARKS]
#FINAL-10-20#