000
CXUS56 KSTO 010217
CF6RBL
PRELIMINARY LOCAL CLIMATOLOGICAL DATA (WS FORM: F-6)
STATION: RED BLUFF
MONTH: OCTOBER
YEAR: 2021
LATITUDE: 40 8 N
LONGITUDE: 122-15 E
TEMPERATURE IN F: :PCPN: SNOW: WIND :SUNSHINE: SKY :PK WND
================================================================================
1 2 3 4 5 6A 6B 7 8 9 10 11 12 13 14 15 16 17 18
12Z AVG MX 2MIN
DY MAX MIN AVG DEP HDD CDD WTR SNW DPTH SPD SPD DIR MIN PSBL S-S WX SPD DR
================================================================================
1 90 54 72 1 0 7 0.00 0.0 M 4.6 9 140 M M 0 8 21 220
2 94 54 74 3 0 9 0.00 0.0 M 4.6 10 330 M M 0 12 330
3 91 55 73 3 0 8 0.00 0.0 M 5.8 12 130 M M 0 18 170
4 90 56 73 3 0 8 0.00 0.0 M 6.3 15 190 M M 0 18 160
5 84 52 68 -2 0 3 0.00 0.0 M 7.9 17 160 M M 0 22 170
6 73 58 66 -3 0 1 0.00 M M 7.3 17 160 M M 3 22 160
7 72 49 61 -8 4 0 0.00 M M 4.8 13 160 M M 0 16 150
8 69 46 58 -10 7 0 0.00 0.0 M 7.1 20 160 M M 2 23 160
9 79 47 63 -5 2 0 0.00 0.0 M 5.0 13 320 M M 2 17 320
10 82 46 64 -4 1 0 0.00 0.0 M 8.8 25 300 M M 0 36 300
11 68 51 60 -7 5 0 0.00 0.0 M 17.5 31 350 M M 0 38 330
12 73 50 62 -5 3 0 0.00 0.0 M 11.6 29 360 M M 0 38 340
13 73 51 62 -4 3 0 T 0.0 M 3.6 13 340 M M 5 17 340
14 79 55 67 1 0 2 0.00 0.0 M 12.6 26 330 M M 0 38 340
15 80 46 63 -3 2 0 0.00 M M 3.2 10 330 M M 0 12 330
16 83 44 64 -1 1 0 0.00 M M 4.2 12 130 M M 0 17 190
17 75 43 59 -6 6 0 0.06 0.0 M 10.0 31 160 M M 3 40 160
18 62 44 53 -11 12 0 0.01 0.0 M 5.3 16 140 M M 4 20 150
19 66 40 53 -11 12 0 0.17 0.0 M 7.9 20 170 M M 2 1 24 170
20 57 51 54 -10 11 0 0.15 0.0 M 11.2 26 150 M M 10 1 35 150
21 66 56 61 -2 4 0 0.20 0.0 M 14.7 29 150 M M 10 1 38 140
22 66 57 62 -1 3 0 0.78 M M 11.1 28 150 M M 7 1 35 160
23 58 53 56 -6 9 0 0.24 M M 12.1 24 160 M M 9 1 32 160
24 58 54 56 -6 9 0 2.15 0.0 M 23.2 35 150 M M 9 1 44 160
25 65 50 58 -3 7 0 0.18 0.0 M 5.8 15 140 M M 4 1 18 170
26 61 52 57 -4 8 0 T 0.0 M 11.5 23 160 M M 9 28 140
27 70 55 63 2 2 0 0.00 0.0 M 7.1 14 350 M M 5 17 350
28 75 53 64 4 1 0 0.00 0.0 M 5.0 12 330 M M 0 15 320
29 73 51 62 2 3 0 0.00 0.0 M 2.7 7 320 M M 1 8 300
30 69 52 61 2 4 0 0.00 0.0 M 5.5 15 140 M M 6 1 19 140
31 64 47 56 -3 9 0 0.00 0.0 M 2.0 9 200 M M 5 12 190
================================================================================
SM 2265 1572 128 38 3.94 0.0 250.0 M 96
================================================================================
AV 73.1 50.7 8.1 FASTST M M 3 MAX(MPH)
MISC ----> 35 150 44 160
================================================================================
NOTES:
# LAST OF SEVERAL OCCURRENCES
COLUMN 17 PEAK WIND IN M.P.H.
PRELIMINARY LOCAL CLIMATOLOGICAL DATA (WS FORM: F-6) , PAGE 2
STATION: RED BLUFF
MONTH: OCTOBER
YEAR: 2021
LATITUDE: 40 8 N
LONGITUDE: 122-15 E
[TEMPERATURE DATA] [PRECIPITATION DATA] SYMBOLS USED IN COLUMN 16
AVERAGE MONTHLY: 61.9 TOTAL FOR MONTH: 3.94 1 = FOG OR MIST
DPTR FM NORMAL: -3.2 DPTR FM NORMAL: 2.90 2 = FOG REDUCING VISIBILITY
HIGHEST: 94 ON 2 GRTST 24HR 2.21 ON 23-24 TO 1/4 MILE OR LESS
LOWEST: 40 ON 19 3 = THUNDER
SNOW, ICE PELLETS, HAIL 4 = ICE PELLETS
TOTAL MONTH: 0.0 INCH 5 = HAIL
GRTST 24HR 0.0 6 = FREEZING RAIN OR DRIZZLE
GRTST DEPTH: M ON M 7 = DUSTSTORM OR SANDSTORM:
VSBY 1/2 MILE OR LESS
8 = SMOKE OR HAZE
[NO. OF DAYS WITH] [WEATHER - DAYS WITH] 9 = BLOWING SNOW
X = TORNADO
MAX 32 OR BELOW: 0 0.01 INCH OR MORE: 9
MAX 90 OR ABOVE: 4 0.10 INCH OR MORE: 7
MIN 32 OR BELOW: 0 0.50 INCH OR MORE: 2
MIN 0 OR BELOW: 0 1.00 INCH OR MORE: 1
[HDD (BASE 65) ]
TOTAL THIS MO. 128 CLEAR (SCALE 0-3) 19
DPTR FM NORMAL 42 PTCLDY (SCALE 4-7) 7
TOTAL FM JUL 1 129 CLOUDY (SCALE 8-10) 5
DPTR FM NORMAL 37
[CDD (BASE 65) ]
TOTAL THIS MO. 38
DPTR FM NORMAL -53 [PRESSURE DATA]
TOTAL FM JAN 1 2422 HIGHEST SLP 30.38 ON 27
DPTR FM NORMAL 499 LOWEST SLP 29.41 ON 24
[REMARKS]
#FINAL-10-21#