000
CXUS56 KSTO 180618
CF6RDD
PRELIMINARY LOCAL CLIMATOLOGICAL DATA (WS FORM: F-6)
STATION: REDDING CA AIRPORT AND CITY
MONTH: NOVEMBER
YEAR: 2021
LATITUDE: 40 30 N
LONGITUDE: 122 18 W
TEMPERATURE IN F: :PCPN: SNOW: WIND :SUNSHINE: SKY :PK WND
================================================================================
1 2 3 4 5 6A 6B 7 8 9 10 11 12 13 14 15 16 17 18
12Z AVG MX 2MIN
DY MAX MIN AVG DEP HDD CDD WTR SNW DPTH SPD SPD DIR MIN PSBL S-S WX SPD DR
================================================================================
1 60 55 58 0 7 0 0.53 M M 6.3 22 170 M M 10 1 32 180
2 69 53 61 3 4 0 0.00 M M 3.6 14 170 M M 7 M M
3 68 47 58 1 7 0 0.04 0.0 M 1.8 12 190 M M 2 M M
4 69 50 60 3 5 0 0.07 0.0 M 11.9 28 180 M M 7 1 37 170
5 57 47 52 -5 13 0 0.05 M M 0.4 5 330 M M 4 1 M M
6 61 42 52 -4 13 0 0.00 M M 2.4 12 310 M M 6 12 16 320
7 62 35 49 -7 16 0 0.00 M M 2.7 8 20 M M 0 13 20
8 56 35 46 -10 19 0 0.67 M M 1.9 13 190 M M 3 1 18 170
9 55 48 52 -3 13 0 1.04 M M 5.5 24 180 M M 10 1 30 180
10 63 50 57 2 8 0 T M M 2.6 7 260 M M 9 1 8 320
11 76 50 63 9 2 0 0.00 0.0 M 3.0 8 10 M M 0 10 10
12 69 45 57 3 8 0 0.00 M M 1.6 6 290 M M 0 18 9 190
13 83 46 65 11 0 0 0.00 0.0 M 2.6 10 20 M M 0 1 14 330
14 67 49 58 5 7 0 0.00 M M 0.4 6 360 M M 4 128 8 40
15 55 49 52 -1 13 0 0.00 M M 2.7 10 140 M M 10 12 12 140
16 69 48 59 6 6 0 0.00 M M 9.0 23 10 M M 3 12 30 20
17 69 43 56 4 9 0 0.00 M M 7.2 15 20 M M 0 8 21 360
18 53 44 49 -3 16 0 0.10 M M 2.3 9 250 M M 5 18 12 280
19 61 46 54 2 11 0 T M M 2.4 12 350 M M 6 18 18 350
20 69 53 61 10 4 0 0.00 M M 13.3 30 360 M M 0 37 10
21 72 41 57 6 8 0 0.00 M M 6.3 14 360 M M 0 18 350
22 67 34 51 0 14 0 0.00 M M 0.9 7 290 M M 0 8 300
23 66 39 53 3 12 0 0.00 M M 4.7 16 10 M M 1 21 10
24 67 44 56 6 9 0 0.00 M M 9.4 17 350 M M 0 24 10
25 61 33 47 -3 18 0 0.00 M M 1.4 9 350 M M 0 13 350
26 71 37 54 4 11 0 0.00 0.0 M 1.7 8 300 M M 0 8 10 310
27 72 40 56 7 9 0 0.00 0.0 M 1.1 7 140 M M 0 10 170
28 72 43 58 9 7 0 0.00 M M 1.1 6 10 M M 0 1 8 40
29 75 39 57 8 8 0 0.00 M M 2.0 7 310 M M 0 18 8 320
30 80 40 60 12 5 0 0.00 M M 6.1 15 350 M M 0 8 22 350
================================================================================
SM 1994 1325 282 0 2.50 0.0 118.3 M 87
================================================================================
AV 66.5 44.2 3.9 FASTST M M 3 MAX(MPH)
MISC ----> 30 360 37 10
================================================================================
NOTES:
# LAST OF SEVERAL OCCURRENCES
COLUMN 17 PEAK WIND IN M.P.H.
PRELIMINARY LOCAL CLIMATOLOGICAL DATA (WS FORM: F-6) , PAGE 2
STATION: REDDING CA AIRPORT AND CITY
MONTH: NOVEMBER
YEAR: 2021
LATITUDE: 40 30 N
LONGITUDE: 122 18 W
[TEMPERATURE DATA] [PRECIPITATION DATA] SYMBOLS USED IN COLUMN 16
AVERAGE MONTHLY: 55.3 TOTAL FOR MONTH: 2.50 1 = FOG OR MIST
DPTR FM NORMAL: 2.4 DPTR FM NORMAL: -1.03 2 = FOG REDUCING VISIBILITY
HIGHEST: 83 ON 13 GRTST 24HR 1.71 ON 8- 9 TO 1/4 MILE OR LESS
LOWEST: 33 ON 25 3 = THUNDER
SNOW, ICE PELLETS, HAIL 4 = ICE PELLETS
TOTAL MONTH: 0.0 INCH 5 = HAIL
GRTST 24HR 0.0 6 = FREEZING RAIN OR DRIZZLE
GRTST DEPTH: M ON M 7 = DUSTSTORM OR SANDSTORM:
VSBY 1/2 MILE OR LESS
8 = SMOKE OR HAZE
[NO. OF DAYS WITH] [WEATHER - DAYS WITH] 9 = BLOWING SNOW
X = TORNADO
MAX 32 OR BELOW: 0 0.01 INCH OR MORE: 7
MAX 90 OR ABOVE: 0 0.10 INCH OR MORE: 4
MIN 32 OR BELOW: 0 0.50 INCH OR MORE: 3
MIN 0 OR BELOW: 0 1.00 INCH OR MORE: 1
[HDD (BASE 65) ]
TOTAL THIS MO. 282 CLEAR (SCALE 0-3) 18
DPTR FM NORMAL -82 PTCLDY (SCALE 4-7) 8
TOTAL FM JUL 1 424 CLOUDY (SCALE 8-10) 4
DPTR FM NORMAL -38
[CDD (BASE 65) ]
TOTAL THIS MO. 0
DPTR FM NORMAL -2 [PRESSURE DATA]
TOTAL FM JAN 1 2421 HIGHEST SLP 30.42 ON 25
DPTR FM NORMAL 391 LOWEST SLP 29.90 ON 4
[REMARKS]
#FINAL-11-21#