000
CXUS56 KSTO 021551
CF6RDD
PRELIMINARY LOCAL CLIMATOLOGICAL DATA (WS FORM: F-6)
STATION: REDDING CA AIRPORT AND CITY
MONTH: MAY
YEAR: 2021
LATITUDE: 40 30 N
LONGITUDE: 122 18 W
TEMPERATURE IN F: :PCPN: SNOW: WIND :SUNSHINE: SKY :PK WND
================================================================================
1 2 3 4 5 6A 6B 7 8 9 10 11 12 13 14 15 16 17 18
12Z AVG MX 2MIN
DY MAX MIN AVG DEP HDD CDD WTR SNW DPTH SPD SPD DIR MIN PSBL S-S WX SPD DR
================================================================================
1 85 52 69 5 0 4 0.00 M M 5.8 12 360 M M 0 20 310
2 83 57 70 6 0 5 0.00 M M 10.0 18 10 M M 0 31 30
3 88 62 75 11 0 10 0.00 M M 12.6 24 30 M M 0 30 40
4 90 66 78 14 0 13 0.00 M M 7.5 16 340 M M 0 30 360
5 94 54 74 9 0 9 0.00 M M 5.5 14 170 M M 0 M M
6 87 55 71 6 0 6 0.00 M M 7.0 17 160 M M 0 22 310
7 81 58 70 5 0 5 0.00 0.0 M 12.8 22 20 M M 0 28 20
8 86 58 72 6 0 7 0.00 0.0 M 14.1 29 10 M M 0 38 10
9 85 64 75 9 0 10 0.00 0.0 M 14.0 24 30 M M 0 8 34 30
10 88 64 76 10 0 11 0.00 0.0 M 13.0 29 10 M M 0 38 20
11 93 62 78 11 0 13 0.00 0.0 M 7.2 15 360 M M 0 21 340
12 94 55 75 8 0 10 0.00 0.0 M 5.3 16 150 M M 0 21 140
13 95 57 76 9 0 11 0.00 M M 3.7 13 160 M M 0 M M
14 90 57 74 6 0 9 0.00 0.0 M 5.3 17 350 M M 1 3 24 360
15 86 58 72 4 0 7 0.09 0.0 M 4.8 12 180 M M 2 3 M M
16 90 54 72 4 0 7 0.00 0.0 M 7.6 21 160 M M 0 24 160
17 85 57 71 3 0 6 0.00 0.0 M 6.6 16 190 M M 0 20 200
18 85 56 71 2 0 6 0.00 0.0 M 6.7 18 160 M M 0 23 160
19 78 54 66 -3 0 1 0.00 0.0 M 8.9 22 240 M M 1 30 290
20 69 50 60 -9 5 0 0.00 M M 10.5 20 350 M M 0 33 350
21 75 46 61 -9 4 0 0.00 0.0 M 9.6 20 70 M M 1 28 350
22 78 52 65 -5 0 0 0.00 0.0 M 5.0 12 350 M M 5 18 50
23 81 56 69 -1 0 4 0.00 M M 6.2 13 160 M M 2 22 150
24 88 51 70 -1 0 5 0.00 M M 5.5 15 170 M M 0 21 120
25 84 55 70 -1 0 5 0.00 0.0 M 5.2 9 180 M M 0 M M
26 90 60 75 4 0 10 0.00 0.0 M 6.1 10 360 M M 0 M M
27 88 53 71 0 0 6 0.00 M M 4.2 10 160 M M 0 M M
28 94 67 81 9 0 16 0.00 0.0 M 6.2 12 340 M M 0 17 360
29 100 61 81 9 0 16 0.00 0.0 M 5.3 14 180 M M 0 21 190
30 104 62 83 11 0 18 0.00 0.0 M 5.6 13 20 M M 0 M M
31 109 79 94 21 0 29 0.00 0.0 M 7.0 14 350 M M 0 22 350
================================================================================
SM 2723 1792 9 259 0.09 0.0 234.8 M 12
================================================================================
AV 87.8 57.8 7.6 FASTST M M 0 MAX(MPH)
MISC ----> # 29 10 # 38 10
================================================================================
NOTES:
# LAST OF SEVERAL OCCURRENCES
COLUMN 17 PEAK WIND IN M.P.H.
PRELIMINARY LOCAL CLIMATOLOGICAL DATA (WS FORM: F-6) , PAGE 2
STATION: REDDING CA AIRPORT AND CITY
MONTH: MAY
YEAR: 2021
LATITUDE: 40 30 N
LONGITUDE: 122 18 W
[TEMPERATURE DATA] [PRECIPITATION DATA] SYMBOLS USED IN COLUMN 16
AVERAGE MONTHLY: 72.8 TOTAL FOR MONTH: 0.09 1 = FOG OR MIST
DPTR FM NORMAL: 4.6 DPTR FM NORMAL: -1.72 2 = FOG REDUCING VISIBILITY
HIGHEST: 109 ON 31 GRTST 24HR 0.09 ON 15-15 TO 1/4 MILE OR LESS
LOWEST: 46 ON 21 3 = THUNDER
SNOW, ICE PELLETS, HAIL 4 = ICE PELLETS
TOTAL MONTH: 0.0 INCH 5 = HAIL
GRTST 24HR 0.0 6 = FREEZING RAIN OR DRIZZLE
GRTST DEPTH: M ON M 7 = DUSTSTORM OR SANDSTORM:
VSBY 1/2 MILE OR LESS
8 = SMOKE OR HAZE
[NO. OF DAYS WITH] [WEATHER - DAYS WITH] 9 = BLOWING SNOW
X = TORNADO
MAX 32 OR BELOW: 0 0.01 INCH OR MORE: 1
MAX 90 OR ABOVE: 12 0.10 INCH OR MORE: 0
MIN 32 OR BELOW: 0 0.50 INCH OR MORE: 0
MIN 0 OR BELOW: 0 1.00 INCH OR MORE: 0
[HDD (BASE 65) ]
TOTAL THIS MO. 9 CLEAR (SCALE 0-3) 30
DPTR FM NORMAL -51 PTCLDY (SCALE 4-7) 1
TOTAL FM JUL 1 2309 CLOUDY (SCALE 8-10) 0
DPTR FM NORMAL -258
[CDD (BASE 65) ]
TOTAL THIS MO. 259
DPTR FM NORMAL 101 [PRESSURE DATA]
TOTAL FM JAN 1 289 HIGHEST SLP 30.18 ON 8
DPTR FM NORMAL 100 LOWEST SLP 29.65 ON 14
[REMARKS]
#FINAL-05-21#