000
CXUS56 KSTO 020506
CLMRDD
CLIMATE REPORT
NATIONAL WEATHER SERVICE SACRAMENTO
1006 PM PDT MON APR 01 2024
...................................
...THE REDDING CA AIRPORT AND CITY CLIMATE SUMMARY FOR THE MONTH OF MARCH 2024...
CLIMATE NORMAL PERIOD: 1991 TO 2020
CLIMATE RECORD PERIOD: 1893 TO 2024
WEATHER OBSERVED NORMAL DEPART LAST YEAR`S
VALUE DATE(S) VALUE FROM VALUE DATE(S)
NORMAL
................................................................
TEMPERATURE (F)
RECORD
HIGH 88 03/29/2015
03/17/2004
03/31/2002
LOW 28 03/10/2006
03/05/1997
03/13/1990
HIGHEST 85 03/17 MM MM 69 03/17
LOWEST 34 03/04 MM MM 31 03/01
AVG. MAXIMUM 64.5 65.7 -1.2 56.5
AVG. MINIMUM 45.6 43.2 2.4 39.0
MEAN 55.1 54.4 0.7 47.7
DAYS MAX >= 90 0 0.0 0.0 0
DAYS MAX <= 32 0 0.0 0.0 0
DAYS MAX >= 105 0 30
DAYS MAX >= 100 0 0
DAYS MAX <= 50 1 0
DAYS MIN <= 32 0 1.5 -1.5 2
DAYS MIN <= 0 0 0.0 0.0 0
DAYS MIN >= 70 0 0
DAYS MIN <= 40 0 0
DAYS MIN <= 32 0 0
PRECIPITATION (INCHES)
RECORD
MAXIMUM 14.78 1995
MINIMUM 0.51 2007
TOTALS 5.01 4.62 0.39 11.40
DAILY AVG. 0.16
DAYS >= .01 15 18
DAYS >= .10 12 13
DAYS >= .50 2 7
DAYS >= 1.00 0 3
DAYS >= %-5.2F 0 0
GREATEST
24 HR. TOTAL 0.78
STORM TOTAL 0.78
SNOWFALL (INCHES)
RECORDS
TOTAL MM 2023
24 HR TOTAL MM
TOTALS 0.0 0.0 0.0
LIQUID EQUIV 0.00 0.00 0.00
SINCE 7/1 0.0 2.6 -2.6
LIQUID 7/1 0.00
DAYS >= TRACE 0 0.0 0.0
DAYS >= 1.0 0 0.0 0.0
GREATEST
SNOW DEPTH MM
24 HR TOTAL MM
STORM TOTAL 0.0
(MM/DD(HH))
DEGREE DAYS
HEATING TOTAL 301 331 -30
SINCE 7/1 1913 2312 -399
COOLING TOTAL 2 4 -2
SINCE 1/1 3 4 -1
................................................................
WIND (MPH)
AVERAGE WIND SPEED 6.9
HIGHEST WIND SPEED/DIRECTION 39/170 DATE 03/22
HIGHEST GUST SPEED/DIRECTION 49/170 DATE 03/22
SKY COVER
POSSIBLE SUNSHINE (PERCENT) MM
AVERAGE SKY COVER 0.47
AVERAGE RH (PERCENT) 63
WEATHER CONDITIONS. NUMBER OF DAYS WITH
THUNDERSTORM 2 MIXED PRECIP 0
HEAVY RAIN 2 RAIN 9
LIGHT RAIN 16 FREEZING RAIN 0
LT FREEZING RAIN 0 HAIL 0
HEAVY SNOW 0 SNOW 0
LIGHT SNOW 0 SLEET 0
FOG 10 FOG W/VIS <= 1/4 MILE 1
HAZE 3
- INDICATES NEGATIVE NUMBERS.
R INDICATES RECORD WAS SET OR TIED.
MM INDICATES DATA IS MISSING.
T INDICATES TRACE AMOUNT.
$$