000
CXUS56 KPDT 011910
CF6RDM
PRELIMINARY LOCAL CLIMATOLOGICAL DATA (WS FORM: F-6)
STATION: REDMOND OR
MONTH: NOVEMBER
YEAR: 2021
LATITUDE: 44 16 N
LONGITUDE: 121 9 W
TEMPERATURE IN F: :PCPN: SNOW: WIND :SUNSHINE: SKY :PK WND
================================================================================
1 2 3 4 5 6A 6B 7 8 9 10 11 12 13 14 15 16 17 18
12Z AVG MX 2MIN
DY MAX MIN AVG DEP HDD CDD WTR SNW DPTH SPD SPD DIR MIN PSBL S-S WX SPD DR
================================================================================
1 41 38 40 -3 25 0 0.26 M M 2.2 9 320 M M 10 12 11 320
2 54 37 46 3 19 0 0.00 M M 1.9 9 330 M M 8 12 10 300
3 62 39 51 8 14 0 0.01 M M 4.6 12 290 M M 5 128 14 310
4 59 35 47 5 18 0 0.01 M M 8.1 26 200 M M 5 1 37 200
5 56 34 45 3 20 0 0.01 M M 8.5 21 190 M M 5 26 200
6 50 29 40 -2 25 0 0.00 M M 7.4 25 220 M M 4 32 220
7 48 25 37 -5 28 0 0.00 M M 10.2 23 200 M M 1 27 190
8 55 27 41 0 24 0 T M M 11.2 31 170 M M 2 44 160
9 55 30 43 2 22 0 T M M 13.2 31 160 M M 5 43 160
10 52 25 39 -2 26 0 0.16 M M 4.3 15 180 M M 7 8 20 190
11 65 46 56 16 9 0 0.65 M M 6.0 16 220 M M 7 1 20 220
12 65 47 56 16 9 0 0.07 M M 8.9 18 190 M M 3 23 200
13 67 39 53 13 12 0 T M M 5.1 16 250 M M 2 1 22 240
14 69 44 57 17 8 0 0.00 M M 7.6 20 200 M M 0 25 200
15 68 38 53 14 12 0 T M M 17.5 32 220 M M 2 43 240
16 45 23 34 -5 31 0 0.00 M M 5.3 20 290 M M 0 26 320
17 47 16 32 -7 33 0 0.00 M M 4.0 17 130 M M 0 24 130
18 58 32 45 7 20 0 T M M 7.3 20 180 M M 9 26 190
19 52 25 39 1 26 0 0.02 M M 11.0 26 300 M M 5 33 300
20 49 22 36 -2 29 0 0.00 M M 2.7 7 120 M M 0 M M
21 59 19 39 1 26 0 0.00 M M 6.1 17 150 M M 0 24 150
22 61 26 44 7 21 0 T M M 5.4 14 190 M M 0 18 180
23 47 26 37 0 28 0 T M M 9.2 29 280 M M 4 34 280
24 50 22 36 -1 29 0 0.00 M M 6.2 13 150 M M 1 16 160
25 61 30 46 10 19 0 0.00 M M 6.8 14 180 M M 2 18 180
26 56 37 47 11 18 0 0.01 M M 5.6 15 200 M M 7 22 200
27 64 31 48 12 17 0 0.00 M M 6.4 20 210 M M 3 27 220
28 68 31 50 14 15 0 0.00 M M 7.2 18 190 M M 0 23 200
29 61 29 45 10 20 0 0.00 M M 3.3 12 170 M M 1 16 170
30 63 34 49 14 16 0 0.00 M M 3.6 12 130 M M 1 14 130
================================================================================
SM 1707 936 619 0 1.20 M 206.8 M 99
================================================================================
AV 56.9 31.2 6.9 FASTST M M 3 MAX(MPH)
MISC ----> 32 220 44 160
================================================================================
NOTES:
# LAST OF SEVERAL OCCURRENCES
COLUMN 17 PEAK WIND IN M.P.H.
PRELIMINARY LOCAL CLIMATOLOGICAL DATA (WS FORM: F-6) , PAGE 2
STATION: REDMOND OR
MONTH: NOVEMBER
YEAR: 2021
LATITUDE: 44 16 N
LONGITUDE: 121 9 W
[TEMPERATURE DATA] [PRECIPITATION DATA] SYMBOLS USED IN COLUMN 16
AVERAGE MONTHLY: 44.1 TOTAL FOR MONTH: 1.20 1 = FOG OR MIST
DPTR FM NORMAL: 5.0 DPTR FM NORMAL: 0.39 2 = FOG REDUCING VISIBILITY
HIGHEST: 69 ON 14 GRTST 24HR 0.81 ON 10-11 TO 1/4 MILE OR LESS
LOWEST: 16 ON 17 3 = THUNDER
SNOW, ICE PELLETS, HAIL 4 = ICE PELLETS
TOTAL MONTH: M 5 = HAIL
GRTST 24HR M ON M 6 = FREEZING RAIN OR DRIZZLE
GRTST DEPTH: M ON M 7 = DUSTSTORM OR SANDSTORM:
VSBY 1/2 MILE OR LESS
8 = SMOKE OR HAZE
[NO. OF DAYS WITH] [WEATHER - DAYS WITH] 9 = BLOWING SNOW
X = TORNADO
MAX 32 OR BELOW: 0 0.01 INCH OR MORE: 9
MAX 90 OR ABOVE: 0 0.10 INCH OR MORE: 3
MIN 32 OR BELOW: 18 0.50 INCH OR MORE: 1
MIN 0 OR BELOW: 0 1.00 INCH OR MORE: 0
[HDD (BASE 65) ]
TOTAL THIS MO. 619 CLEAR (SCALE 0-3) 17
DPTR FM NORMAL -157 PTCLDY (SCALE 4-7) 10
TOTAL FM JUL 1 1325 CLOUDY (SCALE 8-10) 3
DPTR FM NORMAL -249
[CDD (BASE 65) ]
TOTAL THIS MO. 0
DPTR FM NORMAL 0 [PRESSURE DATA]
TOTAL FM JAN 1 615 HIGHEST SLP 30.55 ON 20
DPTR FM NORMAL 298 LOWEST SLP 29.59 ON 9
[REMARKS]
#FINAL-11-21#