000
CXUS56 KBOI 011002
CF6REO
PRELIMINARY LOCAL CLIMATOLOGICAL DATA (WS FORM: F-6)
STATION: ROME OR
MONTH: NOVEMBER
YEAR: 2020
LATITUDE: 42 35 N
LONGITUDE: 117 52 W
TEMPERATURE IN F: :PCPN: SNOW: WIND :SUNSHINE: SKY :PK WND
================================================================================
1 2 3 4 5 6A 6B 7 8 9 10 11 12 13 14 15 16 17 18
12Z AVG MX 2MIN
DY MAX MIN AVG DEP HDD CDD WTR SNW DPTH SPD SPD DIR MIN PSBL S-S WX SPD DR
================================================================================
1 65 22 44 2 21 0 0.00 M M 3.7 10 160 M M 0 12 170
2 69 21 45 3 20 0 0.00 M M 4.9 12 180 M M 0 12 170
3 79 25 52 10 13 0 0.00 M M 5.4 14 260 M M 0 18 270
4 76 32 54 13 11 0 0.00 M M 6.1 17 270 M M 0 25 260
5 78 33 56 15 9 0 0.00 M M 8.3 21 190 M M 0 28 180
6 67 38 53 13 12 0 0.00 M M 14.1 26 270 M M 0 36 260
7 43 28 36 -4 29 0 0.12 M M 8.6 24 320 M M 0 34 310
8 38 28 33 -7 32 0 0.00 M M 5.5 18 340 M M 0 25 340
9 35 25 30 -9 35 0 0.00 M M 5.7 18 240 M M 0 25 240
10 46 29 38 -1 27 0 0.00 M M 9.7 22 240 M M 0 28 230
11 43 17 30 -8 35 0 0.02 M M 8.1 18 300 M M 0 26 340
12 46 7 27 -11 38 0 0.00 M M 5.0 18 160 M M 0 26 150
13 48 31 40 2 25 0 0.13 M M 18.4 37 270 M M 0 53 270
14 46 28 37 0 28 0 0.01 M M 10.6 25 210 M M 0 36 220
15 54 42 48 11 17 0 0.01 M M 12.7 24 230 M M 0 33 240
16 66 35 51 15 14 0 0.00 M M 6.1 21 170 M M 0 28 170
17 70 30 50 14 15 0 0.02 M M 13.9 36 240 M M 0 52 240
18 56 35 46 11 19 0 0.12 M M 15.2 35 230 M M 0 49 240
19 48 20 34 -1 31 0 0.00 M M 10.5 21 280 M M 0 28 300
20 45 12 29 -6 36 0 0.00 M M 4.2 9 70 M M 0 14 10
21 43 11 27 -7 38 0 0.00 M M 4.1 9 60 M M 0 13 60
22 27 11 19 -15 46 0 0.00 M M 3.1 8 150 M M 0 11 160
23 48 19 34 1 31 0 0.00 M M 4.2 13 90 M M 0 17 320
24 50 22 36 3 29 0 0.00 M M 6.1 18 160 M M 0 25 170
25 42 26 34 1 31 0 0.08 M M 8.5 20 310 M M 0 26 300
26 42 16 29 -3 36 0 0.00 M M 5.8 10 250 M M 0 13 260
27 44 15 30 -2 35 0 0.00 M M 4.0 12 160 M M 0 16 170
28 45 11 28 -4 37 0 0.00 M M 3.2 10 80 M M 0 13 50
29 32 12 22 -9 43 0 0.00 M M 2.7 9 60 M M 0 13 50
30 42 12 27 -4 38 0 0.00 M M 5.2 21 70 M M 0 29 50
================================================================================
SM 1533 693 831 0 0.51 M 223.6 M 0
================================================================================
AV 51.1 23.1 7.5 FASTST M M 0 MAX(MPH)
MISC ----> 37 270 53 270
================================================================================
NOTES:
# LAST OF SEVERAL OCCURRENCES
COLUMN 17 PEAK WIND IN M.P.H.
PRELIMINARY LOCAL CLIMATOLOGICAL DATA (WS FORM: F-6) , PAGE 2
STATION: ROME OR
MONTH: NOVEMBER
YEAR: 2020
LATITUDE: 42 35 N
LONGITUDE: 117 52 W
[TEMPERATURE DATA] [PRECIPITATION DATA] SYMBOLS USED IN COLUMN 16
AVERAGE MONTHLY: 37.1 TOTAL FOR MONTH: 0.51 1 = FOG OR MIST
DPTR FM NORMAL: 0.6 DPTR FM NORMAL: -0.12 2 = FOG REDUCING VISIBILITY
HIGHEST: 79 ON 3 GRTST 24HR 0.14 ON 17-18 TO 1/4 MILE OR LESS
LOWEST: 7 ON 12 3 = THUNDER
SNOW, ICE PELLETS, HAIL 4 = ICE PELLETS
TOTAL MONTH: M 5 = HAIL
GRTST 24HR M ON M 6 = FREEZING RAIN OR DRIZZLE
GRTST DEPTH: M ON M 7 = DUSTSTORM OR SANDSTORM:
VSBY 1/2 MILE OR LESS
8 = SMOKE OR HAZE
[NO. OF DAYS WITH] [WEATHER - DAYS WITH] 9 = BLOWING SNOW
X = TORNADO
MAX 32 OR BELOW: 2 0.01 INCH OR MORE: 8
MAX 90 OR ABOVE: 0 0.10 INCH OR MORE: 3
MIN 32 OR BELOW: 25 0.50 INCH OR MORE: 0
MIN 0 OR BELOW: 0 1.00 INCH OR MORE: 0
[HDD (BASE 65) ]
TOTAL THIS MO. 831 CLEAR (SCALE 0-3) 30
DPTR FM NORMAL -25 PTCLDY (SCALE 4-7) 0
TOTAL FM JUL 1 1289 CLOUDY (SCALE 8-10) 0
DPTR FM NORMAL -324
[CDD (BASE 65) ]
TOTAL THIS MO. 0
DPTR FM NORMAL 0 [PRESSURE DATA]
TOTAL FM JAN 1 835 HIGHEST SLP M ON M
DPTR FM NORMAL 328 LOWEST SLP 29.39 ON 6
[REMARKS]
#FINAL-11-20#