000
CXUS55 KLOT 011347
CF6RFD
PRELIMINARY LOCAL CLIMATOLOGICAL DATA (WS FORM: F-6)
STATION: ROCKFORD IL
MONTH: FEBRUARY
YEAR: 2020
LATITUDE: 42 12 N
LONGITUDE: 89 6 W
TEMPERATURE IN F: :PCPN: SNOW: WIND :SUNSHINE: SKY :PK WND
================================================================================
1 2 3 4 5 6A 6B 7 8 9 10 11 12 13 14 15 16 17 18
12Z AVG MX 2MIN
DY MAX MIN AVG DEP HDD CDD WTR SNW DPTH SPD SPD DIR MIN PSBL S-S WX SPD DR
================================================================================
1 36 33 35 13 30 0 T T 5 9.9 18 260 M M 10 1 24 280
2 47 29 38 15 27 0 0.00 0.0 4 11.8 23 280 M M 5 36 260
3 44 25 35 12 30 0 0.00 0.0 2 9.5 21 30 M M 6 1 28 20
4 36 26 31 8 34 0 0.00 0.0 1 16.3 25 10 M M 10 33 10
5 30 22 26 3 39 0 T T 0 10.5 17 10 M M 10 23 10
6 35 21 28 5 37 0 T T 0 8.3 15 340 M M 6 19 20
7 38 19 29 5 36 0 0.00 0.0 0 4.8 15 260 M M 8 18 260
8 34 20 27 3 38 0 0.00 0.0 0 6.2 15 250 M M 8 22 290
9 36 21 29 5 36 0 0.29 2.0 0 11.8 24 360 M M 9 18 32 360
10 33 14 24 0 41 0 0.00 0.0 2 5.1 13 340 M M 4 18 350
11 31 17 24 -1 41 0 0.00 0.0 1 7.9 22 280 M M 5 1 27 270
12 35 17 26 1 39 0 0.07 2.0 1 6.6 16 190 M M 9 18 21 200
13 32 -2 15 -10 50 0 0.01 0.4 3 14.5 28 360 M M 7 19 38 10
14 10 -10 0 -26 65 0 0.00 0.0 3 9.0 18 170 M M 0 23 170
15 34 6 20 -6 45 0 T T 3 12.7 22 180 M M 7 28 180
16 37 13 25 -1 40 0 0.00 0.0 2 3.3 15 170 M M 6 12 24 170
17 36 28 32 6 33 0 0.17 0.8 2 8.4 14 110 M M 10 148 21 110
18 36 18 27 0 38 0 T 0.0 1 14.6 25 300 M M 5 1 33 320
19 24 11 18 -9 47 0 0.00 0.0 1 7.0 13 330 M M 4 18 310
20 19 5 12 -16 53 0 0.00 0.0 0 8.8 20 10 M M 1 26 10
21 36 7 22 -6 43 0 0.00 0.0 0 10.5 20 210 M M 1 8 31 220
22 48 24 36 8 29 0 0.00 0.0 0 10.3 21 220 M M 2 31 230
23 53 31 42 13 23 0 0.00 0.0 0 6.8 13 260 M M 2 18 220
24 42 29 36 7 29 0 0.00 0.0 0 9.7 18 30 M M 9 23 40
25 38 30 34 5 31 0 T T 0 18.6 25 30 M M 10 33 30
26 31 26 29 -1 36 0 T T 0 15.0 24 10 M M 10 32 350
27 32 19 26 -4 39 0 T T 0 11.5 21 300 M M 5 31 280
28 30 16 23 -8 42 0 T 0.1 0 9.3 18 300 M M 5 27 280
29 38 12 25 -6 40 0 0.00 0.0 0 7.3 16 160 M M 1 23 170
================================================================================
SM 1011 527 1111 0 0.54 5.3 286.0 M 175
================================================================================
AV 34.9 18.2 9.9 FASTST M M 6 MAX(MPH)
MISC ----> # 28 360 # 38 10
================================================================================
NOTES:
# LAST OF SEVERAL OCCURRENCES
COLUMN 17 PEAK WIND IN M.P.H.
PRELIMINARY LOCAL CLIMATOLOGICAL DATA (WS FORM: F-6) , PAGE 2
STATION: ROCKFORD IL
MONTH: FEBRUARY
YEAR: 2020
LATITUDE: 42 12 N
LONGITUDE: 89 6 W
[TEMPERATURE DATA] [PRECIPITATION DATA] SYMBOLS USED IN COLUMN 16
AVERAGE MONTHLY: 26.5 TOTAL FOR MONTH: 0.54 1 = FOG OR MIST
DPTR FM NORMAL: 0.6 DPTR FM NORMAL: -0.87 2 = FOG REDUCING VISIBILITY
HIGHEST: 53 ON 23 GRTST 24HR 0.29 ON 9- 9 TO 1/4 MILE OR LESS
LOWEST: -10 ON 14 3 = THUNDER
SNOW, ICE PELLETS, HAIL 4 = ICE PELLETS
TOTAL MONTH: 5.3 INCHES 5 = HAIL
GRTST 24HR 2.0 ON 12-12 6 = FREEZING RAIN OR DRIZZLE
GRTST DEPTH: 5 ON 1 7 = DUSTSTORM OR SANDSTORM:
VSBY 1/2 MILE OR LESS
8 = SMOKE OR HAZE
[NO. OF DAYS WITH] [WEATHER - DAYS WITH] 9 = BLOWING SNOW
X = TORNADO
MAX 32 OR BELOW: 9 0.01 INCH OR MORE: 4
MAX 90 OR ABOVE: 0 0.10 INCH OR MORE: 2
MIN 32 OR BELOW: 28 0.50 INCH OR MORE: 0
MIN 0 OR BELOW: 2 1.00 INCH OR MORE: 0
[HDD (BASE 65) ]
TOTAL THIS MO. 1111 CLEAR (SCALE 0-3) 6
DPTR FM NORMAL 18 PTCLDY (SCALE 4-7) 12
TOTAL FM JUL 1 4671 CLOUDY (SCALE 8-10) 11
DPTR FM NORMAL -365
[CDD (BASE 65) ]
TOTAL THIS MO. 0
DPTR FM NORMAL 0 [PRESSURE DATA]
TOTAL FM JAN 1 0 HIGHEST SLP 30.81 ON 20
DPTR FM NORMAL 0 LOWEST SLP 29.47 ON 2
[REMARKS]
#FINAL-02-20#