000
CXUS53 KGRB 081637
CF6RHI
PRELIMINARY LOCAL CLIMATOLOGICAL DATA (WS FORM: F-6)
STATION: RHINELANDER WI
MONTH: MARCH
YEAR: 2021
LATITUDE: 45 37 N
LONGITUDE: 89 27 W
TEMPERATURE IN F: :PCPN: SNOW: WIND :SUNSHINE: SKY :PK WND
================================================================================
1 2 3 4 5 6A 6B 7 8 9 10 11 12 13 14 15 16 17 18
12Z AVG MX 2MIN
DY MAX MIN AVG DEP HDD CDD WTR SNW DPTH SPD SPD DIR MIN PSBL S-S WX SPD DR
================================================================================
1 18 -1 9 -12 56 0 0.00 0.0 14 7.9 15 280 M M 2 25 310
2 40 10 25 3 40 0 0.00 0.0 12 13.2 28 230 M M 3 46 220
3 40 23 32 10 33 0 0.00 0.0 12 6.0 10 340 M M 2 1 20 10
4 38 9 24 1 41 0 0.00 0.0 11 2.3 8 120 M M 1 12 80
5 41 16 29 6 36 0 0.00 0.0 10 3.7 13 330 M M 3 20 330
6 39 6 23 -1 42 0 0.00 0.0 10 2.7 12 10 M M 0 21 340
7 41 8 25 1 40 0 0.00 0.0 10 8.9 17 170 M M 3 26 170
8 52 26 39 15 26 0 0.00 0.0 9 5.6 14 290 M M 2 1 22 330
9 55 28 42 17 23 0 0.00 0.0 8 10.1 21 150 M M 4 33 170
10 51 45 48 23 17 0 0.38 0.0 3 7.7 15 190 M M 9 12 26 190
11 51 30 41 15 24 0 T T 2 17.1 32 270 M M 4 18 50 230
12 34 19 27 1 38 0 0.00 0.0 2 8.6 23 270 M M 1 32 270
13 57 16 37 10 28 0 0.00 0.0 0 9.6 25 260 M M 0 35 270
14 39 22 31 4 34 0 0.00 0.0 0 8.0 15 90 M M 0 21 60
15 38 16 27 -1 38 0 0.00 0.0 0 10.9 20 110 M M 3 1 25 110
16 36 21 29 1 36 0 0.07 1.4 1 2.0 9 100 M M 8 1 13 100
17 42 23 33 5 32 0 0.02 0.4 0 3.7 10 350 M M 7 1 19 10
18 47 22 35 6 30 0 0.00 0.0 0 7.2 17 40 M M 0 31 80
19 52 16 34 5 31 0 0.00 0.0 0 4.7 14 230 M M 0 20 200
20 56 32 44 14 21 0 0.00 0.0 0 11.3 21 190 M M 0 32 220
21 62 38 50 20 15 0 0.00 0.0 0 13.7 29 190 M M 1 43 210
22 61 42 52 22 13 0 0.00 0.0 0 6.7 20 190 M M 6 30 190
23 60 39 50 19 15 0 0.25 0.0 0 8.4 20 110 M M 9 1 27 100
24 50 30 40 9 25 0 0.18 0.0 0 9.1 16 300 M M 10 1 26 310
25 35 23 29 -3 36 0 T T 0 6.1 15 280 M M 10 1 23 260
26 41 21 31 -1 34 0 0.00 0.0 0 3.5 10 20 M M 6 19 20
27 43 21 32 0 33 0 0.24 1.3 1 3.4 12 170 M M 6 1 20 170
28 33 18 26 -7 39 0 0.05 0.6 1 7.6 17 300 M M 7 1 33 350
29 60 16 38 5 27 0 0.00 0.0 0 12.8 22 190 M M 2 38 190
30 55 28 42 8 23 0 T 0.0 0 17.6 30 270 M M 4 42 260
31 28 14 21 -13 44 0 T T 0 9.7 18 290 M M 8 28 280
================================================================================
SM 1395 677 970 0 1.19 3.7 249.8 M 121
================================================================================
AV 45.0 21.8 8.1 FASTST M M 4 MAX(MPH)
MISC ----> 32 270 50 230
================================================================================
NOTES:
# LAST OF SEVERAL OCCURRENCES
COLUMN 17 PEAK WIND IN M.P.H.
PRELIMINARY LOCAL CLIMATOLOGICAL DATA (WS FORM: F-6) , PAGE 2
STATION: RHINELANDER WI
MONTH: MARCH
YEAR: 2021
LATITUDE: 45 37 N
LONGITUDE: 89 27 W
[TEMPERATURE DATA] [PRECIPITATION DATA] SYMBOLS USED IN COLUMN 16
AVERAGE MONTHLY: 33.4 TOTAL FOR MONTH: 1.19 1 = FOG OR MIST
DPTR FM NORMAL: 5.5 DPTR FM NORMAL: -0.33 2 = FOG REDUCING VISIBILITY
HIGHEST: 62 ON 21 GRTST 24HR 0.42 ON 23-24 TO 1/4 MILE OR LESS
LOWEST: -1 ON 1 3 = THUNDER
SNOW, ICE PELLETS, HAIL 4 = ICE PELLETS
TOTAL MONTH: 6.4 INCHES 5 = HAIL
GRTST 24HR 1.4 ON 16-16 6 = FREEZING RAIN OR DRIZZLE
GRTST DEPTH: 14 ON 1 7 = DUSTSTORM OR SANDSTORM:
VSBY 1/2 MILE OR LESS
8 = SMOKE OR HAZE
[NO. OF DAYS WITH] [WEATHER - DAYS WITH] 9 = BLOWING SNOW
X = TORNADO
MAX 32 OR BELOW: 2 0.01 INCH OR MORE: 7
MAX 90 OR ABOVE: 0 0.10 INCH OR MORE: 4
MIN 32 OR BELOW: 27 0.50 INCH OR MORE: 0
MIN 0 OR BELOW: 1 1.00 INCH OR MORE: 0
[HDD (BASE 65) ]
TOTAL THIS MO. 970 CLEAR (SCALE 0-3) 16
DPTR FM NORMAL -180 PTCLDY (SCALE 4-7) 11
TOTAL FM JUL 1 7482 CLOUDY (SCALE 8-10) 4
DPTR FM NORMAL -128
[CDD (BASE 65) ]
TOTAL THIS MO. 0
DPTR FM NORMAL 0 [PRESSURE DATA]
TOTAL FM JAN 1 0 HIGHEST SLP 30.59 ON 19
DPTR FM NORMAL 0 LOWEST SLP 29.39 ON 11
[REMARKS]
#FINAL-03-21#