000
CXUS55 KGJT 011000
CF6RIL
PRELIMINARY LOCAL CLIMATOLOGICAL DATA (WS FORM: F-6)
STATION: RIFLE CO
MONTH: APRIL
YEAR: 2020
LATITUDE: 39 31 N
LONGITUDE: 107 43 W
TEMPERATURE IN F: :PCPN: SNOW: WIND :SUNSHINE: SKY :PK WND
================================================================================
1 2 3 4 5 6A 6B 7 8 9 10 11 12 13 14 15 16 17 18
12Z AVG MX 2MIN
DY MAX MIN AVG DEP HDD CDD WTR SNW DPTH SPD SPD DIR MIN PSBL S-S WX SPD DR
================================================================================
1 68 31 50 6 15 0 0.00 M M 7.6 32 210 M M 5 43 220
2 56 31 44 0 21 0 0.02 M M 8.7 30 320 M M 9 128 41 320
3 52 22 37 -7 28 0 0.00 M M 4.9 29 250 M M 3 35 250
4 62 28 45 0 20 0 0.00 M M 5.8 21 270 M M 6 26 270
5 68 34 51 6 14 0 0.00 M M 6.9 28 240 M M 6 35 240
6 70 36 53 8 12 0 0.00 M M 10.5 30 240 M M 1 39 230
7 68 30 49 3 16 0 0.00 M M 9.5 28 260 M M 0 36 270
8 71 28 50 4 15 0 0.00 M M 3.6 14 260 M M 0 21 270
9 73 32 53 7 12 0 T M M 6.6 30 260 M M 3 41 250
10 69 36 53 7 12 0 0.00 M M 6.2 24 250 M M 1 31 240
11 67 28 48 1 17 0 T M M 8.2 26 290 M M 2 37 210
12 51 33 42 -5 23 0 0.01 M M 12.5 32 320 M M 9 46 310
13 45 23 34 -13 31 0 0.00 M M 8.7 30 260 M M 6 43 320
14 49 13 31 -17 34 0 0.00 M M 6.9 25 270 M M 2 31 260
15 59 23 41 -7 24 0 0.00 M M 7.5 25 250 M M 6 34 250
16 48 32 40 -8 25 0 0.10 M M 7.6 22 320 M M 10 1 32 320
17 56 23 40 -8 25 0 0.00 M M 1.7 8 110 M M 0 10 250
18 66 31 49 0 16 0 T M M 7.8 26 320 M M 5 38 320
19 59 36 48 -1 17 0 T M M 5.3 30 300 M M 6 40 300
20 65 41 53 4 12 0 T M M 3.8 22 260 M M 4 26 260
21 68 36 52 3 13 0 T M M 5.8 23 300 M M 3 32 300
22 69 37 53 3 12 0 T M M 6.5 22 260 M M 4 32 70
23 65 36 51 1 14 0 T M M 5.8 32 220 M M 6 42 220
24 61 36 49 -1 16 0 0.00 M M 3.9 21 220 M M 7 28 230
25 69 34 52 2 13 0 0.00 M M 4.4 17 270 M M 1 22 290
26 69 38 54 3 11 0 T M M 6.2 39 240 M M 3 59 250
27 79 33 56 5 9 0 0.00 M M 6.7 26 270 M M 1 35 250
28 75 47 61 10 4 0 0.00 M M 8.7 20 300 M M 0 32 360
29 83 36 60 8 5 0 0.00 M M 4.5 18 260 M M 0 26 270
30 87 43 65 13 0 0 0.00 M M 8.8 35 320 M M 0 47 320
================================================================================
SM 1947 967 486 0 0.13 M 201.6 M 109
================================================================================
AV 64.9 32.2 6.7 FASTST M M 4 MAX(MPH)
MISC ----> # 39 240 # 59 250
================================================================================
NOTES:
# LAST OF SEVERAL OCCURRENCES
COLUMN 17 PEAK WIND IN M.P.H.
PRELIMINARY LOCAL CLIMATOLOGICAL DATA (WS FORM: F-6) , PAGE 2
STATION: RIFLE CO
MONTH: APRIL
YEAR: 2020
LATITUDE: 39 31 N
LONGITUDE: 107 43 W
[TEMPERATURE DATA] [PRECIPITATION DATA] SYMBOLS USED IN COLUMN 16
AVERAGE MONTHLY: 48.6 TOTAL FOR MONTH: 0.13 1 = FOG OR MIST
DPTR FM NORMAL: 0.7 DPTR FM NORMAL: -1.01 2 = FOG REDUCING VISIBILITY
HIGHEST: 87 ON 30 GRTST 24HR 0.10 ON 16-16 TO 1/4 MILE OR LESS
LOWEST: 13 ON 14 3 = THUNDER
SNOW, ICE PELLETS, HAIL 4 = ICE PELLETS
TOTAL MONTH: M 5 = HAIL
GRTST 24HR M ON M 6 = FREEZING RAIN OR DRIZZLE
GRTST DEPTH: M ON M 7 = DUSTSTORM OR SANDSTORM:
VSBY 1/2 MILE OR LESS
8 = SMOKE OR HAZE
[NO. OF DAYS WITH] [WEATHER - DAYS WITH] 9 = BLOWING SNOW
X = TORNADO
MAX 32 OR BELOW: 0 0.01 INCH OR MORE: 3
MAX 90 OR ABOVE: 0 0.10 INCH OR MORE: 1
MIN 32 OR BELOW: 14 0.50 INCH OR MORE: 0
MIN 0 OR BELOW: 0 1.00 INCH OR MORE: 0
[HDD (BASE 65) ]
TOTAL THIS MO. 486 CLEAR (SCALE 0-3) 14
DPTR FM NORMAL -27 PTCLDY (SCALE 4-7) 13
TOTAL FM JUL 1 6245 CLOUDY (SCALE 8-10) 3
DPTR FM NORMAL -52
[CDD (BASE 65) ]
TOTAL THIS MO. 0
DPTR FM NORMAL 0 [PRESSURE DATA]
TOTAL FM JAN 1 0 HIGHEST SLP 30.37 ON 14
DPTR FM NORMAL 0 LOWEST SLP 29.45 ON 1
[REMARKS]
#FINAL-04-20#