000
CXUS55 KGJT 111519 CCA
CLMRIL
CLIMATE REPORT... CORRECTED DAILY PRECIP VALUES
NATIONAL WEATHER SERVICE GRAND JUNCTION CO
918 AM MDT TUE APR 11 2023
...................................
...THE RIFLE CO CLIMATE SUMMARY FOR THE MONTH OF MARCH 2023...
CLIMATE NORMAL PERIOD 1991 TO 2020
CLIMATE RECORD PERIOD 9999 TO 9999
WEATHER OBSERVED NORMAL DEPART LAST YEAR`S
VALUE DATE(S) VALUE FROM VALUE DATE(S)
NORMAL
................................................................
TEMPERATURE (F)
HIGHEST 62 03/29 MM MM 77 03/27
LOWEST 14 03/04 MM MM 2 03/11
AVG. MAXIMUM 44.2 55.4 -11.2 52.4
AVG. MINIMUM 24.3 27.0 -2.7 24.4
MEAN 34.3 41.2 -6.9 38.4
DAYS MAX >= 90 0 0.0 0.0 0
DAYS MAX <= 32 0 0.4 -0.4 1
DAYS MIN <= 32 28 25.7 2.3 27
DAYS MIN <= 0 0 0.1 -0.1 0
PRECIPITATION (INCHES)
TOTALS 2.49 0.76 1.73 0.45
DAILY AVG. 0.08 0.02 0.06 0.01
DAYS >= .01 13 7.2 5.8 5
DAYS >= .10 8 2.3 5.7 3
DAYS >= .50 1 0.1 0.9 0
DAYS >= 1.00 0 0.0 0.0 0
GREATEST
24 HR. TOTAL 1.21 03/21 TO 03/22 0.14
SNOWFALL (INCHES)
TOTALS MM MM MM MM
SINCE 7/1 MM MM MM MM
SNOWDEPTH AVG. MM MM
DAYS >= 1.0 MM MM MM MM
GREATEST
SNOW DEPTH MM MM MM
24 HR TOTAL MM MM
DEGREE DAYS
HEATING TOTAL 947 738 209 817
SINCE 7/1 5946 5581 365 5585
COOLING TOTAL 0 0 0 0
SINCE 1/1 0 0 0 0
................................................................
WIND (MPH)
AVERAGE WIND SPEED 5.7
HIGHEST WIND SPEED/DIRECTION 37/260 DATE 03/30
HIGHEST GUST SPEED/DIRECTION 51/250 DATE 03/30
SKY COVER
POSSIBLE SUNSHINE (PERCENT) MM
AVERAGE SKY COVER 0.50
NUMBER OF DAYS FAIR 11
NUMBER OF DAYS PC 12
NUMBER OF DAYS CLOUDY 8
AVERAGE RH (PERCENT) 63
WEATHER CONDITIONS. NUMBER OF DAYS WITH
THUNDERSTORM 0 MIXED PRECIP 0
HEAVY RAIN 1 RAIN 5
LIGHT RAIN 9 FREEZING RAIN 0
LT FREEZING RAIN 0 HAIL 0
HEAVY SNOW 2 SNOW 6
LIGHT SNOW 14 SLEET 0
FOG 16 FOG W/VIS <= 1/4 MILE 6
HAZE 0
- INDICATES NEGATIVE NUMBERS.
R INDICATES RECORD WAS SET OR TIED.
MM INDICATES DATA IS MISSING.
T INDICATES TRACE AMOUNT.
$$