000
CXUS52 KFFC 011010
CF6RMG
PRELIMINARY LOCAL CLIMATOLOGICAL DATA (WS FORM: F-6)
STATION: ROME
MONTH: MAY
YEAR: 2022
LATITUDE: 34 20 N
LONGITUDE: 85 10 W
TEMPERATURE IN F: :PCPN: SNOW: WIND :SUNSHINE: SKY :PK WND
================================================================================
1 2 3 4 5 6A 6B 7 8 9 10 11 12 13 14 15 16 17 18
12Z AVG MX 2MIN
DY MAX MIN AVG DEP HDD CDD WTR SNW DPTH SPD SPD DIR MIN PSBL S-S WX SPD DR
================================================================================
1 84 62 73 7 0 8 0.00 M M 3.7 14 170 M M 3 19 180
2 88 59 74 8 0 9 0.07 M M 2.3 22 230 M M 3 138 33 220
3 86 61 74 8 0 9 0.00 M M 4.9 18 220 M M 1 1 27 200
4 88 65 77 11 0 12 0.05 M M 4.0 14 330 M M 2 13 23 300
5 88 61 75 8 0 10 0.30 M M 2.1 21 330 M M 1 13 31 360
6 81 63 72 5 0 7 0.06 M M 8.2 28 230 M M 5 1 45 230
7 69 58 64 -3 1 0 0.00 M M 8.6 15 290 M M 10 22 300
8 M M M M M M M M M M M M M M 3 M M
9 M M M M M M 0.00 M M M M M M M M M M
10 84 M M M M M 0.00 M M 1.1 10 130 M M 0 17 140
11 86 56 71 3 0 6 0.00 M M 2.5 13 10 M M 1 20 340
12 88 59 74 6 0 9 0.05 M M 2.4 9 90 M M 2 15 120
13 83 61 72 3 0 7 0.00 M M 3.5 12 140 M M 5 16 110
14 86 59 73 4 0 8 0.00 M M 2.0 9 10 M M 3 14 180
15 87 65 76 7 0 11 0.09 M M 2.2 12 310 M M 2 13 17 340
16 88 65 77 7 0 12 0.00 M M 5.4 15 330 M M 1 18 21 320
17 87 53 70 0 0 5 0.00 M M 4.4 14 340 M M 0 20 10
18 90 54 72 2 0 7 0.00 M M 3.0 16 180 M M 0 23 180
19 92 64 78 8 0 13 0.00 M M 4.3 14 220 M M 1 18 23 210
20 92 65 79 8 0 14 0.00 M M 6.3 21 170 M M 2 18 29 200
21 92 68 80 9 0 15 0.00 M M 3.8 15 170 M M 2 22 180
22 91 68 80 9 0 15 T M M 5.1 17 210 M M 3 24 210
23 77 67 72 0 0 7 1.56 M M 4.9 17 330 M M 5 1 24 340
24 81 63 72 0 0 7 1.25 M M 4.1 17 300 M M 6 13 26 220
25 75 67 71 -1 0 6 0.20 M M 6.4 17 110 M M 9 1 25 110
26 77 67 72 0 0 7 0.33 M M 6.9 21 180 M M 9 1 27 170
27 81 61 71 -1 0 6 0.00 M M 5.5 17 290 M M 6 12 27 240
28 83 57 70 -3 0 5 0.00 M M 2.5 10 10 M M 2 15 360
29 88 59 74 1 0 9 0.00 M M 3.6 14 160 M M 2 18 170
30 91 63 77 4 0 12 0.00 M M 3.6 20 170 M M 1 3 31 140
31 91 66 79 5 0 14 0.00 M M 1.3 8 180 M M 1 14 150
================================================================================
SM 2474 1736 1 250 3.96 M 118.6 M 91
================================================================================
AV 85.3 62.0 4.1 FASTST M M 3 MAX(MPH)
MISC ----> 28 230 45 230
================================================================================
NOTES:
# LAST OF SEVERAL OCCURRENCES
COLUMN 17 PEAK WIND IN M.P.H.
PRELIMINARY LOCAL CLIMATOLOGICAL DATA (WS FORM: F-6) , PAGE 2
STATION: ROME
MONTH: MAY
YEAR: 2022
LATITUDE: 34 20 N
LONGITUDE: 85 10 W
[TEMPERATURE DATA] [PRECIPITATION DATA] SYMBOLS USED IN COLUMN 16
AVERAGE MONTHLY: 73.7 TOTAL FOR MONTH: 3.96 1 = FOG OR MIST
DPTR FM NORMAL: 4.2 DPTR FM NORMAL: 0.18 2 = FOG REDUCING VISIBILITY
HIGHEST: 92 ON 21,20 GRTST 24HR 1.56 ON 23-23 TO 1/4 MILE OR LESS
LOWEST: 53 ON 17 3 = THUNDER
SNOW, ICE PELLETS, HAIL 4 = ICE PELLETS
TOTAL MONTH: M 5 = HAIL
GRTST 24HR M ON M 6 = FREEZING RAIN OR DRIZZLE
GRTST DEPTH: M ON M 7 = DUSTSTORM OR SANDSTORM:
VSBY 1/2 MILE OR LESS
8 = SMOKE OR HAZE
[NO. OF DAYS WITH] [WEATHER - DAYS WITH] 9 = BLOWING SNOW
X = TORNADO
MAX 32 OR BELOW: 0 0.01 INCH OR MORE: 10
MAX 90 OR ABOVE: 7 0.10 INCH OR MORE: 5
MIN 32 OR BELOW: 0 0.50 INCH OR MORE: 2
MIN 0 OR BELOW: 0 1.00 INCH OR MORE: 2
[HDD (BASE 65) ]
TOTAL THIS MO. 1 CLEAR (SCALE 0-3) 21
DPTR FM NORMAL -29 PTCLDY (SCALE 4-7) 6
TOTAL FM JUL 1 2445 CLOUDY (SCALE 8-10) 4
DPTR FM NORMAL -527
[CDD (BASE 65) ]
TOTAL THIS MO. 250
DPTR FM NORMAL 79 [PRESSURE DATA]
TOTAL FM JAN 1 314 HIGHEST SLP 30.29 ON 10
DPTR FM NORMAL 90 LOWEST SLP 29.58 ON 6
[REMARKS]
#FINAL-05-22#