000
CXUS51 KRNK 010618
CF6RNK
PRELIMINARY LOCAL CLIMATOLOGICAL DATA (WS FORM: F-6)
STATION: BLACKSBURG VA
MONTH: NOVEMBER
YEAR: 2020
LATITUDE: 37 13 N
LONGITUDE: 80 25 W
TEMPERATURE IN F: :PCPN: SNOW: WIND :SUNSHINE: SKY :PK WND
================================================================================
1 2 3 4 5 6A 6B 7 8 9 10 11 12 13 14 15 16 17 18
12Z AVG MX 2MIN
DY MAX MIN AVG DEP HDD CDD WTR SNW DPTH SPD SPD DIR MIN PSBL S-S WX SPD DR
================================================================================
1 61 31 46 -2 19 0 0.29 T 0 8.2 24 310 M M 8 1 41 310
2 45 29 37 -11 28 0 T T 0 9.9 21 310 M M 2 39 310
3 59 29 44 -3 21 0 0.00 0.0 0 4.7 14 290 M M 0 21 290
4 68 30 49 2 16 0 0.00 0.0 0 0.9 8 110 M M 0 M M
5 66 32 49 2 16 0 0.00 0.0 0 0.8 5 110 M M 0 M M
6 71 37 54 7 11 0 0.00 0.0 0 0.5 5 150 M M 0 M M
7 72 35 54 8 11 0 0.00 0.0 0 1.1 7 90 M M 0 M M
8 73 41 57 11 8 0 0.00 0.0 0 1.9 8 110 M M 4 12 M M
9 72 46 59 13 6 0 0.00 0.0 0 2.7 9 130 M M 6 12 M M
10 71 57 64 19 1 0 0.01 0.0 0 3.3 7 140 M M 9 1 M M
11 70 61 66 21 0 1 3.03 0.0 0 2.8 8 60 M M 10 123 M M
12 61 50 56 11 9 0 1.03 0.0 0 2.6 7 110 M M 10 1 M M
13 62 36 49 5 16 0 0.01 0.0 0 4.4 15 310 M M 4 12 22 310
14 59 34 47 3 18 0 0.00 0.0 0 1.5 7 120 M M 1 M M
15 59 43 51 7 14 0 0.06 0.0 0 7.4 17 200 M M 8 30 210
16 52 30 41 -2 24 0 0.00 0.0 0 8.1 16 300 M M 0 26 290
17 46 30 38 -5 27 0 0.00 0.0 0 8.9 23 320 M M 5 35 300
18 44 26 35 -7 30 0 0.00 0.0 0 5.4 17 320 M M 2 18 310
19 59 23 41 -1 24 0 0.00 0.0 0 1.6 7 210 M M 0 M M
20 66 27 47 5 18 0 0.00 0.0 0 0.9 6 300 M M 0 M M
21 65 33 49 8 16 0 0.00 0.0 0 0.9 6 280 M M 1 M M
22 57 41 49 8 16 0 0.00 0.0 0 3.1 8 180 M M 4 M M
23 48 28 38 -3 27 0 0.15 0.0 0 7.9 18 320 M M 4 28 300
24 50 28 39 -1 26 0 0.00 0.0 0 2.5 8 110 M M 3 M M
25 55 31 43 3 22 0 T 0.0 0 3.1 13 180 M M 7 23 180
26 66 38 52 12 13 0 0.00 0.0 0 4.0 10 260 M M 3 24 260
27 57 33 45 6 20 0 0.00 0.0 0 1.1 10 320 M M 1 1 M M
28 54 29 42 3 23 0 0.00 0.0 0 2.5 9 320 M M 1 M M
29 53 26 40 2 25 0 0.29 0.0 0 1.6 7 120 M M 2 M M
30 49 31 40 2 25 0 0.94 T 0 5.0 14 260 M M 10 1 22 260
================================================================================
SM 1790 1045 530 1 5.81 T 109.3 M 105
================================================================================
AV 59.7 34.8 3.6 FASTST M M 4 MAX(MPH)
MISC ----> 24 310 41 310
================================================================================
NOTES:
# LAST OF SEVERAL OCCURRENCES
COLUMN 17 PEAK WIND IN M.P.H.
PRELIMINARY LOCAL CLIMATOLOGICAL DATA (WS FORM: F-6) , PAGE 2
STATION: BLACKSBURG VA
MONTH: NOVEMBER
YEAR: 2020
LATITUDE: 37 13 N
LONGITUDE: 80 25 W
[TEMPERATURE DATA] [PRECIPITATION DATA] SYMBOLS USED IN COLUMN 16
AVERAGE MONTHLY: 47.3 TOTAL FOR MONTH: 5.81 1 = FOG OR MIST
DPTR FM NORMAL: 4.0 DPTR FM NORMAL: 2.94 2 = FOG REDUCING VISIBILITY
HIGHEST: 73 ON 8 GRTST 24HR 3.03 ON 11-11 TO 1/4 MILE OR LESS
LOWEST: 23 ON 19 3 = THUNDER
SNOW, ICE PELLETS, HAIL 4 = ICE PELLETS
TOTAL MONTH: T 5 = HAIL
GRTST 24HR T ON 1- 1 6 = FREEZING RAIN OR DRIZZLE
GRTST DEPTH: 0 7 = DUSTSTORM OR SANDSTORM:
VSBY 1/2 MILE OR LESS
8 = SMOKE OR HAZE
[NO. OF DAYS WITH] [WEATHER - DAYS WITH] 9 = BLOWING SNOW
X = TORNADO
MAX 32 OR BELOW: 0 0.01 INCH OR MORE: 9
MAX 90 OR ABOVE: 0 0.10 INCH OR MORE: 6
MIN 32 OR BELOW: 16 0.50 INCH OR MORE: 3
MIN 0 OR BELOW: 0 1.00 INCH OR MORE: 2
[HDD (BASE 65) ]
TOTAL THIS MO. 530 CLEAR (SCALE 0-3) 17
DPTR FM NORMAL -123 PTCLDY (SCALE 4-7) 8
TOTAL FM JUL 1 937 CLOUDY (SCALE 8-10) 5
DPTR FM NORMAL -243
[CDD (BASE 65) ]
TOTAL THIS MO. 1
DPTR FM NORMAL 1 [PRESSURE DATA]
TOTAL FM JAN 1 808 HIGHEST SLP M ON M
DPTR FM NORMAL 235 LOWEST SLP M ON M
[REMARKS]
#FINAL-11-20#