000
CXUS56 KSGX 011045
CF6RNM
PRELIMINARY LOCAL CLIMATOLOGICAL DATA (WS FORM: F-6)
STATION: RAMONA AIRPORT CA
MONTH: JUNE
YEAR: 2021
LATITUDE: 33 2 N
LONGITUDE: 116 55 W
TEMPERATURE IN F: :PCPN: SNOW: WIND :SUNSHINE: SKY :PK WND
================================================================================
1 2 3 4 5 6A 6B 7 8 9 10 11 12 13 14 15 16 17 18
12Z AVG MX 2MIN
DY MAX MIN AVG DEP HDD CDD WTR SNW DPTH SPD SPD DIR MIN PSBL S-S WX SPD DR
================================================================================
1 85 50 68 4 0 3 0.00 M M 5.6 15 280 M M 3 12 18 280
2 86 51 69 4 0 4 0.00 M M 6.5 15 260 M M 1 1 19 250
3 84 53 69 4 0 4 0.00 M M 6.6 15 270 M M 3 12 19 310
4 87 49 68 3 0 3 0.00 M M 6.2 16 270 M M 1 12 19 280
5 85 48 67 2 0 2 0.00 M M 5.7 17 280 M M 3 12 21 290
6 75 53 64 -1 1 0 0.00 M M 5.3 15 290 M M 5 1 19 250
7 66 55 61 -5 4 0 0.00 M M 6.3 15 270 M M 10 19 300
8 77 51 64 -2 1 0 0.00 M M 5.0 15 280 M M 4 22 280
9 80 48 64 -2 1 0 0.00 M M 5.4 17 260 M M 0 22 240
10 79 38 59 -7 6 0 0.00 M M 4.8 16 260 M M 0 22 260
11 84 42 63 -3 2 0 0.00 M M 5.0 14 270 M M 0 20 270
12 90 45 68 1 0 3 0.00 M M 4.6 15 270 M M 0 20 260
13 93 47 70 3 0 5 0.00 M M 5.2 14 280 M M 0 8 19 280
14 95 48 72 5 0 7 0.00 M M 5.3 15 290 M M 0 18 300
15 100 57 79 12 0 14 0.00 M M 5.9 15 290 M M 0 19 290
16 94 60 77 9 0 12 0.00 M M 5.1 16 270 M M 0 22 270
17 94 60 77 9 0 12 0.00 M M 6.1 15 270 M M 0 20 260
18 88 59 74 6 0 9 T M M 6.2 14 260 M M 0 1 19 270
19 91 56 74 6 0 9 0.00 M M 5.6 14 280 M M 0 1 19 290
20 87 52 70 2 0 5 0.00 M M 6.0 14 260 M M 0 12 18 270
21 89 50 70 1 0 5 0.00 M M 6.4 15 300 M M 0 1 21 310
22 86 56 71 2 0 6 0.00 M M 5.5 17 310 M M 3 12 20 300
23 83 58 71 2 0 6 T M M 6.8 20 270 M M 3 24 260
24 84 52 68 -1 0 3 0.00 M M 5.9 16 270 M M 3 1 21 270
25 85 52 69 -1 0 4 0.00 M M 4.6 14 260 M M 2 12 24 270
26 89 49 69 -1 0 4 0.00 M M 5.2 14 290 M M 0 12 19 300
27 92 55 74 4 0 9 0.00 M M 5.2 14 260 M M 0 19 260
28 92 57 75 5 0 10 0.00 M M 5.7 15 280 M M 0 20 270
29 84 56 70 -1 0 5 0.00 M M 5.7 13 260 M M 1 12 17 280
30 89 57 73 2 0 8 0.00 M M 5.8 15 260 M M 1 12 19 280
================================================================================
SM 2593 1564 15 152 T M 169.2 M 43
================================================================================
AV 86.4 52.1 5.6 FASTST M M 1 MAX(MPH)
MISC ----> 20 270 # 24 260
================================================================================
NOTES:
# LAST OF SEVERAL OCCURRENCES
COLUMN 17 PEAK WIND IN M.P.H.
PRELIMINARY LOCAL CLIMATOLOGICAL DATA (WS FORM: F-6) , PAGE 2
STATION: RAMONA AIRPORT CA
MONTH: JUNE
YEAR: 2021
LATITUDE: 33 2 N
LONGITUDE: 116 55 W
[TEMPERATURE DATA] [PRECIPITATION DATA] SYMBOLS USED IN COLUMN 16
AVERAGE MONTHLY: 69.3 TOTAL FOR MONTH: T 1 = FOG OR MIST
DPTR FM NORMAL: 1.8 DPTR FM NORMAL: -0.06 2 = FOG REDUCING VISIBILITY
HIGHEST: 100 ON 15 GRTST 24HR T ON 18-18 TO 1/4 MILE OR LESS
LOWEST: 38 ON 10 3 = THUNDER
SNOW, ICE PELLETS, HAIL 4 = ICE PELLETS
TOTAL MONTH: M 5 = HAIL
GRTST 24HR M ON M 6 = FREEZING RAIN OR DRIZZLE
GRTST DEPTH: M ON M 7 = DUSTSTORM OR SANDSTORM:
VSBY 1/2 MILE OR LESS
8 = SMOKE OR HAZE
[NO. OF DAYS WITH] [WEATHER - DAYS WITH] 9 = BLOWING SNOW
X = TORNADO
MAX 32 OR BELOW: 0 0.01 INCH OR MORE: 0
MAX 90 OR ABOVE: 9 0.10 INCH OR MORE: 0
MIN 32 OR BELOW: 0 0.50 INCH OR MORE: 0
MIN 0 OR BELOW: 0 1.00 INCH OR MORE: 0
[HDD (BASE 65) ]
TOTAL THIS MO. 15 CLEAR (SCALE 0-3) 26
DPTR FM NORMAL -9 PTCLDY (SCALE 4-7) 3
TOTAL FM JUL 1 2337 CLOUDY (SCALE 8-10) 1
DPTR FM NORMAL 12
[CDD (BASE 65) ]
TOTAL THIS MO. 152
DPTR FM NORMAL 55 [PRESSURE DATA]
TOTAL FM JAN 1 169 HIGHEST SLP 30.10 ON 9
DPTR FM NORMAL 35 LOWEST SLP 29.67 ON 28
[REMARKS]
#FINAL-06-21#