000
CXUS55 KREV 010839
CF6RNO
PRELIMINARY LOCAL CLIMATOLOGICAL DATA (WS FORM: F-6)
STATION: RENO-TAHOE INTL AIRPORT NV
MONTH: APRIL
YEAR: 2023
LATITUDE: 39 30 N
LONGITUDE: 119 47 W
TEMPERATURE IN F: :PCPN: SNOW: WIND :SUNSHINE: SKY :PK WND
================================================================================
1 2 3 4 5 6A 6B 7 8 9 10 11 12 13 14 15 16 17 18
12Z AVG MX 2MIN
DY MAX MIN AVG DEP HDD CDD WTR SNW DPTH SPD SPD DIR MIN PSBL S-S WX SPD DR
================================================================================
1 58 33 46 -3 19 0 0.00 0.0 0 9.3 30 290 M M 7 37 270
2 57 33 45 -4 20 0 0.02 0.2 0 9.2 29 180 M M 7 1 37 190
3 39 24 32 -17 33 0 0.07 0.4 T 12.5 29 330 M M 8 128 36 340
4 43 25 34 -15 31 0 T T T 7.7 22 360 M M 6 8 27 330
5 52 27 40 -9 25 0 0.00 0.0 0 3.5 10 170 M M 4 16 50
6 65 31 48 -2 17 0 0.00 0.0 0 4.8 23 170 M M 6 31 150
7 55 43 49 -1 16 0 T 0.0 0 10.0 31 180 M M 8 38 180
8 67 38 53 3 12 0 0.00 0.0 0 5.7 20 290 M M 7 25 300
9 77 39 58 8 7 0 0.00 0.0 0 2.7 10 70 M M 2 15 60
10 79 44 62 12 3 0 0.00 0.0 0 7.8 30 190 M M 1 35 210
11 70 49 60 10 5 0 0.00 0.0 0 7.4 21 260 M M 5 27 150
12 67 37 52 1 13 0 0.00 0.0 0 12.2 29 30 M M 1 39 280
13 54 32 43 -8 22 0 0.00 0.0 M 6.3 17 350 M M 3 24 90
14 64 30 47 -4 18 0 0.00 0.0 M 4.8 16 260 M M 2 24 310
15 72 34 53 2 12 0 0.00 0.0 0 4.9 23 290 M M 1 28 290
16 70 42 56 5 9 0 0.00 0.0 M 9.1 30 220 M M 5 36 220
17 60 37 49 -3 16 0 0.00 0.0 M 12.0 31 240 M M 5 42 240
18 47 30 39 -13 26 0 0.09 0.7 1 12.8 25 190 M M 7 12 34 190
19 55 27 41 -11 24 0 0.00 0.0 0 5.7 21 330 M M 2 24 320
20 66 33 50 -2 15 0 0.00 0.0 0 5.7 18 300 M M 2 23 310
21 69 44 57 4 8 0 0.00 0.0 0 6.7 20 10 M M 7 24 10
22 70 43 57 4 8 0 0.00 0.0 0 3.7 14 70 M M 5 17 60
23 72 45 59 6 6 0 0.00 0.0 0 9.6 22 300 M M 5 38 290
24 72 43 58 4 7 0 0.00 0.0 0 9.1 22 290 M M 3 29 280
25 69 40 55 1 10 0 0.00 0.0 0 4.4 14 70 M M 1 20 80
26 76 41 59 5 6 0 0.00 0.0 0 3.3 13 80 M M 1 18 70
27 83 45 64 10 1 0 0.00 0.0 0 3.7 12 30 M M 3 20 80
28 86 47 67 12 0 2 0.00 0.0 0 5.8 18 280 M M 1 23 270
29 86 52 69 14 0 4 0.00 0.0 0 7.4 23 210 M M 5 30 220
30 80 49 65 10 0 0 0.00 0.0 0 7.6 30 180 M M 6 36 170
================================================================================
SM 1980 1137 389 6 0.18 1.3 215.4 M 126
================================================================================
AV 66.0 37.9 7.2 FASTST M M 4 MAX(MPH)
MISC ----> # 31 180 42 240
================================================================================
NOTES:
# LAST OF SEVERAL OCCURRENCES
COLUMN 17 PEAK WIND IN M.P.H.
PRELIMINARY LOCAL CLIMATOLOGICAL DATA (WS FORM: F-6) , PAGE 2
STATION: RENO-TAHOE INTL AIRPORT NV
MONTH: APRIL
YEAR: 2023
LATITUDE: 39 30 N
LONGITUDE: 119 47 W
[TEMPERATURE DATA] [PRECIPITATION DATA] SYMBOLS USED IN COLUMN 16
AVERAGE MONTHLY: 52.0 TOTAL FOR MONTH: 0.18 1 = FOG OR MIST
DPTR FM NORMAL: 0.4 DPTR FM NORMAL: -0.26 2 = FOG REDUCING VISIBILITY
HIGHEST: 86 ON 29,28 GRTST 24HR 0.09 ON 18-18 TO 1/4 MILE OR LESS
LOWEST: 24 ON 3 3 = THUNDER
SNOW, ICE PELLETS, HAIL 4 = ICE PELLETS
TOTAL MONTH: 1.3 INCHES 5 = HAIL
GRTST 24HR 0.7 ON 18-18 6 = FREEZING RAIN OR DRIZZLE
GRTST DEPTH: 1 ON 18 7 = DUSTSTORM OR SANDSTORM:
VSBY 1/2 MILE OR LESS
8 = SMOKE OR HAZE
[NO. OF DAYS WITH] [WEATHER - DAYS WITH] 9 = BLOWING SNOW
X = TORNADO
MAX 32 OR BELOW: 0 0.01 INCH OR MORE: 3
MAX 90 OR ABOVE: 0 0.10 INCH OR MORE: 0
MIN 32 OR BELOW: 8 0.50 INCH OR MORE: 0
MIN 0 OR BELOW: 0 1.00 INCH OR MORE: 0
[HDD (BASE 65) ]
TOTAL THIS MO. 389 CLEAR (SCALE 0-3) 12
DPTR FM NORMAL -15 PTCLDY (SCALE 4-7) 17
TOTAL FM JUL 1 4974 CLOUDY (SCALE 8-10) 1
DPTR FM NORMAL 541
[CDD (BASE 65) ]
TOTAL THIS MO. 6
DPTR FM NORMAL 4 [PRESSURE DATA]
TOTAL FM JAN 1 6 HIGHEST SLP M ON M
DPTR FM NORMAL 4 LOWEST SLP 29.62 ON 30
[REMARKS]
#FINAL-04-23#