000
CXUS55 KREV 011112
CLMRNO
CLIMATE REPORT
NATIONAL WEATHER SERVICE RENO NV
412 AM PDT WED NOV 01 2023
...................................
...THE RENO-TAHOE INTL AIRPORT NV CLIMATE SUMMARY FOR THE MONTH OF OCTOBER 2023...
CLIMATE NORMAL PERIOD 1991 TO 2020
CLIMATE RECORD PERIOD 1888 TO 2023
WEATHER OBSERVED NORMAL DEPART LAST YEAR`S
VALUE DATE(S) VALUE FROM VALUE
NORMAL
..............................................................
TEMPERATURE (F)
RECORD
HIGH 93 10/01/2010
LOW 8 10/29/1971
HIGHEST 88 10/08 91 -3
LOWEST 24 10/30 8 16
10/31
AVG. MAXIMUM 71.2 70.4 0.8
AVG. MINIMUM 41.6 39.7 1.9
MEAN 56.4 55.1 1.3
DAYS MAX >= 90 0 0.2 -0.2
DAYS MAX <= 32 0 0.0 0.0
DAYS MIN <= 32 5 5.4 -0.4
DAYS MIN <= 0 0 0.0 0.0
PRECIPITATION (INCHES)
RECORD
MAXIMUM 3.14 2021
MINIMUM 0.00 2020
TOTALS 0.05 0.50 -0.45
DAILY AVG. 0.00 0.02 -0.02
DAYS >= .01 3 2.9 0.1
DAYS >= .10 0 1.3 -1.3
DAYS >= .50 0 0.2 -0.2
DAYS >= 1.00 0 0.1 -0.1
GREATEST
24 HR. TOTAL 0.06 09/30 TO 10/01
STORM TOTAL 0.03
(MM/DD(HH))
SNOWFALL (INCHES)
RECORDS
TOTAL 6.8 5
24 HR TOTAL T 10/11/2021 TO 10/11/2021
10/18/2021 TO 10/18/2021
TOTALS 0.0 0.1 -0.1
LIQUID EQUIV 0.00 0.00 0.00
SINCE 7/1 0.0 0.1 -0.1
LIQUID 7/1 0.00
DAYS >= TRACE 0 0.1 -0.1
DAYS >= 1.0 0 0.0 0.0
GREATEST
SNOW DEPTH 0
24 HR TOTAL MM
STORM TOTAL 0.0
(MM/DD(HH))
DEGREE DAYS
HEATING TOTAL 266 317 -51
SINCE 7/1 322 379 -57
COOLING TOTAL 6 8 -2
SINCE 1/1 1097 1039 58
FREEZE DATES
RECORD
EARLIEST 08/23/1973
LATEST 06/27/1974
EARLIEST 10/27 MM
LATEST 04/19
..............................................................
WIND (MPH)
AVERAGE WIND SPEED 4.3
HIGHEST WIND SPEED/DIRECTION 33/200 DATE 10/09
HIGHEST GUST SPEED/DIRECTION 45/190 DATE 10/25
AVERAGE RH (PERCENT) 45
WEATHER CONDITIONS. NUMBER OF DAYS WITH
THUNDERSTORM 0 MIXED PRECIP 0
HEAVY RAIN 0 RAIN 0
LIGHT RAIN 4 FREEZING RAIN 0
LT FREEZING RAIN 0 HAIL 0
HEAVY SNOW 0 SNOW 0
LIGHT SNOW 0 SLEET 0
FOG 0 FOG W/VIS <= 1/4 MILE 0
HAZE 1
- INDICATES NEGATIVE NUMBERS.
R INDICATES RECORD WAS SET OR TIED.
MM INDICATES DATA IS MISSING.
T INDICATES TRACE AMOUNT.
$$