000
CXUS51 KRNK 010553
CF6ROA
PRELIMINARY LOCAL CLIMATOLOGICAL DATA (WS FORM: F-6)
STATION: ROANOKE VA
MONTH: DECEMBER
YEAR: 2022
LATITUDE: 37 19 N
LONGITUDE: 79 58 W
TEMPERATURE IN F: :PCPN: SNOW: WIND :SUNSHINE: SKY :PK WND
================================================================================
1 2 3 4 5 6A 6B 7 8 9 10 11 12 13 14 15 16 17 18
12Z AVG MX 2MIN
DY MAX MIN AVG DEP HDD CDD WTR SNW DPTH SPD SPD DIR MIN PSBL S-S WX SPD DR
================================================================================
1 47 29 38 -6 27 0 0.00 0.0 0 8.6 26 280 M M 1 38 280
2 54 24 39 -5 26 0 0.01 0.0 0 3.4 15 150 M M 3 18 150
3 64 43 54 11 11 0 0.29 0.0 0 7.5 29 300 M M 7 1 38 290
4 50 28 39 -4 26 0 0.00 0.0 0 3.8 14 320 M M 3 18 300
5 44 24 34 -9 31 0 0.01 0.0 0 3.3 12 110 M M 6 13 110
6 46 39 43 0 22 0 0.64 0.0 0 1.5 12 290 M M 10 13 15 310
7 60 44 52 10 13 0 0.17 0.0 0 0.8 9 330 M M 9 12 12 350
8 57 49 53 11 12 0 0.22 0.0 0 5.5 13 160 M M 8 1 16 120
9 49 43 46 4 19 0 0.19 0.0 0 5.4 12 110 M M 10 1 14 130
10 44 40 42 0 23 0 0.05 0.0 0 4.8 9 120 M M 10 1 12 120
11 52 40 46 4 19 0 0.01 0.0 0 3.0 15 330 M M 7 18 330
12 52 35 44 3 21 0 0.00 0.0 0 5.3 15 20 M M 3 18 20
13 43 33 38 -3 27 0 0.00 0.0 0 3.0 12 120 M M 8 13 120
14 43 30 37 -4 28 0 0.31 0.0 0 2.9 12 110 M M 7 1 13 110
15 39 33 36 -5 29 0 0.71 T 0 5.2 12 340 M M 10 14 14 20
16 49 33 41 0 24 0 0.00 0.0 0 6.8 16 270 M M 5 21 250
17 48 32 40 -1 25 0 0.00 0.0 0 6.5 18 240 M M 5 24 250
18 39 28 34 -6 31 0 0.00 0.0 0 10.8 22 300 M M 6 28 320
19 44 27 36 -4 29 0 0.00 0.0 0 7.3 15 310 M M 4 18 280
20 42 27 35 -5 30 0 0.00 0.0 0 3.1 10 140 M M 5 13 150
21 45 25 35 -5 30 0 T 0.0 0 1.7 10 140 M M 5 11 140
22 39 34 37 -3 28 0 1.15 0.0 0 7.0 15 360 M M 10 1 20 50
23 44 5 25 -15 40 0 0.05 T 0 17.1 39 270 M M 5 1 51 280
24 23 3 13 -27 52 0 0.00 0.0 0 14.5 28 290 M M 5 41 290
25 33 14 24 -15 41 0 0.00 0.0 0 11.5 25 260 M M 0 34 260
26 34 18 26 -13 39 0 0.00 0.0 0 3.9 15 300 M M 5 20 290
27 47 25 36 -3 29 0 0.00 0.0 0 3.2 12 290 M M 2 15 340
28 54 22 38 -1 27 0 0.00 0.0 0 2.8 13 250 M M 0 15 260
29 63 24 44 5 21 0 0.00 0.0 0 2.7 9 280 M M 0 13 260
30 65 30 48 9 17 0 0.00 0.0 0 2.0 9 190 M M 3 13 180
31 54 47 51 12 14 0 0.17 0.0 0 1.8 8 240 M M 9 12 11 220
================================================================================
SM 1467 928 811 0 3.98 T 166.7 M 171
================================================================================
AV 47.3 29.9 5.4 FASTST M M 6 MAX(MPH)
MISC ----> 39 270 51 280
================================================================================
NOTES:
# LAST OF SEVERAL OCCURRENCES
COLUMN 17 PEAK WIND IN M.P.H.
PRELIMINARY LOCAL CLIMATOLOGICAL DATA (WS FORM: F-6) , PAGE 2
STATION: ROANOKE VA
MONTH: DECEMBER
YEAR: 2022
LATITUDE: 37 19 N
LONGITUDE: 79 58 W
[TEMPERATURE DATA] [PRECIPITATION DATA] SYMBOLS USED IN COLUMN 16
AVERAGE MONTHLY: 38.6 TOTAL FOR MONTH: 3.98 1 = FOG OR MIST
DPTR FM NORMAL: -2.3 DPTR FM NORMAL: 0.90 2 = FOG REDUCING VISIBILITY
HIGHEST: 65 ON 30 GRTST 24HR 1.15 ON 21-22 TO 1/4 MILE OR LESS
LOWEST: 3 ON 24 3 = THUNDER
SNOW, ICE PELLETS, HAIL 4 = ICE PELLETS
TOTAL MONTH: T 5 = HAIL
GRTST 24HR T ON 15-15 6 = FREEZING RAIN OR DRIZZLE
GRTST DEPTH: 0 7 = DUSTSTORM OR SANDSTORM:
VSBY 1/2 MILE OR LESS
8 = SMOKE OR HAZE
[NO. OF DAYS WITH] [WEATHER - DAYS WITH] 9 = BLOWING SNOW
X = TORNADO
MAX 32 OR BELOW: 1 0.01 INCH OR MORE: 14
MAX 90 OR ABOVE: 0 0.10 INCH OR MORE: 9
MIN 32 OR BELOW: 18 0.50 INCH OR MORE: 3
MIN 0 OR BELOW: 0 1.00 INCH OR MORE: 1
[HDD (BASE 65) ]
TOTAL THIS MO. 811 CLEAR (SCALE 0-3) 7
DPTR FM NORMAL 64 PTCLDY (SCALE 4-7) 17
TOTAL FM JUL 1 1554 CLOUDY (SCALE 8-10) 7
DPTR FM NORMAL 53
[CDD (BASE 65) ]
TOTAL THIS MO. 0
DPTR FM NORMAL 0 [PRESSURE DATA]
TOTAL FM JAN 1 1524 HIGHEST SLP M ON M
DPTR FM NORMAL 158 LOWEST SLP 29.33 ON 23
[REMARKS]
#FINAL-12-22#