000
CXUS51 KRNK 010620
CF6ROA
PRELIMINARY LOCAL CLIMATOLOGICAL DATA (WS FORM: F-6)
STATION: ROANOKE VA
MONTH: MARCH
YEAR: 2021
LATITUDE: 37 19 N
LONGITUDE: 79 58 W
TEMPERATURE IN F: :PCPN: SNOW: WIND :SUNSHINE: SKY :PK WND
================================================================================
1 2 3 4 5 6A 6B 7 8 9 10 11 12 13 14 15 16 17 18
12Z AVG MX 2MIN
DY MAX MIN AVG DEP HDD CDD WTR SNW DPTH SPD SPD DIR MIN PSBL S-S WX SPD DR
================================================================================
1 58 40 49 6 16 0 0.21 0.0 0 9.4 32 310 M M 8 1 42 310
2 49 31 40 -3 25 0 0.00 0.0 0 4.7 20 320 M M 2 26 320
3 64 27 46 3 19 0 0.00 0.0 0 5.2 15 300 M M 0 19 310
4 60 41 51 7 14 0 0.00 0.0 0 14.3 28 290 M M 0 37 290
5 47 26 37 -7 28 0 0.00 0.0 0 11.4 24 320 M M 1 33 320
6 52 33 43 -1 22 0 0.00 0.0 0 9.5 23 300 M M 2 27 310
7 51 25 38 -6 27 0 0.00 0.0 0 6.6 20 290 M M 1 26 290
8 65 26 46 1 19 0 0.00 0.0 0 3.4 18 310 M M 0 21 310
9 71 34 53 8 12 0 0.00 0.0 0 3.8 17 310 M M 2 21 280
10 74 35 55 10 10 0 0.00 0.0 0 3.7 15 160 M M 2 19 170
11 78 45 62 16 3 0 0.00 0.0 0 5.8 22 260 M M 2 26 240
12 72 55 64 18 1 0 T 0.0 0 10.3 22 310 M M 5 27 270
13 65 49 57 11 8 0 0.00 0.0 0 6.3 18 310 M M 5 23 300
14 62 37 50 3 15 0 T 0.0 0 7.7 25 300 M M 5 31 310
15 52 38 45 -2 20 0 0.03 0.0 0 7.4 15 360 M M 8 17 360
16 52 34 43 -4 22 0 T 0.0 0 7.5 16 110 M M 7 19 90
17 61 43 52 4 13 0 0.04 0.0 0 7.3 17 120 M M 7 21 130
18 53 45 49 1 16 0 0.44 0.0 0 6.0 14 330 M M 10 13 16 320
19 55 41 48 0 17 0 0.43 0.0 0 12.5 25 30 M M 5 1 33 30
20 59 29 44 -5 21 0 0.00 0.0 0 4.4 16 120 M M 2 19 130
21 62 29 46 -3 19 0 0.00 0.0 0 4.2 14 120 M M 0 18 140
22 66 32 49 0 16 0 0.00 0.0 0 5.7 15 120 M M 0 19 120
23 57 44 51 1 14 0 0.24 0.0 0 3.2 9 110 M M 8 1 11 80
24 66 51 59 9 6 0 0.06 0.0 0 2.4 10 130 M M 7 1 16 150
25 64 49 57 7 8 0 0.32 0.0 0 4.9 24 140 M M 7 1 29 140
26 79 55 67 17 0 2 0.08 0.0 0 8.4 23 280 M M 3 1 31 290
27 69 44 57 6 8 0 0.25 0.0 0 3.3 17 250 M M 5 13 21 250
28 71 46 59 8 6 0 0.48 0.0 0 10.7 37 300 M M 8 13 49 280
29 63 38 51 -1 14 0 0.00 0.0 0 8.5 26 280 M M 1 38 320
30 71 37 54 2 11 0 0.00 0.0 0 6.1 22 140 M M 1 26 150
31 65 49 57 5 8 0 0.37 0.0 0 5.7 24 320 M M 9 1 29 320
================================================================================
SM 1933 1208 438 2 2.95 0.0 210.3 M 123
================================================================================
AV 62.4 39.0 6.8 FASTST M M 4 MAX(MPH)
MISC ----> 37 300 49 280
================================================================================
NOTES:
# LAST OF SEVERAL OCCURRENCES
COLUMN 17 PEAK WIND IN M.P.H.
PRELIMINARY LOCAL CLIMATOLOGICAL DATA (WS FORM: F-6) , PAGE 2
STATION: ROANOKE VA
MONTH: MARCH
YEAR: 2021
LATITUDE: 37 19 N
LONGITUDE: 79 58 W
[TEMPERATURE DATA] [PRECIPITATION DATA] SYMBOLS USED IN COLUMN 16
AVERAGE MONTHLY: 50.7 TOTAL FOR MONTH: 2.95 1 = FOG OR MIST
DPTR FM NORMAL: 3.4 DPTR FM NORMAL: -0.51 2 = FOG REDUCING VISIBILITY
HIGHEST: 79 ON 26 GRTST 24HR 0.70 ON 27-28 TO 1/4 MILE OR LESS
LOWEST: 25 ON 7 3 = THUNDER
SNOW, ICE PELLETS, HAIL 4 = ICE PELLETS
TOTAL MONTH: 0.0 INCH 5 = HAIL
GRTST 24HR 0.0 6 = FREEZING RAIN OR DRIZZLE
GRTST DEPTH: 0 7 = DUSTSTORM OR SANDSTORM:
VSBY 1/2 MILE OR LESS
8 = SMOKE OR HAZE
[NO. OF DAYS WITH] [WEATHER - DAYS WITH] 9 = BLOWING SNOW
X = TORNADO
MAX 32 OR BELOW: 0 0.01 INCH OR MORE: 12
MAX 90 OR ABOVE: 0 0.10 INCH OR MORE: 8
MIN 32 OR BELOW: 8 0.50 INCH OR MORE: 0
MIN 0 OR BELOW: 0 1.00 INCH OR MORE: 0
[HDD (BASE 65) ]
TOTAL THIS MO. 438 CLEAR (SCALE 0-3) 15
DPTR FM NORMAL -114 PTCLDY (SCALE 4-7) 13
TOTAL FM JUL 1 3307 CLOUDY (SCALE 8-10) 3
DPTR FM NORMAL -450
[CDD (BASE 65) ]
TOTAL THIS MO. 2
DPTR FM NORMAL -3 [PRESSURE DATA]
TOTAL FM JAN 1 2 HIGHEST SLP M ON M
DPTR FM NORMAL -3 LOWEST SLP 29.63 ON 18
[REMARKS]
#FINAL-03-21#