000
CXUS55 KABQ 011110
CF6ROW
PRELIMINARY LOCAL CLIMATOLOGICAL DATA (WS FORM: F-6)
STATION: ROSWELL NM
MONTH: DECEMBER
YEAR: 2021
LATITUDE: 33 17 N
LONGITUDE: 104 32 W
TEMPERATURE IN F: :PCPN: SNOW: WIND :SUNSHINE: SKY :PK WND
================================================================================
1 2 3 4 5 6A 6B 7 8 9 10 11 12 13 14 15 16 17 18
12Z AVG MX 2MIN
DY MAX MIN AVG DEP HDD CDD WTR SNW DPTH SPD SPD DIR MIN PSBL S-S WX SPD DR
================================================================================
1 74 31 53 7 12 0 0.00 0.0 0 3.5 12 240 M M 0 14 30
2 75 33 54 9 11 0 0.00 0.0 0 5.5 13 270 M M 0 19 250
3 82 36 59 14 6 0 0.00 0.0 0 7.6 20 340 M M 0 28 320
4 62 38 50 5 15 0 0.00 0.0 0 4.6 13 330 M M 0 8 17 340
5 79 29 54 10 11 0 0.00 0.0 0 8.4 33 30 M M 0 8 43 20
6 51 30 41 -3 24 0 0.00 0.0 0 8.8 36 40 M M 1 8 45 30
7 54 30 42 -2 23 0 0.00 0.0 0 3.5 13 260 M M 0 18 270
8 64 31 48 4 17 0 0.00 0.0 0 5.6 15 280 M M 0 20 280
9 76 36 56 13 9 0 0.00 0.0 0 10.1 31 250 M M 0 43 240
10 68 42 55 12 10 0 0.00 0.0 0 18.8 38 260 M M 1 50 250
11 53 27 40 -3 25 0 0.00 0.0 0 9.1 29 20 M M 0 38 20
12 64 19 42 -1 23 0 0.00 0.0 0 3.3 9 280 M M 0 11 180
13 67 26 47 5 18 0 0.00 0.0 0 4.6 12 170 M M 0 15 160
14 77 31 54 12 11 0 0.00 0.0 0 8.6 28 210 M M 0 36 200
15 80 43 62 20 3 0 0.00 0.0 0 13.7 52 240 M M 0 8 69 240
16 60 33 47 5 18 0 0.00 0.0 0 3.5 10 180 M M 0 14 140
17 60 35 48 6 17 0 0.00 0.0 0 5.7 13 340 M M 0 19 350
18 50 31 41 -1 24 0 0.00 0.0 0 8.8 17 360 M M 6 23 360
19 54 22 38 -4 27 0 0.00 0.0 0 5.9 16 160 M M 1 24 150
20 71 19 45 4 20 0 0.00 0.0 0 3.8 20 340 M M 0 27 350
21 69 26 48 7 17 0 0.00 0.0 0 6.9 21 290 M M 0 30 280
22 77 39 58 17 7 0 0.00 0.0 0 8.4 23 320 M M 0 32 320
23 78 34 56 15 9 0 0.00 0.0 0 5.7 17 260 M M 0 24 240
24 81 51 66 25 0 1 0.00 0.0 0 15.4 45 240 M M 1 57 240
25 73 40 57 16 8 0 0.00 0.0 0 6.8 14 180 M M 0 20 220
26 82 39 61 20 4 0 0.00 0.0 0 16.2 33 260 M M 0 46 250
27 70 33 52 11 13 0 0.00 0.0 0 7.1 24 210 M M 4 33 220
28 66 36 51 10 14 0 0.00 0.0 0 9.0 26 250 M M 1 35 250
29 64 33 49 8 16 0 0.00 0.0 0 9.5 18 240 M M 0 27 250
30 63 31 47 6 18 0 0.00 0.0 0 5.8 16 200 M M 1 22 190
31 59 47 53 12 12 0 0.06 0.0 0 13.8 31 210 M M 4 42 200
================================================================================
SM 2103 1031 442 1 0.06 0.0 248.0 M 20
================================================================================
AV 67.8 33.3 8.0 FASTST M M 1 MAX(MPH)
MISC ----> 52 240 69 240
================================================================================
NOTES:
# LAST OF SEVERAL OCCURRENCES
COLUMN 17 PEAK WIND IN M.P.H.
PRELIMINARY LOCAL CLIMATOLOGICAL DATA (WS FORM: F-6) , PAGE 2
STATION: ROSWELL NM
MONTH: DECEMBER
YEAR: 2021
LATITUDE: 33 17 N
LONGITUDE: 104 32 W
[TEMPERATURE DATA] [PRECIPITATION DATA] SYMBOLS USED IN COLUMN 16
AVERAGE MONTHLY: 50.5 TOTAL FOR MONTH: 0.06 1 = FOG OR MIST
DPTR FM NORMAL: 8.1 DPTR FM NORMAL: -0.50 2 = FOG REDUCING VISIBILITY
HIGHEST: 82 ON 26, 3 GRTST 24HR 0.06 ON 31-31 TO 1/4 MILE OR LESS
LOWEST: 19 ON 20,12 3 = THUNDER
SNOW, ICE PELLETS, HAIL 4 = ICE PELLETS
TOTAL MONTH: 0.0 INCH 5 = HAIL
GRTST 24HR 0.0 6 = FREEZING RAIN OR DRIZZLE
GRTST DEPTH: 0 7 = DUSTSTORM OR SANDSTORM:
VSBY 1/2 MILE OR LESS
8 = SMOKE OR HAZE
[NO. OF DAYS WITH] [WEATHER - DAYS WITH] 9 = BLOWING SNOW
X = TORNADO
MAX 32 OR BELOW: 0 0.01 INCH OR MORE: 1
MAX 90 OR ABOVE: 0 0.10 INCH OR MORE: 0
MIN 32 OR BELOW: 14 0.50 INCH OR MORE: 0
MIN 0 OR BELOW: 0 1.00 INCH OR MORE: 0
[HDD (BASE 65) ]
TOTAL THIS MO. 442 CLEAR (SCALE 0-3) 28
DPTR FM NORMAL -258 PTCLDY (SCALE 4-7) 3
TOTAL FM JUL 1 841 CLOUDY (SCALE 8-10) 0
DPTR FM NORMAL -414
[CDD (BASE 65) ]
TOTAL THIS MO. 1
DPTR FM NORMAL 1 [PRESSURE DATA]
TOTAL FM JAN 1 2173 HIGHEST SLP 30.38 ON 6
DPTR FM NORMAL -63 LOWEST SLP 29.45 ON 31
[REMARKS]
#FINAL-12-21#