000
CXUS53 KMPX 021636
CF6RWF
PRELIMINARY LOCAL CLIMATOLOGICAL DATA (WS FORM: F-6)
STATION: REDWOOD FALLS MN
MONTH: AUGUST
YEAR: 2022
LATITUDE: 44 32 N
LONGITUDE: 95 5 W
TEMPERATURE IN F: :PCPN: SNOW: WIND :SUNSHINE: SKY :PK WND
================================================================================
1 2 3 4 5 6A 6B 7 8 9 10 11 12 13 14 15 16 17 18
12Z AVG MX 2MIN
DY MAX MIN AVG DEP HDD CDD WTR SNW DPTH SPD SPD DIR MIN PSBL S-S WX SPD DR
================================================================================
1 82 62 72 0 0 7 0.00 M M 6.8 14 310 M M 1 21 300
2 100 64 82 10 0 17 0.18 M M 14.2 48 270 M M 1 13 68 270
3 82 61 72 0 0 7 T M M 9.4 21 310 M M 1 3 29 320
4 83 56 70 -2 0 5 0.00 M M 7.7 15 140 M M 0 19 150
5 91 62 77 5 0 12 0.00 M M 14.0 25 150 M M 0 36 150
6 75 68 72 1 0 7 0.99 M M 6.2 17 70 M M 9 13 25 70
7 78 62 70 -1 0 5 0.40 M M 5.7 14 340 M M 9 1 24 340
8 76 57 67 -4 0 2 0.00 M M 5.1 12 310 M M 6 1 18 300
9 82 56 69 -2 0 4 0.00 M M 7.5 14 150 M M 0 19 140
10 86 61 74 3 0 9 0.00 M M 4.2 10 340 M M 1 14 360
11 75 64 70 -1 0 5 0.07 M M 8.6 16 120 M M 7 13 25 100
12 83 65 74 3 0 9 0.00 M M 14.1 30 140 M M 4 41 150
13 76 63 70 -1 0 5 0.00 M M 7.0 13 350 M M 9 22 330
14 78 55 67 -3 0 2 0.00 M M 4.2 10 140 M M 1 19 140
15 75 61 68 -2 0 3 0.00 M M 7.9 14 160 M M 4 1 18 140
16 80 57 69 -1 0 4 0.00 M M 4.4 10 160 M M 4 12 16 160
17 82 59 71 1 0 6 0.00 M M 6.1 13 190 M M 2 17 170
18 84 62 73 3 0 8 0.28 M M 8.2 35 290 M M 3 13 45 300
19 71 61 66 -4 0 1 0.29 M M 7.1 14 150 M M 5 1 20 160
20 76 59 68 -2 0 3 0.00 M M 5.1 10 20 M M 5 12 16 20
21 80 55 68 -1 0 3 0.00 M M 2.7 10 270 M M 3 12 14 220
22 82 58 70 1 0 5 0.00 M M 5.0 13 170 M M 6 19 170
23 83 65 74 5 0 9 0.00 M M 9.8 18 150 M M 3 25 170
24 82 64 73 4 0 8 0.00 M M 7.4 14 280 M M 3 19 330
25 78 60 69 0 0 4 0.00 M M 5.3 12 350 M M 5 1 18 330
26 78 52 65 -3 0 0 T M M 7.2 21 140 M M 3 12 27 120
27 84 64 74 6 0 9 0.00 M M 9.7 35 170 M M 1 48 170
28 87 66 77 9 0 12 0.00 M M 11.7 21 150 M M 6 27 220
29 82 60 71 3 0 6 0.00 M M 13.6 28 280 M M 0 39 290
30 82 54 68 0 0 3 0.00 M M 8.5 17 310 M M 0 26 290
31 92 58 75 8 0 10 0.00 M M 5.5 13 210 M M 0 17 240
================================================================================
SM 2525 1871 0 190 2.21 M 239.9 M 102
================================================================================
AV 81.5 60.4 7.7 FASTST M M 3 MAX(MPH)
MISC ----> 48 270 68 270
================================================================================
NOTES:
# LAST OF SEVERAL OCCURRENCES
COLUMN 17 PEAK WIND IN M.P.H.
PRELIMINARY LOCAL CLIMATOLOGICAL DATA (WS FORM: F-6) , PAGE 2
STATION: REDWOOD FALLS MN
MONTH: AUGUST
YEAR: 2022
LATITUDE: 44 32 N
LONGITUDE: 95 5 W
[TEMPERATURE DATA] [PRECIPITATION DATA] SYMBOLS USED IN COLUMN 16
AVERAGE MONTHLY: 70.9 TOTAL FOR MONTH: 2.21 1 = FOG OR MIST
DPTR FM NORMAL: 0.9 DPTR FM NORMAL: -1.79 2 = FOG REDUCING VISIBILITY
HIGHEST: 100 ON 2 GRTST 24HR 0.99 ON 6- 6 TO 1/4 MILE OR LESS
LOWEST: 52 ON 26 3 = THUNDER
SNOW, ICE PELLETS, HAIL 4 = ICE PELLETS
TOTAL MONTH: M 5 = HAIL
GRTST 24HR M ON M 6 = FREEZING RAIN OR DRIZZLE
GRTST DEPTH: M ON M 7 = DUSTSTORM OR SANDSTORM:
VSBY 1/2 MILE OR LESS
8 = SMOKE OR HAZE
[NO. OF DAYS WITH] [WEATHER - DAYS WITH] 9 = BLOWING SNOW
X = TORNADO
MAX 32 OR BELOW: 0 0.01 INCH OR MORE: 6
MAX 90 OR ABOVE: 3 0.10 INCH OR MORE: 5
MIN 32 OR BELOW: 0 0.50 INCH OR MORE: 1
MIN 0 OR BELOW: 0 1.00 INCH OR MORE: 0
[HDD (BASE 65) ]
TOTAL THIS MO. 0 CLEAR (SCALE 0-3) 18
DPTR FM NORMAL -19 PTCLDY (SCALE 4-7) 10
TOTAL FM JUL 1 0 CLOUDY (SCALE 8-10) 3
DPTR FM NORMAL -22
[CDD (BASE 65) ]
TOTAL THIS MO. 190
DPTR FM NORMAL 16 [PRESSURE DATA]
TOTAL FM JAN 1 802 HIGHEST SLP 30.22 ON 11
DPTR FM NORMAL 186 LOWEST SLP 29.53 ON 28
[REMARKS]
#FINAL-08-22#