000
CXUS54 KEWX 011010
CF6RYW
PRELIMINARY LOCAL CLIMATOLOGICAL DATA (WS FORM: F-6)
STATION: LAGO VISTA
MONTH: APRIL
YEAR: 2023
LATITUDE: 30 30 N
LONGITUDE: 97 58 W
TEMPERATURE IN F: :PCPN: SNOW: WIND :SUNSHINE: SKY :PK WND
================================================================================
1 2 3 4 5 6A 6B 7 8 9 10 11 12 13 14 15 16 17 18
12Z AVG MX 2MIN
DY MAX MIN AVG DEP HDD CDD WTR SNW DPTH SPD SPD DIR MIN PSBL S-S WX SPD DR
================================================================================
1 81 54 68 M 0 3 0.00 M M 6.4 10 10 M M 0 21 10
2 83 61 72 M 0 7 0.00 M M 6.7 14 180 M M 6 23 190
3 91 68 80 M 0 15 0.00 M M 7.9 14 140 M M 4 22 140
4 85 70 78 M 0 13 0.00 M M 10.4 15 180 M M 5 25 170
5 74 50 62 M 3 0 0.38 M M 8.8 15 40 M M 8 3 33 280
6 52 44 48 M 17 0 0.68 M M 11.0 15 20 M M 9 3 23 40
7 51 46 49 M 16 0 0.47 M M 9.6 14 40 M M 10 1 20 20
8 60 49 55 M 10 0 0.00 M M 4.2 13 60 M M 10 1 20 60
9 72 55 64 M 1 0 0.00 M M 2.4 7 90 M M 10 12 M M
10 71 55 63 M 2 0 0.00 M M 3.0 7 90 M M 5 M M
11 74 54 64 M 1 0 0.00 M M 3.6 8 80 M M 2 1 M M
12 76 54 65 M 0 0 0.00 M M 3.8 12 80 M M 2 16 80
13 78 54 66 M 0 1 0.00 M M 6.3 10 130 M M 2 2 16 180
14 79 60 70 M 0 5 0.00 M M 8.4 12 180 M M 7 21 190
15 91 65 78 M 0 13 0.00 M M 7.9 16 40 M M 2 24 40
16 73 51 62 M 3 0 0.00 M M 8.8 16 40 M M 1 25 30
17 78 53 66 M 0 1 0.00 M M 6.4 12 180 M M 0 21 160
18 76 60 68 M 0 3 0.01 M M 8.3 15 170 M M 8 23 170
19 79 67 73 M 0 8 0.00 M M 9.2 14 150 M M 10 22 150
20 85 64 75 M 0 10 0.80 M M 7.5 12 310 M M 8 3 22 170
21 76 60 68 M 0 3 0.01 M M 6.5 10 20 M M 4 1 17 20
22 77 56 67 M 0 2 0.00 M M 8.5 13 110 M M 4 21 110
23 65 49 57 M 8 0 0.00 M M 12.4 17 50 M M 10 28 40
24 69 50 60 M 5 0 0.00 M M 6.0 9 110 M M 9 16 50
25 72 60 66 M 0 1 0.20 M M 5.5 8 120 M M 10 1 16 130
26 83 61 72 M 0 7 1.05 M M 6.5 13 50 M M 8 13 21 0
27 78 58 68 M 0 3 0.00 M M 6.8 10 260 M M 4 3 20 280
28 84 53 69 M 0 4 0.42 M M 10.5 20 180 M M 2 3 31 330
29 73 49 61 M 4 0 0.00 M M 10.6 21 330 M M 0 32 330
30 89 51 70 M 0 5 0.00 M M 7.9 13 190 M M 0 17 190
================================================================================
SM 2275 1681 70 104 4.02 M 221.8 M 160
================================================================================
AV 75.8 56.0 7.4 FASTST M M 5 MAX(MPH)
MISC ----> 21 330 33 280
================================================================================
NOTES:
# LAST OF SEVERAL OCCURRENCES
COLUMN 17 PEAK WIND IN M.P.H.
PRELIMINARY LOCAL CLIMATOLOGICAL DATA (WS FORM: F-6) , PAGE 2
STATION: LAGO VISTA
MONTH: APRIL
YEAR: 2023
LATITUDE: 30 30 N
LONGITUDE: 97 58 W
[TEMPERATURE DATA] [PRECIPITATION DATA] SYMBOLS USED IN COLUMN 16
AVERAGE MONTHLY: 65.9 TOTAL FOR MONTH: 4.02 1 = FOG OR MIST
DPTR FM NORMAL: 0.0 DPTR FM NORMAL: M 2 = FOG REDUCING VISIBILITY
HIGHEST: 91 ON 15, 3 GRTST 24HR 1.05 ON 26-26 TO 1/4 MILE OR LESS
LOWEST: 44 ON 6 3 = THUNDER
SNOW, ICE PELLETS, HAIL 4 = ICE PELLETS
TOTAL MONTH: M 5 = HAIL
GRTST 24HR M ON M 6 = FREEZING RAIN OR DRIZZLE
GRTST DEPTH: M ON M 7 = DUSTSTORM OR SANDSTORM:
VSBY 1/2 MILE OR LESS
8 = SMOKE OR HAZE
[NO. OF DAYS WITH] [WEATHER - DAYS WITH] 9 = BLOWING SNOW
X = TORNADO
MAX 32 OR BELOW: 0 0.01 INCH OR MORE: 9
MAX 90 OR ABOVE: 2 0.10 INCH OR MORE: 7
MIN 32 OR BELOW: 0 0.50 INCH OR MORE: 3
MIN 0 OR BELOW: 0 1.00 INCH OR MORE: 1
[HDD (BASE 65) ]
TOTAL THIS MO. 70 CLEAR (SCALE 0-3) 10
DPTR FM NORMAL M PTCLDY (SCALE 4-7) 11
TOTAL FM JUL 1 1542 CLOUDY (SCALE 8-10) 9
DPTR FM NORMAL M
[CDD (BASE 65) ]
TOTAL THIS MO. 104
DPTR FM NORMAL M [PRESSURE DATA]
TOTAL FM JAN 1 247 HIGHEST SLP M ON M
DPTR FM NORMAL M LOWEST SLP M ON M
[REMARKS]
#FINAL-04-23#