000
CXUS54 KEWX 011010
CF6RYW
PRELIMINARY LOCAL CLIMATOLOGICAL DATA (WS FORM: F-6)
STATION: LAGO VISTA
MONTH: APRIL
YEAR: 2022
LATITUDE: 30 30 N
LONGITUDE: 97 58 W
TEMPERATURE IN F: :PCPN: SNOW: WIND :SUNSHINE: SKY :PK WND
================================================================================
1 2 3 4 5 6A 6B 7 8 9 10 11 12 13 14 15 16 17 18
12Z AVG MX 2MIN
DY MAX MIN AVG DEP HDD CDD WTR SNW DPTH SPD SPD DIR MIN PSBL S-S WX SPD DR
================================================================================
1 82 50 66 M 0 1 0.00 M M 7.7 12 150 M M 0 22 150
2 86 57 72 M 0 7 0.00 M M 6.9 13 350 M M 1 21 150
3 88 54 71 M 0 6 0.00 M M 6.5 10 150 M M 0 21 170
4 79 62 71 M 0 6 0.00 M M 5.8 13 160 M M 8 1 20 160
5 98 67 83 M 0 18 0.00 M M 8.1 15 190 M M 2 1 21 190
6 78 57 68 M 0 3 0.00 M M 10.7 16 350 M M 0 29 360
7 77 52 65 M 0 0 0.00 M M 8.5 14 350 M M 0 23 10
8 78 45 62 M 3 0 0.00 M M 7.1 17 270 M M 0 25 320
9 88 51 70 M 0 5 0.00 M M 9.3 18 190 M M 0 24 200
10 87 59 73 M 0 8 0.00 M M 13.2 17 150 M M 3 28 190
11 87 66 77 M 0 12 0.00 M M 9.5 13 170 M M 7 1 22 140
12 93 69 81 M 0 16 0.00 M M 10.7 16 170 M M 6 1 30 170
13 93 62 78 M 0 13 0.00 M M 9.4 15 320 M M 5 27 310
14 85 52 69 M 0 4 0.00 M M 8.8 13 70 M M 0 20 50
15 84 61 73 M 0 8 0.00 M M 6.8 10 130 M M 7 1 21 140
16 88 68 78 M 0 13 0.00 M M 5.1 8 210 M M 7 1 M M
17 92 63 78 M 0 13 0.00 M M 4.7 9 130 M M 6 M M
18 80 58 69 M 0 4 0.00 M M 8.5 13 60 M M 2 20 70
19 70 54 62 M 3 0 0.04 M M 9.4 14 140 M M 6 23 140
20 84 64 74 M 0 9 0.02 M M 11.5 21 190 M M 8 1 31 190
21 80 69 75 M 0 10 0.00 M M 8.5 14 130 M M 9 22 170
22 89 68 79 M 0 14 0.00 M M 11.9 18 150 M M 8 27 150
23 89 67 78 M 0 13 0.00 M M 12.5 17 150 M M 7 29 140
24 90 67 79 M 0 14 0.00 M M 9.0 13 160 M M 6 24 160
25 71 56 64 M 1 0 0.29 M M 9.6 16 60 M M 8 3 22 30
26 79 54 67 M 0 2 0.00 M M 8.2 13 50 M M 6 18 40
27 81 57 69 M 0 4 0.00 M M 6.3 10 150 M M 6 M M
28 90 65 78 M 0 13 0.00 M M 9.2 15 190 M M 7 22 190
29 85 68 77 M 0 12 0.00 M M 9.4 16 170 M M 8 25 170
30 92 70 81 M 0 16 0.01 M M 6.4 10 170 M M 8 18 190
================================================================================
SM 2543 1812 7 244 0.36 M 259.2 M 141
================================================================================
AV 84.8 60.4 8.6 FASTST M M 5 MAX(MPH)
MISC ----> 21 190 31 190
================================================================================
NOTES:
# LAST OF SEVERAL OCCURRENCES
COLUMN 17 PEAK WIND IN M.P.H.
PRELIMINARY LOCAL CLIMATOLOGICAL DATA (WS FORM: F-6) , PAGE 2
STATION: LAGO VISTA
MONTH: APRIL
YEAR: 2022
LATITUDE: 30 30 N
LONGITUDE: 97 58 W
[TEMPERATURE DATA] [PRECIPITATION DATA] SYMBOLS USED IN COLUMN 16
AVERAGE MONTHLY: 72.6 TOTAL FOR MONTH: 0.36 1 = FOG OR MIST
DPTR FM NORMAL: 0.0 DPTR FM NORMAL: M 2 = FOG REDUCING VISIBILITY
HIGHEST: 98 ON 5 GRTST 24HR 0.29 ON 25-25 TO 1/4 MILE OR LESS
LOWEST: 45 ON 8 3 = THUNDER
SNOW, ICE PELLETS, HAIL 4 = ICE PELLETS
TOTAL MONTH: M 5 = HAIL
GRTST 24HR M ON M 6 = FREEZING RAIN OR DRIZZLE
GRTST DEPTH: M ON M 7 = DUSTSTORM OR SANDSTORM:
VSBY 1/2 MILE OR LESS
8 = SMOKE OR HAZE
[NO. OF DAYS WITH] [WEATHER - DAYS WITH] 9 = BLOWING SNOW
X = TORNADO
MAX 32 OR BELOW: 0 0.01 INCH OR MORE: 4
MAX 90 OR ABOVE: 7 0.10 INCH OR MORE: 1
MIN 32 OR BELOW: 0 0.50 INCH OR MORE: 0
MIN 0 OR BELOW: 0 1.00 INCH OR MORE: 0
[HDD (BASE 65) ]
TOTAL THIS MO. 7 CLEAR (SCALE 0-3) 10
DPTR FM NORMAL M PTCLDY (SCALE 4-7) 16
TOTAL FM JUL 1 1406 CLOUDY (SCALE 8-10) 4
DPTR FM NORMAL M
[CDD (BASE 65) ]
TOTAL THIS MO. 244
DPTR FM NORMAL M [PRESSURE DATA]
TOTAL FM JAN 1 322 HIGHEST SLP M ON M
DPTR FM NORMAL M LOWEST SLP M ON M
[REMARKS]
#FINAL-04-22#