000
CXUS54 KEWX 011010
CF6RYW
PRELIMINARY LOCAL CLIMATOLOGICAL DATA (WS FORM: F-6)
STATION: LAGO VISTA
MONTH: AUGUST
YEAR: 2021
LATITUDE: 30 30 N
LONGITUDE: 97 58 W
TEMPERATURE IN F: :PCPN: SNOW: WIND :SUNSHINE: SKY :PK WND
================================================================================
1 2 3 4 5 6A 6B 7 8 9 10 11 12 13 14 15 16 17 18
12Z AVG MX 2MIN
DY MAX MIN AVG DEP HDD CDD WTR SNW DPTH SPD SPD DIR MIN PSBL S-S WX SPD DR
================================================================================
1 98 74 86 M 0 21 0.00 M M 4.4 9 180 M M 1 3 20 340
2 92 70 81 M 0 16 0.77 M M 2.8 12 250 M M 7 18 250
3 92 72 82 M 0 17 0.00 M M 5.1 9 40 M M 5 16 40
4 94 69 82 M 0 17 0.00 M M 4.9 8 80 M M 3 M M
5 88 72 80 M 0 15 0.13 0.0 0 2.8 6 100 M M 4 1 M M
6 94 73 84 M 0 19 0.00 M M 4.6 10 140 M M 5 1 23 140
7 95 73 84 M 0 19 0.00 M M 6.9 12 190 M M 5 21 200
8 95 75 85 M 0 20 0.00 M M 9.8 17 170 M M 6 25 170
9 96 76 86 M 0 21 0.00 M M 10.5 18 190 M M 6 24 190
10 97 75 86 M 0 21 0.00 M M 8.8 15 190 M M 5 24 180
11 97 74 86 M 0 21 0.00 M M 7.0 13 180 M M 5 20 190
12 98 74 86 M 0 21 0.00 M M 7.0 10 190 M M 4 16 170
13 99 74 87 M 0 22 0.00 M M 5.5 9 180 M M 2 20 140
14 100 73 87 M 0 22 0.00 M M 4.5 12 50 M M 1 18 50
15 89 71 80 M 0 15 0.09 M M 3.0 10 360 M M 4 123 16 360
16 97 68 83 M 0 18 0.00 M M 3.4 7 150 M M 2 1 M M
17 93 73 83 M 0 18 0.00 M M 4.8 9 200 M M 4 M M
18 94 77 86 M 0 21 0.10 M M 6.7 10 220 M M 7 13 20 120
19 97 76 87 M 0 22 0.00 M M 8.6 14 180 M M 5 1 21 180
20 96 75 86 M 0 21 0.00 M M 8.2 12 210 M M 5 20 170
21 98 75 87 M 0 22 0.00 M M 6.9 9 150 M M 4 21 160
22 98 74 86 M 0 21 0.00 M M 5.6 9 210 M M 3 M M
23 99 73 86 M 0 21 0.00 M M 5.8 9 220 M M 1 M M
24 98 74 86 M 0 21 0.00 M M 5.1 8 140 M M 1 17 130
25 M M M M M M 0.00 M M 4.3 5 210 M M 0 M M
26 100 77 89 M 0 24 0.15 M M 3.1 6 100 M M 4 3 18 0
27 95 72 84 M 0 19 0.00 M M 3.5 13 140 M M 3 18 140
28 97 71 84 M 0 19 0.50 M M 3.2 12 90 M M 4 23 130
29 96 72 84 M 0 19 0.00 M M 3.1 7 50 M M 4 1 M M
30 94 73 84 M 0 19 0.11 M M 3.7 7 270 M M 4 9 0
31 102 74 88 M 0 23 0.00 M M 4.1 7 160 M M 1 M M
================================================================================
SM 2878 2199 0 595 1.85 0.0 167.6 M 115
================================================================================
AV 95.9 73.3 5.4 FASTST M M 4 MAX(MPH)
MISC ----> 18 190 25 170
================================================================================
NOTES:
# LAST OF SEVERAL OCCURRENCES
COLUMN 17 PEAK WIND IN M.P.H.
PRELIMINARY LOCAL CLIMATOLOGICAL DATA (WS FORM: F-6) , PAGE 2
STATION: LAGO VISTA
MONTH: AUGUST
YEAR: 2021
LATITUDE: 30 30 N
LONGITUDE: 97 58 W
[TEMPERATURE DATA] [PRECIPITATION DATA] SYMBOLS USED IN COLUMN 16
AVERAGE MONTHLY: 84.6 TOTAL FOR MONTH: 1.85 1 = FOG OR MIST
DPTR FM NORMAL: 0.0 DPTR FM NORMAL: M 2 = FOG REDUCING VISIBILITY
HIGHEST: 102 ON 31 GRTST 24HR 0.77 ON 2- 2 TO 1/4 MILE OR LESS
LOWEST: 68 ON 16 3 = THUNDER
SNOW, ICE PELLETS, HAIL 4 = ICE PELLETS
TOTAL MONTH: 0.0 INCH 5 = HAIL
GRTST 24HR 0.0 6 = FREEZING RAIN OR DRIZZLE
GRTST DEPTH: 0 7 = DUSTSTORM OR SANDSTORM:
VSBY 1/2 MILE OR LESS
8 = SMOKE OR HAZE
[NO. OF DAYS WITH] [WEATHER - DAYS WITH] 9 = BLOWING SNOW
X = TORNADO
MAX 32 OR BELOW: 0 0.01 INCH OR MORE: 7
MAX 90 OR ABOVE: 28 0.10 INCH OR MORE: 6
MIN 32 OR BELOW: 0 0.50 INCH OR MORE: 2
MIN 0 OR BELOW: 0 1.00 INCH OR MORE: 0
[HDD (BASE 65) ]
TOTAL THIS MO. 0 CLEAR (SCALE 0-3) 10
DPTR FM NORMAL M PTCLDY (SCALE 4-7) 21
TOTAL FM JUL 1 0 CLOUDY (SCALE 8-10) 0
DPTR FM NORMAL M
[CDD (BASE 65) ]
TOTAL THIS MO. 595
DPTR FM NORMAL M [PRESSURE DATA]
TOTAL FM JAN 1 2133 HIGHEST SLP M ON M
DPTR FM NORMAL M LOWEST SLP M ON M
[REMARKS]
#FINAL-08-21#