000
CXUS55 KTWC 010855
CF6SAD
PRELIMINARY LOCAL CLIMATOLOGICAL DATA (WS FORM: F-6)
STATION: SAFFORD AZ AIRPORT
MONTH: JULY
YEAR: 2023
LATITUDE: 32 50 N
LONGITUDE: 109 38 W
TEMPERATURE IN F: :PCPN: SNOW: WIND :SUNSHINE: SKY :PK WND
================================================================================
1 2 3 4 5 6A 6B 7 8 9 10 11 12 13 14 15 16 17 18
12Z AVG MX 2MIN
DY MAX MIN AVG DEP HDD CDD WTR SNW DPTH SPD SPD DIR MIN PSBL S-S WX SPD DR
================================================================================
1 105 64 85 -1 0 20 0.00 M M 7.2 16 270 M M 0 24 260
2 109 75 92 6 0 27 0.00 M M 10.0 23 290 M M 0 32 290
3 110 76 93 7 0 28 0.00 M M 10.4 23 280 M M 0 30 280
4 108 74 91 5 0 26 0.00 M M 13.0 28 290 M M 0 37 290
5 106 71 89 3 0 24 0.00 M M 10.5 23 290 M M 0 8 39 290
6 109 70 90 4 0 25 0.00 M M 7.6 18 310 M M 0 28 310
7 108 74 91 5 0 26 0.00 M M 9.3 22 310 M M 0 28 320
8 108 75 92 6 0 27 0.00 M M 9.5 22 310 M M 0 33 340
9 106 75 91 5 0 26 0.00 M M 8.1 20 300 M M 0 28 290
10 107 78 93 7 0 28 0.00 M M 13.1 24 290 M M 0 33 290
11 108 73 91 5 0 26 0.73 M M 11.7 30 20 M M 1 13 40 20
12 102 77 90 4 0 25 0.02 M M 9.4 26 30 M M 2 38 37 40
13 106 76 91 5 0 26 0.00 M M 8.6 30 260 M M 0 3 38 360
14 107 81 94 8 0 29 0.00 M M 7.9 16 270 M M 0 24 300
15 110 87 99 13 0 34 0.00 M M 10.1 24 20 M M 0 34 40
16 108 75 92 6 0 27 0.00 M M 7.1 17 80 M M 0 25 90
17 111 76 94 8 0 29 0.18 M M 11.9 32 210 M M 0 3 49 210
18 110 73 92 6 0 27 0.00 M M 8.0 30 290 M M 0 39 280
19 113 75 94 8 0 29 0.00 M M 10.3 25 270 M M 0 3 33 260
20 112 79 96 10 0 31 0.00 M M 9.7 32 60 M M 0 3 47 40
21 111 82 97 11 0 32 0.00 M M 8.9 41 50 M M M 3 61 50
22 106 85 96 10 0 31 T M M 10.2 30 70 M M M 3 39 70
23 106 78 92 6 0 27 T M M 9.1 20 160 M M M 3 29 140
24 108 78 93 7 0 28 0.00 M M 3.2 7 120 M M 0 M M
25 110 79 95 9 0 30 0.00 M M 7.5 17 50 M M 0 3 28 60
26 112 74 93 7 0 28 T M M 8.8 36 40 M M 0 3 47 50
27 111 82 97 11 0 32 0.00 M M 9.8 33 60 M M 0 3 45 60
28 109 82 96 11 0 31 T M M 7.7 36 20 M M 0 3 53 20
29 107 80 94 9 0 29 0.00 M M 7.3 29 60 M M 0 3 39 50
30 106 82 94 9 0 29 0.00 M M 11.1 24 140 M M 0 38 120
31 102 75 89 4 0 24 T M M 9.6 33 290 M M 1 3 45 280
================================================================================
SM 3351 2381 0 861 0.93 M 286.6 M 4
================================================================================
AV108.1 76.8 9.2 FASTST M M 0 MAX(MPH)
MISC ----> 41 50 61 50
================================================================================
NOTES:
# LAST OF SEVERAL OCCURRENCES
COLUMN 17 PEAK WIND IN M.P.H.
PRELIMINARY LOCAL CLIMATOLOGICAL DATA (WS FORM: F-6) , PAGE 2
STATION: SAFFORD AZ AIRPORT
MONTH: JULY
YEAR: 2023
LATITUDE: 32 50 N
LONGITUDE: 109 38 W
[TEMPERATURE DATA] [PRECIPITATION DATA] SYMBOLS USED IN COLUMN 16
AVERAGE MONTHLY: 92.5 TOTAL FOR MONTH: 0.93 1 = FOG OR MIST
DPTR FM NORMAL: 6.6 DPTR FM NORMAL: -0.40 2 = FOG REDUCING VISIBILITY
HIGHEST: 113 ON 19 GRTST 24HR 0.75 ON 11-12 TO 1/4 MILE OR LESS
LOWEST: 64 ON 1 3 = THUNDER
SNOW, ICE PELLETS, HAIL 4 = ICE PELLETS
TOTAL MONTH: M 5 = HAIL
GRTST 24HR M ON M 6 = FREEZING RAIN OR DRIZZLE
GRTST DEPTH: M ON M 7 = DUSTSTORM OR SANDSTORM:
VSBY 1/2 MILE OR LESS
8 = SMOKE OR HAZE
[NO. OF DAYS WITH] [WEATHER - DAYS WITH] 9 = BLOWING SNOW
X = TORNADO
MAX 32 OR BELOW: 0 0.01 INCH OR MORE: 3
MAX 90 OR ABOVE: 31 0.10 INCH OR MORE: 2
MIN 32 OR BELOW: 0 0.50 INCH OR MORE: 1
MIN 0 OR BELOW: 0 1.00 INCH OR MORE: 0
[HDD (BASE 65) ]
TOTAL THIS MO. 0 CLEAR (SCALE 0-3) 28
DPTR FM NORMAL 0 PTCLDY (SCALE 4-7) 0
TOTAL FM JUL 1 0 CLOUDY (SCALE 8-10) 3
DPTR FM NORMAL 0
[CDD (BASE 65) ]
TOTAL THIS MO. 861
DPTR FM NORMAL 212 [PRESSURE DATA]
TOTAL FM JAN 1 1712 HIGHEST SLP M ON M
DPTR FM NORMAL 157 LOWEST SLP 29.54 ON 7
[REMARKS]
#FINAL-07-23#