000
CXUS56 KLOX 011155
CF6SBA
PRELIMINARY LOCAL CLIMATOLOGICAL DATA (WS FORM: F-6)
STATION: SANTA BARBARA AIRPORT CA
MONTH: SEPTEMBER
YEAR: 2021
LATITUDE: 34 25 N
LONGITUDE: 119 50 W
TEMPERATURE IN F: :PCPN: SNOW: WIND :SUNSHINE: SKY :PK WND
================================================================================
1 2 3 4 5 6A 6B 7 8 9 10 11 12 13 14 15 16 17 18
12Z AVG MX 2MIN
DY MAX MIN AVG DEP HDD CDD WTR SNW DPTH SPD SPD DIR MIN PSBL S-S WX SPD DR
================================================================================
1 76 57 67 1 0 2 0.00 M M 4.5 13 260 M M 6 18 19 160
2 72 55 64 -2 1 0 0.00 M M 7.1 17 250 M M 1 18 20 260
3 72 54 63 -3 2 0 0.00 M M 5.1 14 250 M M 0 18 16 240
4 75 50 63 -3 2 0 0.00 M M 4.1 14 260 M M 2 128 17 270
5 77 52 65 -1 0 0 0.00 M M 3.9 10 240 M M 1 128 13 230
6 76 58 67 1 0 2 0.00 M M 6.3 14 130 M M 2 18 18 130
7 78 62 70 4 0 5 0.00 M M 5.7 M M M M 4 18 M M
8 70 60 65 -1 0 0 0.00 M M 5.0 15 270 M M 8 128 27 360
9 78 60 69 3 0 4 0.00 M M 5.0 15 250 M M 5 128 18 250
10 75 60 68 3 0 3 0.00 M M 4.7 12 240 M M 5 128 13 240
11 77 57 67 2 0 2 0.00 M M 3.7 10 250 M M 0 8 13 240
12 71 51 61 -4 4 0 0.00 M M 4.3 13 260 M M 3 128 25 250
13 68 56 62 -3 3 0 0.00 M M 6.4 13 170 M M 8 18 59 100
14 67 57 62 -3 3 0 0.00 M M 5.0 13 260 M M 6 18 16 80
15 67 56 62 -3 3 0 0.00 M M 5.1 15 250 M M 5 18 19 270
16 66 54 60 -5 5 0 0.00 M M 6.4 13 260 M M 6 18 M M
17 69 51 60 -5 5 0 0.00 M M 5.9 13 280 M M 5 8 25 320
18 69 46 58 -7 7 0 0.00 M M 4.3 15 280 M M 2 M M
19 68 49 59 -6 6 0 0.00 M M 4.7 15 140 M M 0 8 18 150
20 73 54 64 -1 1 0 0.00 M M 4.1 10 140 M M 0 18 14 140
21 75 56 66 1 0 1 0.00 M M 3.8 13 260 M M 2 18 33 320
22 76 53 65 0 0 0 0.00 M M 4.5 13 260 M M 1 128 16 270
23 67 53 60 -4 5 0 0.00 M M 5.2 13 240 M M 5 18 M M
24 62 55 59 -5 6 0 0.00 M M 3.1 9 260 M M 8 18 12 260
25 66 56 61 -3 4 0 0.00 M M 4.6 13 250 M M 6 18 M M
26 66 59 63 -1 2 0 0.00 M M 5.1 10 260 M M 10 18 12 250
27 67 52 60 -4 5 0 0.00 M M 3.4 13 260 M M 8 18 31 110
28 69 48 59 -5 6 0 0.00 M M 3.3 9 230 M M 3 12 200
29 72 47 60 -4 5 0 0.00 M M 3.9 10 160 M M 0 1 13 160
30 89 46 68 4 0 3 0.00 M M 3.2 14 250 M M 0 8 18 250
================================================================================
SM 2153 1624 75 22 0.00 M 141.4 M 112
================================================================================
AV 71.8 54.1 4.7 FASTST M M 4 MAX(MPH)
MISC ----> 17 250 59 100
================================================================================
NOTES:
# LAST OF SEVERAL OCCURRENCES
COLUMN 17 PEAK WIND IN M.P.H.
PRELIMINARY LOCAL CLIMATOLOGICAL DATA (WS FORM: F-6) , PAGE 2
STATION: SANTA BARBARA AIRPORT CA
MONTH: SEPTEMBER
YEAR: 2021
LATITUDE: 34 25 N
LONGITUDE: 119 50 W
[TEMPERATURE DATA] [PRECIPITATION DATA] SYMBOLS USED IN COLUMN 16
AVERAGE MONTHLY: 63.0 TOTAL FOR MONTH: 0.00 1 = FOG OR MIST
DPTR FM NORMAL: -2.0 DPTR FM NORMAL: -0.07 2 = FOG REDUCING VISIBILITY
HIGHEST: 89 ON 30 GRTST 24HR 0.00 ON 1- 1 TO 1/4 MILE OR LESS
LOWEST: 46 ON 30,18 3 = THUNDER
SNOW, ICE PELLETS, HAIL 4 = ICE PELLETS
TOTAL MONTH: M 5 = HAIL
GRTST 24HR M ON M 6 = FREEZING RAIN OR DRIZZLE
GRTST DEPTH: M ON M 7 = DUSTSTORM OR SANDSTORM:
VSBY 1/2 MILE OR LESS
8 = SMOKE OR HAZE
[NO. OF DAYS WITH] [WEATHER - DAYS WITH] 9 = BLOWING SNOW
X = TORNADO
MAX 32 OR BELOW: 0 0.01 INCH OR MORE: 0
MAX 90 OR ABOVE: 0 0.10 INCH OR MORE: 0
MIN 32 OR BELOW: 0 0.50 INCH OR MORE: 0
MIN 0 OR BELOW: 0 1.00 INCH OR MORE: 0
[HDD (BASE 65) ]
TOTAL THIS MO. 75 CLEAR (SCALE 0-3) 15
DPTR FM NORMAL 31 PTCLDY (SCALE 4-7) 13
TOTAL FM JUL 1 84 CLOUDY (SCALE 8-10) 2
DPTR FM NORMAL -10
[CDD (BASE 65) ]
TOTAL THIS MO. 22
DPTR FM NORMAL -22 [PRESSURE DATA]
TOTAL FM JAN 1 173 HIGHEST SLP 30.11 ON 22
DPTR FM NORMAL -15 LOWEST SLP 29.78 ON 8
[REMARKS]
#FINAL-09-21#