000
CXUS56 KLOX 011814
CF6SBA
PRELIMINARY LOCAL CLIMATOLOGICAL DATA (WS FORM: F-6)
STATION: SANTA BARBARA AIRPORT CA
MONTH: DECEMBER
YEAR: 2020
LATITUDE: 34 25 N
LONGITUDE: 119 50 W
TEMPERATURE IN F: :PCPN: SNOW: WIND :SUNSHINE: SKY :PK WND
================================================================================
1 2 3 4 5 6A 6B 7 8 9 10 11 12 13 14 15 16 17 18
12Z AVG MX 2MIN
DY MAX MIN AVG DEP HDD CDD WTR SNW DPTH SPD SPD DIR MIN PSBL S-S WX SPD DR
================================================================================
1 75 33 54 1 11 0 0.00 M M 1.9 9 230 M M M 12 230
2 73 36 55 2 10 0 0.00 0.0 M 2.5 10 240 M M 0 1 18 230
3 70 35 53 0 12 0 0.00 0.0 0 3.5 15 260 M M 0 18 240
4 68 34 51 -2 14 0 0.00 0.0 0 3.5 16 260 M M 0 8 22 270
5 68 39 54 1 11 0 0.00 0.0 0 2.3 12 260 M M 0 14 260
6 67 35 51 -1 14 0 0.00 0.0 0 1.9 8 220 M M 0 10 210
7 74 37 56 4 9 0 0.00 0.0 0 3.5 12 140 M M 0 15 160
8 80 39 60 8 5 0 0.00 0.0 0 2.5 10 240 M M 2 13 240
9 75 41 58 6 7 0 0.00 0.0 0 2.6 15 270 M M 0 26 280
10 62 42 52 0 13 0 0.00 M M 5.2 12 80 M M 2 1 14 40
11 61 37 49 -3 16 0 0.00 M M 3.6 12 80 M M 2 1 14 230
12 72 42 57 5 8 0 T M M 13.9 31 260 M M 1 39 250
13 66 41 54 2 11 0 0.00 M M 4.5 15 260 M M 3 18 260
14 68 48 58 6 7 0 0.00 M M 9.4 23 350 M M 0 32 300
15 67 40 54 2 11 0 0.00 M M 3.7 15 360 M M 0 20 20
16 70 35 53 1 12 0 0.00 M M 2.9 10 250 M M 0 12 240
17 69 45 57 5 8 0 T M M 8.3 25 300 M M 1 45 350
18 67 38 53 1 12 0 0.00 M M 3.7 16 350 M M 0 20 320
19 67 34 51 -1 14 0 0.00 M M 2.1 9 250 M M 0 11 250
20 75 33 54 2 11 0 0.00 M M 1.9 8 300 M M 0 10 230
21 77 36 57 6 8 0 0.00 M M 2.5 12 260 M M 0 1 14 250
22 63 38 51 0 14 0 0.00 M M 1.8 7 220 M M 0 1 9 180
23 66 42 54 3 11 0 0.00 M M 2.3 9 230 M M 1 128 12 250
24 70 40 55 4 10 0 0.00 M M 2.3 12 110 M M 2 16 130
25 66 38 52 1 13 0 0.00 M M 3.3 15 260 M M 0 19 250
26 74 38 56 5 9 0 0.00 M M 2.9 13 130 M M 2 8 15 130
27 63 44 54 3 11 0 0.65 M M 5.6 23 250 M M 4 18 84 330
28 55 41 48 -4 17 0 1.25 M M 5.0 20 240 M M 8 18 27 210
29 62 36 49 -3 16 0 0.00 M M 2.0 10 240 M M 0 1 12 240
30 69 33 51 -1 14 0 0.00 M M 2.2 15 350 M M 0 18 360
31 67 43 55 3 10 0 0.00 M M 9.8 26 260 M M 1 33 260
================================================================================
SM 2126 1193 349 0 1.90 0.0 123.1 M 29
================================================================================
AV 68.6 38.5 4.0 FASTST M M 1 MAX(MPH)
MISC ----> 31 260 84 330
================================================================================
NOTES:
# LAST OF SEVERAL OCCURRENCES
COLUMN 17 PEAK WIND IN M.P.H.
PRELIMINARY LOCAL CLIMATOLOGICAL DATA (WS FORM: F-6) , PAGE 2
STATION: SANTA BARBARA AIRPORT CA
MONTH: DECEMBER
YEAR: 2020
LATITUDE: 34 25 N
LONGITUDE: 119 50 W
[TEMPERATURE DATA] [PRECIPITATION DATA] SYMBOLS USED IN COLUMN 16
AVERAGE MONTHLY: 53.5 TOTAL FOR MONTH: 1.90 1 = FOG OR MIST
DPTR FM NORMAL: 1.6 DPTR FM NORMAL: -1.04 2 = FOG REDUCING VISIBILITY
HIGHEST: 80 ON 8 GRTST 24HR 1.90 ON 27-28 TO 1/4 MILE OR LESS
LOWEST: 33 ON 20,30 3 = THUNDER
SNOW, ICE PELLETS, HAIL 4 = ICE PELLETS
TOTAL MONTH: 0.0 INCH 5 = HAIL
GRTST 24HR 0.0 6 = FREEZING RAIN OR DRIZZLE
GRTST DEPTH: 0 7 = DUSTSTORM OR SANDSTORM:
VSBY 1/2 MILE OR LESS
8 = SMOKE OR HAZE
[NO. OF DAYS WITH] [WEATHER - DAYS WITH] 9 = BLOWING SNOW
X = TORNADO
MAX 32 OR BELOW: 0 0.01 INCH OR MORE: 2
MAX 90 OR ABOVE: 0 0.10 INCH OR MORE: 2
MIN 32 OR BELOW: 0 0.50 INCH OR MORE: 2
MIN 0 OR BELOW: 0 1.00 INCH OR MORE: 1
[HDD (BASE 65) ]
TOTAL THIS MO. 349 CLEAR (SCALE 0-3) 28
DPTR FM NORMAL -57 PTCLDY (SCALE 4-7) 2
TOTAL FM JUL 1 722 CLOUDY (SCALE 8-10) 1
DPTR FM NORMAL -165
[CDD (BASE 65) ]
TOTAL THIS MO. 0
DPTR FM NORMAL 0 [PRESSURE DATA]
TOTAL FM JAN 1 370 HIGHEST SLP 30.31 ON 19
DPTR FM NORMAL 182 LOWEST SLP 29.77 ON 28
[REMARKS]
#FINAL-12-20#