000
CXUS53 KMKX 010910
CF6SBM
PRELIMINARY LOCAL CLIMATOLOGICAL DATA (WS FORM: F-6)
STATION: SHEBOYGAN WI
MONTH: FEBRUARY
YEAR: 2022
LATITUDE: 43 46 N
LONGITUDE: 87 51 W
TEMPERATURE IN F: :PCPN: SNOW: WIND :SUNSHINE: SKY :PK WND
================================================================================
1 2 3 4 5 6A 6B 7 8 9 10 11 12 13 14 15 16 17 18
12Z AVG MX 2MIN
DY MAX MIN AVG DEP HDD CDD WTR SNW DPTH SPD SPD DIR MIN PSBL S-S WX SPD DR
================================================================================
1 45 23 34 15 31 0 0.00 M M 15.9 24 170 M M 0 8 34 170
2 23 13 18 -1 47 0 0.00 M M 12.7 22 310 M M 6 29 300
3 18 6 12 -7 53 0 T M M 11.4 18 340 M M 3 25 360
4 22 6 14 -6 51 0 T M M 6.9 15 330 M M 9 18 24 340
5 22 1 12 -8 53 0 T M M 11.4 24 180 M M 4 8 32 180
6 39 19 29 9 36 0 0.00 M M 9.0 17 210 M M 6 1 25 240
7 27 14 21 1 44 0 T M M 8.6 15 310 M M 7 1 22 320
8 35 16 26 6 39 0 0.00 M M 8.9 21 170 M M 3 1 29 170
9 40 26 33 13 32 0 T M M 12.7 22 260 M M 9 29 240
10 30 23 27 6 38 0 0.01 M M 13.7 23 190 M M 9 18 30 170
11 42 13 28 7 37 0 0.01 M M 16.3 33 210 M M 10 1 45 210
12 14 5 10 -11 55 0 0.00 M M 9.2 23 330 M M 2 33 330
13 18 5 12 -9 53 0 T M M 7.1 16 330 M M 5 8 21 360
14 22 6 14 -8 51 0 0.00 M M 4.2 15 260 M M 6 21 300
15 35 5 20 -2 45 0 0.00 M M 9.3 23 160 M M 3 8 38 170
16 49 34 42 20 23 0 T M M 12.7 23 210 M M 6 18 33 210
17 35 11 23 1 42 0 0.00 M M 10.4 17 10 M M 6 26 10
18 34 1 18 -5 47 0 0.02 M M 17.2 38 220 M M 5 1289 52 320
19 18 2 10 -13 55 0 0.00 M M 16.3 30 310 M M 3 43 290
20 52 18 35 12 30 0 0.00 M M 17.7 33 220 M M 0 46 220
21 34 28 31 7 34 0 0.01 M M 19.7 29 40 M M 10 16 38 40
22 31 17 24 0 41 0 0.21 M M 13.7 24 330 M M 10 126 33 320
23 23 12 18 -6 47 0 0.00 M M 9.6 17 350 M M 5 25 320
24 24 18 21 -4 44 0 0.02 M M 12.9 24 60 M M 10 12 31 60
25 26 6 16 -9 49 0 0.03 M M 8.1 16 340 M M 6 12 23 360
26 29 5 17 -9 48 0 0.00 M M 15.0 26 250 M M 0 35 260
27 33 11 22 -4 43 0 0.00 M M 9.1 24 260 M M 1 33 270
28 43 11 27 1 38 0 0.00 M M 6.1 24 170 M M 4 35 170
================================================================================
SM 863 355 1206 0 0.31 M 325.8 M 148
================================================================================
AV 30.8 12.7 11.6 FASTST M M 5 MAX(MPH)
MISC ----> 38 220 52 320
================================================================================
NOTES:
# LAST OF SEVERAL OCCURRENCES
COLUMN 17 PEAK WIND IN M.P.H.
PRELIMINARY LOCAL CLIMATOLOGICAL DATA (WS FORM: F-6) , PAGE 2
STATION: SHEBOYGAN WI
MONTH: FEBRUARY
YEAR: 2022
LATITUDE: 43 46 N
LONGITUDE: 87 51 W
[TEMPERATURE DATA] [PRECIPITATION DATA] SYMBOLS USED IN COLUMN 16
AVERAGE MONTHLY: 21.8 TOTAL FOR MONTH: 0.31 1 = FOG OR MIST
DPTR FM NORMAL: -0.4 DPTR FM NORMAL: -0.65 2 = FOG REDUCING VISIBILITY
HIGHEST: 52 ON 20 GRTST 24HR 0.22 ON 21-22 TO 1/4 MILE OR LESS
LOWEST: 1 ON 18, 5 3 = THUNDER
SNOW, ICE PELLETS, HAIL 4 = ICE PELLETS
TOTAL MONTH: M 5 = HAIL
GRTST 24HR M ON M 6 = FREEZING RAIN OR DRIZZLE
GRTST DEPTH: M ON M 7 = DUSTSTORM OR SANDSTORM:
VSBY 1/2 MILE OR LESS
8 = SMOKE OR HAZE
[NO. OF DAYS WITH] [WEATHER - DAYS WITH] 9 = BLOWING SNOW
X = TORNADO
MAX 32 OR BELOW: 15 0.01 INCH OR MORE: 7
MAX 90 OR ABOVE: 0 0.10 INCH OR MORE: 1
MIN 32 OR BELOW: 27 0.50 INCH OR MORE: 0
MIN 0 OR BELOW: 0 1.00 INCH OR MORE: 0
[HDD (BASE 65) ]
TOTAL THIS MO. 1206 CLEAR (SCALE 0-3) 6
DPTR FM NORMAL 5 PTCLDY (SCALE 4-7) 15
TOTAL FM JUL 1 4925 CLOUDY (SCALE 8-10) 7
DPTR FM NORMAL -529
[CDD (BASE 65) ]
TOTAL THIS MO. 0
DPTR FM NORMAL 0 [PRESSURE DATA]
TOTAL FM JAN 1 0 HIGHEST SLP 30.62 ON 3
DPTR FM NORMAL 0 LOWEST SLP 29.33 ON 11
[REMARKS]
#FINAL-02-22#