000
CXUS53 KIWX 010910
CF6SBN
PRELIMINARY LOCAL CLIMATOLOGICAL DATA (WS FORM: F-6)
STATION: SOUTH BEND
MONTH: DECEMBER
YEAR: 2020
LATITUDE: 41 42 N
LONGITUDE: 86 19 W
TEMPERATURE IN F: :PCPN: SNOW: WIND :SUNSHINE: SKY :PK WND
================================================================================
1 2 3 4 5 6A 6B 7 8 9 10 11 12 13 14 15 16 17 18
12Z AVG MX 2MIN
DY MAX MIN AVG DEP HDD CDD WTR SNW DPTH SPD SPD DIR MIN PSBL S-S WX SPD DR
================================================================================
1 36 30 33 -1 32 0 T T 0 15.1 24 320 M M 10 18 33 330
2 45 23 34 1 31 0 0.00 0.0 0 7.3 15 290 M M 0 19 230
3 44 25 35 2 30 0 0.00 0.0 0 11.0 24 210 M M 0 31 220
4 46 31 39 7 26 0 0.00 0.0 0 10.4 20 250 M M 2 27 240
5 38 31 35 3 30 0 0.00 0.0 0 6.4 17 360 M M 10 23 360
6 35 28 32 0 33 0 0.00 0.0 0 2.3 7 40 M M 9 10 60
7 35 30 33 2 32 0 0.00 0.0 0 3.4 10 300 M M 10 14 330
8 37 32 35 4 30 0 T T 0 10.6 21 250 M M 10 31 260
9 50 28 39 8 26 0 0.00 0.0 0 6.2 21 240 M M 3 18 28 250
10 55 25 40 10 25 0 0.00 0.0 0 5.2 15 150 M M 0 18 19 170
11 51 28 40 10 25 0 0.09 0.0 0 4.5 18 90 M M 3 18 28 100
12 53 36 45 15 20 0 1.24 0.0 0 11.3 26 240 M M 10 1 38 240
13 37 33 35 6 30 0 0.02 T 0 7.3 15 250 M M 10 1 20 250
14 34 21 28 -1 37 0 T T 0 9.7 20 300 M M 9 27 290
15 31 18 25 -4 40 0 0.00 0.0 0 5.6 14 100 M M 0 19 80
16 31 25 28 0 37 0 0.04 0.8 T 7.4 15 90 M M 8 18 22 80
17 31 28 30 2 35 0 T T 1 3.3 8 30 M M 10 11 30
18 37 24 31 3 34 0 T T T 9.8 18 170 M M 3 18 25 180
19 42 33 38 10 27 0 0.00 0.0 0 10.5 18 190 M M 8 24 190
20 40 33 37 10 28 0 0.00 0.0 0 9.3 18 220 M M 7 18 23 190
21 45 30 38 11 27 0 0.04 0.0 0 12.7 25 280 M M 7 18 34 270
22 41 36 39 12 26 0 T 0.0 0 11.5 24 300 M M 8 32 310
23 53 37 45 18 20 0 0.31 0.0 0 19.7 31 190 M M 6 1 44 190
24 43 13 28 2 37 0 0.03 1.0 0 16.4 33 250 M M 10 18 43 250
25 21 14 18 -8 47 0 0.30 11.8 9 13.8 23 290 M M 10 12 32 280
26 27 9 18 -8 47 0 0.00 0.0 9 8.3 17 240 M M 7 28 24 230
27 46 9 28 2 37 0 0.04 0.0 6 10.6 23 260 M M 2 18 34 260
28 37 21 29 3 36 0 T T T 11.4 25 280 M M 7 8 34 290
29 31 16 24 -2 41 0 0.11 1.7 T 9.5 26 150 M M 4 18 41 140
30 38 28 33 7 32 0 0.15 0.1 2 14.6 24 270 M M 10 16 34 270
31 31 19 25 0 40 0 0.00 0.0 T 4.2 16 290 M M 7 18 23 290
================================================================================
SM 1221 794 998 0 2.37 15.4 289.3 M 200
================================================================================
AV 39.4 25.6 9.3 FASTST M M 6 MAX(MPH)
MISC ----> 33 250 44 190
================================================================================
NOTES:
# LAST OF SEVERAL OCCURRENCES
COLUMN 17 PEAK WIND IN M.P.H.
PRELIMINARY LOCAL CLIMATOLOGICAL DATA (WS FORM: F-6) , PAGE 2
STATION: SOUTH BEND
MONTH: DECEMBER
YEAR: 2020
LATITUDE: 41 42 N
LONGITUDE: 86 19 W
[TEMPERATURE DATA] [PRECIPITATION DATA] SYMBOLS USED IN COLUMN 16
AVERAGE MONTHLY: 32.5 TOTAL FOR MONTH: 2.37 1 = FOG OR MIST
DPTR FM NORMAL: 3.7 DPTR FM NORMAL: -0.24 2 = FOG REDUCING VISIBILITY
HIGHEST: 55 ON 10 GRTST 24HR 1.33 ON 11-12 TO 1/4 MILE OR LESS
LOWEST: 9 ON 27,26 3 = THUNDER
SNOW, ICE PELLETS, HAIL 4 = ICE PELLETS
TOTAL MONTH: 15.4 INCHES 5 = HAIL
GRTST 24HR 11.8 ON 25-25 6 = FREEZING RAIN OR DRIZZLE
GRTST DEPTH: 9 ON 26,25 7 = DUSTSTORM OR SANDSTORM:
VSBY 1/2 MILE OR LESS
8 = SMOKE OR HAZE
[NO. OF DAYS WITH] [WEATHER - DAYS WITH] 9 = BLOWING SNOW
X = TORNADO
MAX 32 OR BELOW: 7 0.01 INCH OR MORE: 11
MAX 90 OR ABOVE: 0 0.10 INCH OR MORE: 5
MIN 32 OR BELOW: 25 0.50 INCH OR MORE: 1
MIN 0 OR BELOW: 0 1.00 INCH OR MORE: 1
[HDD (BASE 65) ]
TOTAL THIS MO. 998 CLEAR (SCALE 0-3) 8
DPTR FM NORMAL -124 PTCLDY (SCALE 4-7) 10
TOTAL FM JUL 1 2074 CLOUDY (SCALE 8-10) 13
DPTR FM NORMAL -316
[CDD (BASE 65) ]
TOTAL THIS MO. 0
DPTR FM NORMAL 0 [PRESSURE DATA]
TOTAL FM JAN 1 978 HIGHEST SLP 30.59 ON 29
DPTR FM NORMAL 205 LOWEST SLP 29.48 ON 23
[REMARKS]
#FINAL-12-20#