000
CXUS51 KAKQ 011033
CF6SBY
PRELIMINARY LOCAL CLIMATOLOGICAL DATA (WS FORM: F-6)
STATION: SALISBURY MD
MONTH: MAY
YEAR: 2021
LATITUDE: 38 20 N
LONGITUDE: 75 30 W
TEMPERATURE IN F: :PCPN: SNOW: WIND :SUNSHINE: SKY :PK WND
================================================================================
1 2 3 4 5 6A 6B 7 8 9 10 11 12 13 14 15 16 17 18
12Z AVG MX 2MIN
DY MAX MIN AVG DEP HDD CDD WTR SNW DPTH SPD SPD DIR MIN PSBL S-S WX SPD DR
================================================================================
1 67 47 57 -3 8 0 0.00 0.0 0 12.5 25 330 M M 0 35 320
2 82 50 66 6 0 1 0.00 0.0 0 10.7 21 220 M M 2 29 220
3 81 65 73 13 0 8 0.26 0.0 0 10.2 18 200 M M 3 1 21 190
4 86 67 77 16 0 12 0.72 0.0 0 9.0 22 290 M M 2 13 30 290
5 81 59 70 9 0 5 0.72 0.0 0 9.1 35 330 M M 4 123 46 320
6 66 48 57 -4 8 0 0.00 0.0 0 5.6 18 320 M M 2 22 360
7 69 43 56 -6 9 0 0.05 0.0 0 5.4 21 280 M M 5 3 28 280
8 62 44 53 -9 12 0 0.11 0.0 0 7.6 35 310 M M 4 3 48 320
9 72 40 56 -6 9 0 0.00 0.0 0 7.4 25 200 M M 4 35 200
10 71 48 60 -2 5 0 0.04 0.0 0 7.8 21 210 M M 4 28 210
11 70 44 57 -5 8 0 0.00 0.0 0 3.5 15 240 M M 4 1 22 260
12 65 47 56 -7 9 0 0.00 0.0 0 7.4 20 340 M M 2 26 330
13 72 44 58 -5 7 0 0.00 0.0 0 5.1 17 340 M M 1 23 350
14 73 41 57 -6 8 0 0.01 0.0 0 2.7 14 170 M M 2 17 170
15 76 44 60 -4 5 0 0.00 0.0 0 4.2 15 110 M M 1 19 110
16 74 41 58 -6 7 0 0.00 0.0 0 2.6 15 160 M M 1 20 170
17 76 45 61 -3 4 0 0.00 0.0 0 3.7 15 130 M M 2 18 130
18 80 44 62 -2 3 0 0.00 0.0 0 3.9 15 150 M M 0 19 160
19 86 50 68 4 0 3 0.00 0.0 0 4.0 15 240 M M 0 19 260
20 80 52 66 1 0 1 0.00 0.0 0 6.4 18 110 M M 0 24 100
21 80 48 64 -1 1 0 0.00 0.0 0 4.3 12 120 M M 0 21 90
22 89 53 71 6 0 6 0.00 0.0 0 6.4 16 260 M M 0 20 260
23 93 72 83 17 0 18 T 0.0 0 7.4 23 320 M M 1 30 310
24 78 58 68 2 0 3 T 0.0 0 10.4 23 50 M M 9 30 70
25 74 54 64 -2 1 0 0.03 0.0 0 6.3 13 180 M M 10 1 15 190
26 91 65 78 12 0 13 0.00 0.0 0 9.1 21 200 M M 2 1 34 280
27 88 66 77 10 0 12 0.02 0.0 0 4.9 14 310 M M 3 3 18 360
28 81 63 72 5 0 7 0.13 0.0 0 8.5 18 110 M M 6 1 24 120
29 71 53 62 -5 3 0 1.33 0.0 0 14.6 23 50 M M 10 13 31 50
30 56 49 53 -15 12 0 1.03 0.0 0 10.2 18 340 M M 10 1 26 40
31 72 47 60 -8 5 0 0.00 0.0 0 5.5 16 330 M M 3 20 310
================================================================================
SM 2362 1591 124 89 4.45 0.0 216.4 M 97
================================================================================
AV 76.2 51.3 7.0 FASTST M M 3 MAX(MPH)
MISC ----> # 35 330 48 320
================================================================================
NOTES:
# LAST OF SEVERAL OCCURRENCES
COLUMN 17 PEAK WIND IN M.P.H.
PRELIMINARY LOCAL CLIMATOLOGICAL DATA (WS FORM: F-6) , PAGE 2
STATION: SALISBURY MD
MONTH: MAY
YEAR: 2021
LATITUDE: 38 20 N
LONGITUDE: 75 30 W
[TEMPERATURE DATA] [PRECIPITATION DATA] SYMBOLS USED IN COLUMN 16
AVERAGE MONTHLY: 63.8 TOTAL FOR MONTH: 4.45 1 = FOG OR MIST
DPTR FM NORMAL: 0.0 DPTR FM NORMAL: 0.72 2 = FOG REDUCING VISIBILITY
HIGHEST: 93 ON 23 GRTST 24HR 2.24 ON 29-30 TO 1/4 MILE OR LESS
LOWEST: 40 ON 9 3 = THUNDER
SNOW, ICE PELLETS, HAIL 4 = ICE PELLETS
TOTAL MONTH: 0.0 INCH 5 = HAIL
GRTST 24HR 0.0 6 = FREEZING RAIN OR DRIZZLE
GRTST DEPTH: 0 7 = DUSTSTORM OR SANDSTORM:
VSBY 1/2 MILE OR LESS
8 = SMOKE OR HAZE
[NO. OF DAYS WITH] [WEATHER - DAYS WITH] 9 = BLOWING SNOW
X = TORNADO
MAX 32 OR BELOW: 0 0.01 INCH OR MORE: 12
MAX 90 OR ABOVE: 2 0.10 INCH OR MORE: 7
MIN 32 OR BELOW: 0 0.50 INCH OR MORE: 4
MIN 0 OR BELOW: 0 1.00 INCH OR MORE: 2
[HDD (BASE 65) ]
TOTAL THIS MO. 124 CLEAR (SCALE 0-3) 18
DPTR FM NORMAL 2 PTCLDY (SCALE 4-7) 9
TOTAL FM JUL 1 3755 CLOUDY (SCALE 8-10) 4
DPTR FM NORMAL -439
[CDD (BASE 65) ]
TOTAL THIS MO. 89
DPTR FM NORMAL 5 [PRESSURE DATA]
TOTAL FM JAN 1 123 HIGHEST SLP 30.54 ON 21
DPTR FM NORMAL 15 LOWEST SLP 29.65 ON 5
[REMARKS]
#FINAL-05-21#