770
CXUS56 KLOX 011655
CF6SDB
PRELIMINARY LOCAL CLIMATOLOGICAL DATA (WS FORM: F-6)
STATION: SANDBERG CA
MONTH: DECEMBER
YEAR: 2019
LATITUDE: 34 45 N
LONGITUDE: 118 44 W
TEMPERATURE IN F: :PCPN: SNOW: WIND :SUNSHINE: SKY :PK WND
================================================================================
1 2 3 4 5 6A 6B 7 8 9 10 11 12 13 14 15 16 17 18
12Z AVG MX 2MIN
DY MAX MIN AVG DEP HDD CDD WTR SNW DPTH SPD SPD DIR MIN PSBL S-S WX SPD DR
================================================================================
1 38 32 35 -9 30 0 T M 0 M M M M M M 12 M M
2 45 36 41 -3 24 0 0.00 0.0 M 10.9 21 60 M M 0 26 60
3 46 39 43 -1 22 0 0.01 M 0 14.6 24 60 M M 3 31 60
4 45 38 42 -1 23 0 1.12 M 0 10.8 22 60 M M 10 12 31 60
5 47 39 43 0 22 0 0.01 M 0 12.7 24 80 M M 7 12 30 60
6 49 41 45 2 20 0 0.12 M 0 11.5 24 60 M M 9 12 30 70
7 50 46 48 5 17 0 0.14 M M 10.8 21 190 M M 9 12 27 190
8 49 39 44 1 21 0 0.16 M 0 10.8 24 320 M M 9 12 29 330
9 53 39 46 4 19 0 0.00 0.0 0 11.8 29 340 M M 2 12 34 330
10 53 44 49 7 16 0 0.00 0.0 0 9.6 18 50 M M 0 23 50
11 58 42 50 8 15 0 0.00 0.0 0 14.7 30 310 M M 0 36 320
12 60 47 54 12 11 0 0.00 0.0 0 18.6 39 330 M M 0 49 320
13 68 47 58 16 7 0 0.00 0.0 0 12.2 25 310 M M 1 12 33 320
14 51 36 44 2 21 0 0.01 M 0 19.2 32 310 M M 8 12 40 320
15 36 32 34 -8 31 0 0.01 M 0 17.6 39 330 M M 8 12 46 340
16 42 32 37 -5 28 0 0.00 0.0 0 22.8 41 70 M M 0 50 70
17 41 31 36 -6 29 0 0.00 0.0 0 31.9 47 60 M M 0 58 70
18 47 33 40 -2 25 0 0.00 0.0 0 11.7 28 320 M M 2 34 70
19 51 35 43 1 22 0 0.00 0.0 0 11.0 24 340 M M 0 30 340
20 52 43 48 6 17 0 0.00 0.0 0 19.4 25 60 M M 0 31 60
21 51 41 46 4 19 0 0.00 0.0 0 16.1 29 90 M M 0 36 90
22 53 37 45 3 20 0 0.33 M 0 19.3 37 170 M M 4 12 48 190
23 38 34 36 -6 29 0 0.53 M 0 10.1 26 60 M M 10 12 32 60
24 42 33 38 -4 27 0 0.00 0.0 0 9.5 18 320 M M 5 12 22 320
25 42 30 36 -6 29 0 0.93 M 0 13.7 29 130 M M 7 12 43 150
26 33 29 31 -11 34 0 0.92 M 0 16.6 25 70 M M 10 12 36 50
27 38 29 34 -8 31 0 0.00 0.0 M 10.0 26 60 M M 0 1 36 50
28 45 33 39 -3 26 0 0.00 0.0 0 7.4 15 50 M M 0 20 50
29 44 35 40 -2 25 0 0.00 0.0 0 9.6 17 60 M M 3 12 22 170
30 38 31 35 -7 30 0 0.05 M 0 19.2 41 60 M M 6 12 49 70
31 44 34 39 -3 26 0 0.00 0.0 0 12.3 25 60 M M 0 31 60
================================================================================
SM 1449 1137 716 0 4.34 0.0 426.5 M 113
================================================================================
AV 46.7 36.7 14.2 FASTST M M 4 MAX(MPH)
MISC ----> 99999 M # 58 70
================================================================================
NOTES:
# LAST OF SEVERAL OCCURRENCES
COLUMN 17 PEAK WIND IN M.P.H.
PRELIMINARY LOCAL CLIMATOLOGICAL DATA (WS FORM: F-6) , PAGE 2
STATION: SANDBERG CA
MONTH: DECEMBER
YEAR: 2019
LATITUDE: 34 45 N
LONGITUDE: 118 44 W
[TEMPERATURE DATA] [PRECIPITATION DATA] SYMBOLS USED IN COLUMN 16
AVERAGE MONTHLY: 41.7 TOTAL FOR MONTH: 4.34 1 = FOG OR MIST
DPTR FM NORMAL: -0.6 DPTR FM NORMAL: 2.09 2 = FOG REDUCING VISIBILITY
HIGHEST: 68 ON 13 GRTST 24HR 1.12 ON 4- 4 TO 1/4 MILE OR LESS
LOWEST: 29 ON 27,26 3 = THUNDER
SNOW, ICE PELLETS, HAIL 4 = ICE PELLETS
TOTAL MONTH: 0.0 INCH 5 = HAIL
GRTST 24HR 0.0 6 = FREEZING RAIN OR DRIZZLE
GRTST DEPTH: 0 7 = DUSTSTORM OR SANDSTORM:
VSBY 1/2 MILE OR LESS
8 = SMOKE OR HAZE
[NO. OF DAYS WITH] [WEATHER - DAYS WITH] 9 = BLOWING SNOW
X = TORNADO
MAX 32 OR BELOW: 0 0.01 INCH OR MORE: 13
MAX 90 OR ABOVE: 0 0.10 INCH OR MORE: 8
MIN 32 OR BELOW: 8 0.50 INCH OR MORE: 4
MIN 0 OR BELOW: 0 1.00 INCH OR MORE: 1
[HDD (BASE 65) ]
TOTAL THIS MO. 716 CLEAR (SCALE 0-3) 16
DPTR FM NORMAL 14 PTCLDY (SCALE 4-7) 8
TOTAL FM JUL 1 1315 CLOUDY (SCALE 8-10) 7
DPTR FM NORMAL -166
[CDD (BASE 65) ]
TOTAL THIS MO. 0
DPTR FM NORMAL 0 [PRESSURE DATA]
TOTAL FM JAN 1 1154 HIGHEST SLP 30.37 ON 17
DPTR FM NORMAL 156 LOWEST SLP 29.67 ON 26
[REMARKS]
#FINAL-12-19#