000
CXUS55 KPSR 011005
CF6SDL
PRELIMINARY LOCAL CLIMATOLOGICAL DATA (WS FORM: F-6)
STATION: SCOTTSDALE AZ
MONTH: APRIL
YEAR: 2020
LATITUDE: 33 37 N
LONGITUDE: 111 54 W
TEMPERATURE IN F: :PCPN: SNOW: WIND :SUNSHINE: SKY :PK WND
================================================================================
1 2 3 4 5 6A 6B 7 8 9 10 11 12 13 14 15 16 17 18
12Z AVG MX 2MIN
DY MAX MIN AVG DEP HDD CDD WTR SNW DPTH SPD SPD DIR MIN PSBL S-S WX SPD DR
================================================================================
1 83 59 71 5 0 6 0.00 M M 2.7 12 250 M M 0 16 270
2 81 57 69 3 0 4 0.00 M M 4.7 18 240 M M 0 23 220
3 82 56 69 3 0 4 0.00 M M 3.0 15 220 M M 0 24 220
4 82 58 70 3 0 5 0.00 M M 3.4 12 210 M M 0 16 150
5 82 56 69 2 0 4 0.00 M M 4.6 13 140 M M 0 19 160
6 81 56 69 2 0 4 0.00 M M 5.5 15 240 M M 0 20 140
7 82 55 69 2 0 4 0.00 M M 4.0 13 160 M M 0 17 220
8 81 57 69 1 0 4 T M M 7.4 21 270 M M 4 26 290
9 71 52 62 -6 3 0 0.00 M M 3.0 10 210 M M 1 14 180
10 76 50 63 -5 2 0 0.00 M M 2.6 12 210 M M 0 16 210
11 70 55 63 -5 2 0 0.05 M M 5.0 13 170 M M 4 3 19 170
12 74 51 63 -6 2 0 0.00 M M 3.9 13 250 M M 3 18 240
13 75 58 67 -2 0 2 0.08 M M 4.7 18 240 M M 4 3 23 260
14 78 53 66 -3 0 1 0.00 M M 4.5 15 60 M M 0 19 270
15 81 50 66 -4 0 1 0.00 M M 2.9 12 170 M M 0 17 270
16 84 53 69 -1 0 4 0.00 M M 3.7 13 230 M M 0 18 220
17 86 56 71 1 0 6 0.00 M M 6.1 17 240 M M 0 25 190
18 76 57 67 -3 0 2 0.00 M M 4.5 14 240 M M 0 19 230
19 81 57 69 -2 0 4 0.00 M M 3.4 12 260 M M 0 16 240
20 84 59 72 1 0 7 0.00 M M 4.2 14 250 M M 0 19 260
21 80 61 71 0 0 6 0.00 M M 4.9 16 240 M M 0 22 200
22 89 58 74 2 0 9 0.00 M M 3.7 15 250 M M 0 21 250
23 95 63 79 7 0 14 0.00 M M 5.3 18 230 M M 0 24 260
24 96 64 80 8 0 15 0.00 M M 4.1 15 240 M M 0 22 230
25 99 67 83 11 0 18 0.00 M M 3.6 10 260 M M 0 14 250
26 100 67 84 11 0 19 0.00 M M 3.1 16 240 M M 0 21 260
27 100 72 86 13 0 21 0.00 M M 5.0 15 260 M M 0 22 240
28 99 70 85 12 0 20 0.00 M M 3.2 12 240 M M 0 15 250
29 103 70 87 13 0 22 0.00 M M 4.3 10 240 M M 0 15 240
30 98 72 85 11 0 20 0.00 M M 2.4 10 270 M M 0 14 260
================================================================================
SM 2549 1769 9 226 0.13 M 123.4 M 16
================================================================================
AV 85.0 59.0 4.1 FASTST M M 1 MAX(MPH)
MISC ----> 21 270 26 290
================================================================================
NOTES:
# LAST OF SEVERAL OCCURRENCES
COLUMN 17 PEAK WIND IN M.P.H.
PRELIMINARY LOCAL CLIMATOLOGICAL DATA (WS FORM: F-6) , PAGE 2
STATION: SCOTTSDALE AZ
MONTH: APRIL
YEAR: 2020
LATITUDE: 33 37 N
LONGITUDE: 111 54 W
[TEMPERATURE DATA] [PRECIPITATION DATA] SYMBOLS USED IN COLUMN 16
AVERAGE MONTHLY: 72.0 TOTAL FOR MONTH: 0.13 1 = FOG OR MIST
DPTR FM NORMAL: 2.2 DPTR FM NORMAL: -0.32 2 = FOG REDUCING VISIBILITY
HIGHEST: 103 ON 29 GRTST 24HR 0.08 ON 13-13 TO 1/4 MILE OR LESS
LOWEST: 50 ON 15,10 3 = THUNDER
SNOW, ICE PELLETS, HAIL 4 = ICE PELLETS
TOTAL MONTH: M 5 = HAIL
GRTST 24HR M ON M 6 = FREEZING RAIN OR DRIZZLE
GRTST DEPTH: M ON M 7 = DUSTSTORM OR SANDSTORM:
VSBY 1/2 MILE OR LESS
8 = SMOKE OR HAZE
[NO. OF DAYS WITH] [WEATHER - DAYS WITH] 9 = BLOWING SNOW
X = TORNADO
MAX 32 OR BELOW: 0 0.01 INCH OR MORE: 2
MAX 90 OR ABOVE: 8 0.10 INCH OR MORE: 0
MIN 32 OR BELOW: 0 0.50 INCH OR MORE: 0
MIN 0 OR BELOW: 0 1.00 INCH OR MORE: 0
[HDD (BASE 65) ]
TOTAL THIS MO. 9 CLEAR (SCALE 0-3) 27
DPTR FM NORMAL -14 PTCLDY (SCALE 4-7) 3
TOTAL FM JUL 1 1088 CLOUDY (SCALE 8-10) 0
DPTR FM NORMAL -107
[CDD (BASE 65) ]
TOTAL THIS MO. 226
DPTR FM NORMAL 60 [PRESSURE DATA]
TOTAL FM JAN 1 253 HIGHEST SLP 30.11 ON 9
DPTR FM NORMAL 29 LOWEST SLP 29.68 ON 1
[REMARKS]
#FINAL-04-20#