000
CXUS54 KFWD 010731
CF6SEP
PRELIMINARY LOCAL CLIMATOLOGICAL DATA (WS FORM: F-6)
STATION: STEPHENVILLE
MONTH: JUNE
YEAR: 2021
LATITUDE: 32 13 N
LONGITUDE: 98 11 W
TEMPERATURE IN F: :PCPN: SNOW: WIND :SUNSHINE: SKY :PK WND
================================================================================
1 2 3 4 5 6A 6B 7 8 9 10 11 12 13 14 15 16 17 18
12Z AVG MX 2MIN
DY MAX MIN AVG DEP HDD CDD WTR SNW DPTH SPD SPD DIR MIN PSBL S-S WX SPD DR
================================================================================
1 73 62 68 -8 0 3 0.00 M M 4.4 12 330 M M 7 16 310
2 82 57 70 -6 0 5 0.01 M M 2.8 12 360 M M 3 23 0
3 81 65 73 -3 0 8 0.00 M M 3.7 10 90 M M 3 M M
4 80 65 73 -3 0 8 0.17 M M 3.6 9 60 M M 3 3 16 140
5 85 67 76 -1 0 11 0.04 M M 2.9 12 150 M M 4 3 25 100
6 88 66 77 0 0 12 0.00 M M 6.9 10 140 M M 4 17 140
7 87 66 77 0 0 12 1.04 M M 7.8 15 180 M M 3 3 22 30
8 92 67 80 3 0 15 0.30 M M 7.9 22 320 M M 4 30 320
9 90 73 82 4 0 17 0.00 M M 8.0 13 190 M M 5 17 190
10 92 74 83 5 0 18 0.00 M M 7.8 12 150 M M 1 18 170
11 92 75 84 6 0 19 0.00 M M 8.9 15 180 M M 2 22 190
12 93 72 83 5 0 18 0.00 M M 3.8 9 90 M M 2 M M
13 94 70 82 4 0 17 0.00 M M 1.3 8 140 M M 0 M M
14 93 75 84 5 0 19 0.00 M M 4.7 13 20 M M 1 17 20
15 93 72 83 4 0 18 0.00 M M 3.4 10 70 M M 1 M M
16 95 70 83 4 0 18 0.00 M M 2.9 6 90 M M 0 M M
17 94 69 82 3 0 17 0.00 M M 2.4 8 130 M M 1 M M
18 93 71 82 3 0 17 0.00 M M 4.0 8 120 M M 1 M M
19 93 67 80 0 0 15 0.00 M M 3.7 8 210 M M 0 M M
20 94 68 81 1 0 16 0.00 M M 7.5 10 160 M M 0 20 150
21 92 70 81 1 0 16 0.00 M M 9.0 17 10 M M 5 25 10
22 81 66 74 -6 0 9 0.00 M M 5.4 9 360 M M 8 M M
23 94 72 83 3 0 18 0.00 M M 8.3 15 180 M M 4 21 190
24 94 74 84 4 0 19 0.00 M M 9.9 15 190 M M 1 22 190
25 94 74 84 4 0 19 0.00 M M 10.4 17 160 M M 1 23 160
26 93 74 84 4 0 19 0.00 M M 11.8 16 160 M M 4 24 170
27 93 72 83 2 0 18 0.00 M M 6.6 14 140 M M 2 21 140
28 88 69 79 -2 0 14 0.02 M M 4.4 12 130 M M 7 21 90
29 88 71 80 -1 0 15 0.81 M M 5.7 12 90 M M 6 17 90
30 91 71 81 0 0 16 0.01 M M 4.0 9 110 M M 4 M M
================================================================================
SM 2692 2084 0 446 2.40 M 173.9 M 87
================================================================================
AV 89.7 69.5 5.8 FASTST M M 3 MAX(MPH)
MISC ----> 22 320 30 320
================================================================================
NOTES:
# LAST OF SEVERAL OCCURRENCES
COLUMN 17 PEAK WIND IN M.P.H.
PRELIMINARY LOCAL CLIMATOLOGICAL DATA (WS FORM: F-6) , PAGE 2
STATION: STEPHENVILLE
MONTH: JUNE
YEAR: 2021
LATITUDE: 32 13 N
LONGITUDE: 98 11 W
[TEMPERATURE DATA] [PRECIPITATION DATA] SYMBOLS USED IN COLUMN 16
AVERAGE MONTHLY: 79.6 TOTAL FOR MONTH: 2.40 1 = FOG OR MIST
DPTR FM NORMAL: 0.9 DPTR FM NORMAL: -1.61 2 = FOG REDUCING VISIBILITY
HIGHEST: 95 ON 16 GRTST 24HR 1.04 ON 7- 7 TO 1/4 MILE OR LESS
LOWEST: 57 ON 2 3 = THUNDER
SNOW, ICE PELLETS, HAIL 4 = ICE PELLETS
TOTAL MONTH: M 5 = HAIL
GRTST 24HR M ON M 6 = FREEZING RAIN OR DRIZZLE
GRTST DEPTH: M ON M 7 = DUSTSTORM OR SANDSTORM:
VSBY 1/2 MILE OR LESS
8 = SMOKE OR HAZE
[NO. OF DAYS WITH] [WEATHER - DAYS WITH] 9 = BLOWING SNOW
X = TORNADO
MAX 32 OR BELOW: 0 0.01 INCH OR MORE: 8
MAX 90 OR ABOVE: 20 0.10 INCH OR MORE: 4
MIN 32 OR BELOW: 0 0.50 INCH OR MORE: 2
MIN 0 OR BELOW: 0 1.00 INCH OR MORE: 1
[HDD (BASE 65) ]
TOTAL THIS MO. 0 CLEAR (SCALE 0-3) 17
DPTR FM NORMAL -1 PTCLDY (SCALE 4-7) 13
TOTAL FM JUL 1 2398 CLOUDY (SCALE 8-10) 0
DPTR FM NORMAL -317
[CDD (BASE 65) ]
TOTAL THIS MO. 446
DPTR FM NORMAL 34 [PRESSURE DATA]
TOTAL FM JAN 1 710 HIGHEST SLP M ON M
DPTR FM NORMAL -22 LOWEST SLP M ON M
[REMARKS]
#FINAL-06-21#