000
CXUS53 KLSX 011400
CF6SET
PRELIMINARY LOCAL CLIMATOLOGICAL DATA (WS FORM: F-6)
STATION: ST_CHARLES MO
MONTH: SEPTEMBER
YEAR: 2023
LATITUDE: 38 55 N
LONGITUDE: 90 26 W
TEMPERATURE IN F: :PCPN: SNOW: WIND :SUNSHINE: SKY :PK WND
================================================================================
1 2 3 4 5 6A 6B 7 8 9 10 11 12 13 14 15 16 17 18
12Z AVG MX 2MIN
DY MAX MIN AVG DEP HDD CDD WTR SNW DPTH SPD SPD DIR MIN PSBL S-S WX SPD DR
================================================================================
1 84 53 69 -5 0 4 0.00 0.0 0 3.1 10 100 M M 0 1 14 120
2 89 52 71 -3 0 6 0.00 0.0 0 2.7 14 170 M M 2 128 18 170
3 91 64 78 5 0 13 0.00 0.0 0 4.9 16 130 M M 3 12 21 130
4 93 69 81 8 0 16 0.02 0.0 0 7.1 32 210 M M 2 13 45 200
5 87 69 78 5 0 13 0.00 0.0 0 8.9 16 150 M M 2 33 160
6 79 68 74 2 0 9 0.67 0.0 0 9.1 21 280 M M 8 13 33 260
7 79 59 69 -3 0 4 0.00 0.0 0 5.9 13 290 M M 1 18 17 290
8 79 56 68 -4 0 3 0.00 0.0 0 5.2 14 360 M M 1 1 19 350
9 80 56 68 -4 0 3 0.00 0.0 0 6.3 15 40 M M 4 20 350
10 84 53 69 -2 0 4 0.00 0.0 0 1.3 9 310 M M 0 1 13 310
11 78 59 69 -2 0 4 0.07 0.0 0 3.3 12 350 M M 4 1 15 350
12 78 54 66 -4 0 1 0.15 0.0 0 5.6 15 330 M M 5 1 23 350
13 82 48 65 -5 0 0 0.00 0.0 0 3.0 12 320 M M 3 12 16 300
14 81 52 67 -3 0 2 0.00 0.0 0 3.3 9 50 M M 1 17 20
15 82 45 64 -5 1 0 0.00 0.0 0 2.0 9 10 M M 0 1 13 20
16 75 50 63 -6 2 0 T 0.0 0 3.3 12 360 M M 4 14 310
17 79 53 66 -3 0 1 0.00 0.0 0 5.3 20 360 M M 2 1 29 350
18 79 48 64 -4 1 0 0.00 0.0 0 2.5 9 130 M M 2 12 12 180
19 87 53 70 2 0 5 0.00 0.0 0 8.9 20 170 M M 0 25 190
20 75 59 67 -1 0 2 T 0.0 0 5.4 13 80 M M 4 17 80
21 83 58 71 4 0 6 0.02 0.0 0 4.9 15 140 M M 6 13 19 150
22 86 64 75 8 0 10 0.00 0.0 0 7.1 18 200 M M 3 1 31 170
23 87 62 75 9 0 10 0.00 0.0 0 6.5 16 120 M M 0 1 22 150
24 87 63 75 9 0 10 0.00 0.0 0 7.8 17 170 M M 1 22 160
25 88 55 72 6 0 7 0.00 0.0 0 2.7 12 300 M M 3 128 16 310
26 89 60 75 10 0 10 0.33 0.0 0 3.7 28 190 M M 2 13 43 280
27 81 61 71 6 0 6 0.23 0.0 0 4.6 12 180 M M 4 13 18 180
28 83 56 70 5 0 5 0.00 0.0 0 3.9 10 210 M M 4 12 14 80
29 87 62 75 11 0 10 0.00 0.0 0 5.9 12 120 M M 0 17 150
30 90 64 77 13 0 12 0.00 0.0 M 6.0 14 140 M M 0 22 130
================================================================================
SM 2502 1725 4 176 1.49 0.0 150.2 M 71
================================================================================
AV 83.4 57.5 5.0 FASTST M M 2 MAX(MPH)
MISC ----> 32 210 45 200
================================================================================
NOTES:
# LAST OF SEVERAL OCCURRENCES
COLUMN 17 PEAK WIND IN M.P.H.
PRELIMINARY LOCAL CLIMATOLOGICAL DATA (WS FORM: F-6) , PAGE 2
STATION: ST_CHARLES MO
MONTH: SEPTEMBER
YEAR: 2023
LATITUDE: 38 55 N
LONGITUDE: 90 26 W
[TEMPERATURE DATA] [PRECIPITATION DATA] SYMBOLS USED IN COLUMN 16
AVERAGE MONTHLY: 70.5 TOTAL FOR MONTH: 1.49 1 = FOG OR MIST
DPTR FM NORMAL: 1.3 DPTR FM NORMAL: -1.48 2 = FOG REDUCING VISIBILITY
HIGHEST: 93 ON 4 GRTST 24HR 0.67 ON 6- 6 TO 1/4 MILE OR LESS
LOWEST: 45 ON 15 3 = THUNDER
SNOW, ICE PELLETS, HAIL 4 = ICE PELLETS
TOTAL MONTH: 0.0 INCH 5 = HAIL
GRTST 24HR 0.0 6 = FREEZING RAIN OR DRIZZLE
GRTST DEPTH: 0 7 = DUSTSTORM OR SANDSTORM:
VSBY 1/2 MILE OR LESS
8 = SMOKE OR HAZE
[NO. OF DAYS WITH] [WEATHER - DAYS WITH] 9 = BLOWING SNOW
X = TORNADO
MAX 32 OR BELOW: 0 0.01 INCH OR MORE: 7
MAX 90 OR ABOVE: 3 0.10 INCH OR MORE: 4
MIN 32 OR BELOW: 0 0.50 INCH OR MORE: 1
MIN 0 OR BELOW: 0 1.00 INCH OR MORE: 0
[HDD (BASE 65) ]
TOTAL THIS MO. 4 CLEAR (SCALE 0-3) 20
DPTR FM NORMAL -37 PTCLDY (SCALE 4-7) 10
TOTAL FM JUL 1 4 CLOUDY (SCALE 8-10) 0
DPTR FM NORMAL -37
[CDD (BASE 65) ]
TOTAL THIS MO. 176
DPTR FM NORMAL 10 [PRESSURE DATA]
TOTAL FM JAN 1 1375 HIGHEST SLP 30.18 ON 9
DPTR FM NORMAL -56 LOWEST SLP 29.79 ON 5
[REMARKS]
#FINAL-09-23#