000
CXUS56 KMTR 080907
CF6SFD
PRELIMINARY LOCAL CLIMATOLOGICAL DATA (WS FORM: F-6)
STATION: SAN FRANCISCO DWTN CA
MONTH: APRIL
YEAR: 2021
LATITUDE: 37 46 N
LONGITUDE: 122 26 W
TEMPERATURE IN F: :PCPN: SNOW: WIND :SUNSHINE: SKY :PK WND
================================================================================
1 2 3 4 5 6A 6B 7 8 9 10 11 12 13 14 15 16 17 18
12Z AVG MX 2MIN
DY MAX MIN AVG DEP HDD CDD WTR SNW DPTH SPD SPD DIR MIN PSBL S-S WX SPD DR
================================================================================
1 78 55 67 11 0 2 0.00 M 0 M M M M M M M M
2 61 47 54 -2 11 0 0.00 M 0 M M M M M M M M
3 58 49 54 -2 11 0 0.00 M 0 M M M M M M M M
4 58 50 54 -2 11 0 0.00 M 0 M M M M M M M M
5 54 49 52 -4 13 0 0.00 M 0 M M M M M M M M
6 56 48 52 -4 13 0 0.00 M 0 M M M M M M M M
7 55 48 52 -4 13 0 0.00 M 0 M M M M M M M M
8 59 47 53 -3 12 0 0.00 M 0 M M M M M M M M
9 57 47 52 -4 13 0 0.00 M 0 M M M M M M M M
10 63 46 55 -1 10 0 0.00 M 0 M M M M M M M M
11 64 46 55 -1 10 0 0.00 M 0 M M M M M M M M
12 59 48 54 -2 11 0 0.00 M 0 M M M M M M M M
13 56 48 52 -4 13 0 0.00 M 0 M M M M M M M M
14 61 48 55 -1 10 0 0.00 M 0 M M M M M M M M
15 57 48 53 -3 12 0 0.00 M 0 M M M M M M M M
16 55 47 51 -5 14 0 0.00 M 0 M M M M M M M M
17 56 47 52 -4 13 0 0.00 M 0 M M M M M M M M
18 70 47 59 3 6 0 0.00 M 0 M M M M M M M M
19 58 48 53 -3 12 0 0.00 M 0 M M M M M M M M
20 58 49 54 -2 11 0 0.00 M 0 M M M M M M M M
21 54 48 51 -5 14 0 0.00 M 0 M M M M M M M M
22 52 49 51 -5 14 0 0.00 M 0 M M M M M M M M
23 59 49 54 -3 11 0 0.00 M 0 M M M M M M M M
24 60 48 54 -3 11 0 0.04 M 0 M M M M M M M M
25 56 49 53 -4 12 0 0.13 M 0 M M M M M M M M
26 58 47 53 -4 12 0 0.00 M 0 M M M M M M M M
27 62 47 55 -2 10 0 0.00 M 0 M M M M M M M M
28 71 50 61 4 4 0 0.00 M 0 M M M M M M M M
29 57 49 53 -4 12 0 0.00 M 0 M M M M M M M M
30 57 50 54 -3 11 0 0.00 M 0 M M M M M M M M
================================================================================
SM 1779 1448 330 2 0.17 M M M M
================================================================================
AV 59.3 48.3 M FASTST M M M MAX(MPH)
MISC ----> M M M M
================================================================================
NOTES:
# LAST OF SEVERAL OCCURRENCES
COLUMN 17 PEAK WIND IN M.P.H.
PRELIMINARY LOCAL CLIMATOLOGICAL DATA (WS FORM: F-6) , PAGE 2
STATION: SAN FRANCISCO DWTN CA
MONTH: APRIL
YEAR: 2021
LATITUDE: 37 46 N
LONGITUDE: 122 26 W
[TEMPERATURE DATA] [PRECIPITATION DATA] SYMBOLS USED IN COLUMN 16
AVERAGE MONTHLY: 53.8 TOTAL FOR MONTH: 0.17 1 = FOG OR MIST
DPTR FM NORMAL: -2.6 DPTR FM NORMAL: -1.43 2 = FOG REDUCING VISIBILITY
HIGHEST: 78 ON 1 GRTST 24HR 0.17 ON 24-25 TO 1/4 MILE OR LESS
LOWEST: 46 ON 11,10 3 = THUNDER
SNOW, ICE PELLETS, HAIL 4 = ICE PELLETS
TOTAL MONTH: M 5 = HAIL
GRTST 24HR M ON M 6 = FREEZING RAIN OR DRIZZLE
GRTST DEPTH: 0 7 = DUSTSTORM OR SANDSTORM:
VSBY 1/2 MILE OR LESS
8 = SMOKE OR HAZE
[NO. OF DAYS WITH] [WEATHER - DAYS WITH] 9 = BLOWING SNOW
X = TORNADO
MAX 32 OR BELOW: 0 0.01 INCH OR MORE: 2
MAX 90 OR ABOVE: 0 0.10 INCH OR MORE: 1
MIN 32 OR BELOW: 0 0.50 INCH OR MORE: 0
MIN 0 OR BELOW: 0 1.00 INCH OR MORE: 0
[HDD (BASE 65) ]
TOTAL THIS MO. 330 CLEAR (SCALE 0-3) 0
DPTR FM NORMAL 65 PTCLDY (SCALE 4-7) 0
TOTAL FM JUL 1 2313 CLOUDY (SCALE 8-10) 30
DPTR FM NORMAL -69
[CDD (BASE 65) ]
TOTAL THIS MO. 2
DPTR FM NORMAL -3 [PRESSURE DATA]
TOTAL FM JAN 1 4 HIGHEST SLP M ON M
DPTR FM NORMAL -3 LOWEST SLP 9999.00 ON 1
[REMARKS]
#FINAL-04-21#