000
CXUS55 KBYZ 011100
CF6SHR
PRELIMINARY LOCAL CLIMATOLOGICAL DATA (WS FORM: F-6)
STATION: SHERIDAN WY
MONTH: DECEMBER
YEAR: 2021
LATITUDE: 44 46 N
LONGITUDE: 106 58 W
TEMPERATURE IN F: :PCPN: SNOW: WIND :SUNSHINE: SKY :PK WND
================================================================================
1 2 3 4 5 6A 6B 7 8 9 10 11 12 13 14 15 16 17 18
12Z AVG MX 2MIN
DY MAX MIN AVG DEP HDD CDD WTR SNW DPTH SPD SPD DIR MIN PSBL S-S WX SPD DR
================================================================================
1 76 38 57 29 8 0 0.00 M M 10.5 32 260 M M 0 41 260
2 77 44 61 34 4 0 0.00 M M 9.5 29 240 M M 2 8 39 240
3 55 30 43 16 22 0 0.00 M M 3.5 16 310 M M 3 25 330
4 43 27 35 8 30 0 0.00 M M 4.6 16 300 M M 5 1 21 300
5 42 9 26 0 39 0 0.37 M M 14.3 33 310 M M 10 128 41 310
6 23 -1 11 -15 54 0 0.03 M M 4.6 14 270 M M 4 18 17 290
7 30 17 24 -2 41 0 0.05 M M 2.2 9 280 M M 7 1 10 280
8 46 16 31 5 34 0 0.02 M M 6.3 32 330 M M 2 18 40 330
9 34 14 24 -1 41 0 0.07 M M 4.9 23 310 M M 6 1 28 320
10 31 10 21 -4 44 0 0.11 M M 4.5 15 260 M M 6 1 17 250
11 46 14 30 5 35 0 0.00 M M 6.9 28 270 M M 0 35 260
12 50 25 38 14 27 0 0.00 M M 5.3 20 260 M M 0 27 300
13 41 21 31 7 34 0 0.00 M M 4.9 17 300 M M 0 19 290
14 60 21 41 17 24 0 0.00 M M 11.5 41 200 M M 0 53 200
15 55 12 34 10 31 0 0.07 M M 15.1 46 220 M M 7 18 58 220
16 28 7 18 -6 47 0 0.00 M M 3.5 9 250 M M 2 11 250
17 21 -2 10 -14 55 0 0.01 M M 8.8 39 300 M M 3 128 49 300
18 26 -4 11 -13 54 0 0.00 M M 1.5 9 340 M M 1 11 340
19 55 20 38 14 27 0 0.00 M M 9.0 24 30 M M 3 18 31 20
20 51 15 33 10 32 0 T M M 7.0 37 270 M M 5 18 54 290
21 49 24 37 14 28 0 0.00 M M 4.1 31 330 M M 3 37 330
22 59 32 46 23 19 0 0.00 M M 11.5 31 240 M M 0 37 240
23 56 38 47 24 18 0 0.00 M M 14.0 40 220 M M 0 49 220
24 47 24 36 13 29 0 0.14 M M 6.0 23 300 M M 5 12 30 310
25 25 16 21 -2 44 0 0.00 M M 5.9 17 360 M M 9 128 21 10
26 20 -2 9 -14 56 0 T M M 11.5 33 300 M M 8 128 41 300
27 6 -8 -1 -24 66 0 0.01 M M 6.2 17 300 M M 5 8 19 290
28 24 0 12 -11 53 0 T M M 4.1 10 190 M M 3 13 150
29 10 -4 3 -20 62 0 0.00 M M 5.4 22 300 M M 8 8 26 290
30 21 -6 8 -15 57 0 0.07 M M 4.0 14 290 M M 5 1 16 300
31 15 -3 6 -17 59 0 0.07 M M 6.6 13 350 M M 10 18 14 350
================================================================================
SM 1222 444 1174 0 1.02 M 217.7 M 122
================================================================================
AV 39.4 14.3 7.0 FASTST M M 4 MAX(MPH)
MISC ----> 46 220 58 220
================================================================================
NOTES:
# LAST OF SEVERAL OCCURRENCES
COLUMN 17 PEAK WIND IN M.P.H.
PRELIMINARY LOCAL CLIMATOLOGICAL DATA (WS FORM: F-6) , PAGE 2
STATION: SHERIDAN WY
MONTH: DECEMBER
YEAR: 2021
LATITUDE: 44 46 N
LONGITUDE: 106 58 W
[TEMPERATURE DATA] [PRECIPITATION DATA] SYMBOLS USED IN COLUMN 16
AVERAGE MONTHLY: 26.9 TOTAL FOR MONTH: 1.02 1 = FOG OR MIST
DPTR FM NORMAL: 2.4 DPTR FM NORMAL: 0.48 2 = FOG REDUCING VISIBILITY
HIGHEST: 77 ON 2 GRTST 24HR 0.37 ON 5- 5 TO 1/4 MILE OR LESS
LOWEST: -8 ON 27 3 = THUNDER
SNOW, ICE PELLETS, HAIL 4 = ICE PELLETS
TOTAL MONTH: M 5 = HAIL
GRTST 24HR M ON M 6 = FREEZING RAIN OR DRIZZLE
GRTST DEPTH: M ON M 7 = DUSTSTORM OR SANDSTORM:
VSBY 1/2 MILE OR LESS
8 = SMOKE OR HAZE
[NO. OF DAYS WITH] [WEATHER - DAYS WITH] 9 = BLOWING SNOW
X = TORNADO
MAX 32 OR BELOW: 13 0.01 INCH OR MORE: 12
MAX 90 OR ABOVE: 0 0.10 INCH OR MORE: 3
MIN 32 OR BELOW: 28 0.50 INCH OR MORE: 0
MIN 0 OR BELOW: 9 1.00 INCH OR MORE: 0
[HDD (BASE 65) ]
TOTAL THIS MO. 1174 CLEAR (SCALE 0-3) 13
DPTR FM NORMAL -83 PTCLDY (SCALE 4-7) 14
TOTAL FM JUL 1 2507 CLOUDY (SCALE 8-10) 4
DPTR FM NORMAL -583
[CDD (BASE 65) ]
TOTAL THIS MO. 0
DPTR FM NORMAL 0 [PRESSURE DATA]
TOTAL FM JAN 1 693 HIGHEST SLP 30.50 ON 17
DPTR FM NORMAL 251 LOWEST SLP 29.10 ON 23
[REMARKS]
#FINAL-12-21#