000
CXUS56 KMTR 010900
CF6SJC
PRELIMINARY LOCAL CLIMATOLOGICAL DATA (WS FORM: F-6)
STATION: SAN JOSE AIRPORT
MONTH: OCTOBER
YEAR: 2023
LATITUDE: 37 21 N
LONGITUDE: 121 55 W
TEMPERATURE IN F: :PCPN: SNOW: WIND :SUNSHINE: SKY :PK WND
================================================================================
1 2 3 4 5 6A 6B 7 8 9 10 11 12 13 14 15 16 17 18
12Z AVG MX 2MIN
DY MAX MIN AVG DEP HDD CDD WTR SNW DPTH SPD SPD DIR MIN PSBL S-S WX SPD DR
================================================================================
1 78 57 68 1 0 3 0.00 M M 5.8 17 330 M M 3 28 350
2 82 54 68 1 0 3 0.00 M M 4.5 16 330 M M 1 19 330
3 83 54 69 2 0 4 0.00 M M 3.0 13 330 M M 0 15 340
4 92 58 75 8 0 10 0.00 M M 3.2 12 350 M M 0 18 360
5 95 64 80 13 0 15 0.00 M M 3.9 15 330 M M 0 19 320
6 95 64 80 14 0 15 0.00 M M 4.2 15 330 M M 0 21 300
7 94 64 79 13 0 14 0.00 M M 4.2 14 330 M M 0 17 320
8 85 59 72 6 0 7 0.00 M M 5.0 13 310 M M 1 16 330
9 75 60 68 2 0 3 0.00 M M 4.6 12 150 M M 10 16 130
10 76 61 69 3 0 4 0.00 M M 6.3 14 310 M M 7 21 300
11 75 57 66 0 0 1 0.00 M M 10.7 20 330 M M 2 28 310
12 82 52 67 2 0 2 0.00 M M 3.4 14 320 M M 2 17 320
13 80 53 67 2 0 2 0.00 M M 5.0 17 330 M M 5 21 330
14 83 58 71 6 0 6 0.00 M M 6.2 17 330 M M 6 23 340
15 84 62 73 8 0 8 0.00 M M 4.7 14 310 M M 5 8 18 300
16 81 55 68 4 0 3 0.00 M M 5.3 17 330 M M 3 24 360
17 81 63 72 8 0 7 0.00 M M 4.8 15 330 M M 4 20 340
18 90 57 74 10 0 9 0.00 M M 2.1 9 320 M M 0 13 320
19 93 62 78 14 0 13 0.00 M M 3.6 10 320 M M 1 14 320
20 76 59 68 4 0 3 0.00 M M 5.6 14 310 M M 3 19 330
21 75 58 67 4 0 2 0.00 M M 5.8 15 330 M M 4 20 340
22 73 60 67 4 0 2 0.07 M M 8.9 16 180 M M 8 1 25 120
23 79 60 70 7 0 5 0.04 M M 6.1 18 330 M M 5 1 23 330
24 77 55 66 4 0 1 0.00 M M 5.2 17 320 M M 3 18 23 320
25 72 52 62 0 3 0 0.00 M M 5.8 20 330 M M 5 30 340
26 70 49 60 -2 5 0 0.00 M M 8.5 18 320 M M 2 23 320
27 70 44 57 -5 8 0 0.00 M M 4.8 18 340 M M 2 22 350
28 71 44 58 -3 7 0 0.00 M M 5.8 17 320 M M 1 21 330
29 76 47 62 1 3 0 0.00 M M 4.1 15 320 M M 0 20 320
30 78 43 61 0 4 0 0.00 M M 2.5 12 330 M M 1 13 330
31 76 45 61 0 4 0 0.00 M M 2.3 9 340 M M 4 12 330
================================================================================
SM 2497 1730 34 142 0.11 M 155.9 M 88
================================================================================
AV 80.5 55.8 5.0 FASTST M M 3 MAX(MPH)
MISC ----> # 20 330 30 340
================================================================================
NOTES:
# LAST OF SEVERAL OCCURRENCES
COLUMN 17 PEAK WIND IN M.P.H.
PRELIMINARY LOCAL CLIMATOLOGICAL DATA (WS FORM: F-6) , PAGE 2
STATION: SAN JOSE AIRPORT
MONTH: OCTOBER
YEAR: 2023
LATITUDE: 37 21 N
LONGITUDE: 121 55 W
[TEMPERATURE DATA] [PRECIPITATION DATA] SYMBOLS USED IN COLUMN 16
AVERAGE MONTHLY: 68.2 TOTAL FOR MONTH: 0.11 1 = FOG OR MIST
DPTR FM NORMAL: 3.9 DPTR FM NORMAL: -0.42 2 = FOG REDUCING VISIBILITY
HIGHEST: 95 ON 6, 5 GRTST 24HR 0.11 ON 22-23 TO 1/4 MILE OR LESS
LOWEST: 43 ON 30 3 = THUNDER
SNOW, ICE PELLETS, HAIL 4 = ICE PELLETS
TOTAL MONTH: M 5 = HAIL
GRTST 24HR M ON M 6 = FREEZING RAIN OR DRIZZLE
GRTST DEPTH: M ON M 7 = DUSTSTORM OR SANDSTORM:
VSBY 1/2 MILE OR LESS
8 = SMOKE OR HAZE
[NO. OF DAYS WITH] [WEATHER - DAYS WITH] 9 = BLOWING SNOW
X = TORNADO
MAX 32 OR BELOW: 0 0.01 INCH OR MORE: 2
MAX 90 OR ABOVE: 6 0.10 INCH OR MORE: 0
MIN 32 OR BELOW: 0 0.50 INCH OR MORE: 0
MIN 0 OR BELOW: 0 1.00 INCH OR MORE: 0
[HDD (BASE 65) ]
TOTAL THIS MO. 34 CLEAR (SCALE 0-3) 19
DPTR FM NORMAL -38 PTCLDY (SCALE 4-7) 11
TOTAL FM JUL 1 42 CLOUDY (SCALE 8-10) 1
DPTR FM NORMAL -49
[CDD (BASE 65) ]
TOTAL THIS MO. 142
DPTR FM NORMAL 93 [PRESSURE DATA]
TOTAL FM JAN 1 798 HIGHEST SLP M ON M
DPTR FM NORMAL 176 LOWEST SLP 29.77 ON 22
[REMARKS]
#FINAL-10-23#