000
CXUS51 KBTV 010700
CF6SLK
PRELIMINARY LOCAL CLIMATOLOGICAL DATA (WS FORM: F-6)
STATION: SARANAC LAKE NY
MONTH: AUGUST
YEAR: 2020
LATITUDE: 44 23 N
LONGITUDE: 74 12 W
TEMPERATURE IN F: :PCPN: SNOW: WIND :SUNSHINE: SKY :PK WND
================================================================================
1 2 3 4 5 6A 6B 7 8 9 10 11 12 13 14 15 16 17 18
12Z AVG MX 2MIN
DY MAX MIN AVG DEP HDD CDD WTR SNW DPTH SPD SPD DIR MIN PSBL S-S WX SPD DR
================================================================================
1 85 46 66 3 0 1 0.00 M M 3.3 13 50 M M 2 1 16 40
2 81 54 68 5 0 3 0.29 M M 6.7 24 200 M M 7 13 33 200
3 75 54 65 2 0 0 0.02 M M 7.7 21 250 M M 5 18 30 250
4 67 55 61 -1 4 0 1.61 M M 4.6 21 50 M M 9 1 25 50
5 70 48 59 -3 6 0 0.09 M M 8.6 20 220 M M 7 1 30 240
6 72 46 59 -3 6 0 0.00 M M 3.7 12 240 M M 2 1 20 250
7 77 41 59 -3 6 0 0.00 M M 2.5 12 240 M M 3 12 15 230
8 81 47 64 2 1 0 0.00 M M 2.1 10 230 M M 3 12 14 200
9 78 53 66 4 0 1 0.34 M M 3.8 15 210 M M 5 12 20 210
10 82 59 71 9 0 6 0.21 M M 3.3 18 250 M M 8 1238 26 250
11 86 56 71 9 0 6 0.08 M M 6.5 23 210 M M 6 128 30 220
12 81 53 67 5 0 2 0.00 M M 3.5 10 240 M M 4 1 14 250
13 81 50 66 4 0 1 0.00 M M 1.9 10 30 M M 2 1 13 10
14 78 45 62 0 3 0 0.00 M M 5.4 16 30 M M 1 1 21 50
15 80 41 61 -1 4 0 0.00 M M 2.3 10 110 M M 2 14 60
16 79 44 62 0 3 0 0.00 M M 3.8 16 170 M M 3 1 21 180
17 74 55 65 4 0 0 0.45 M M 2.4 9 290 M M 7 1 18 210
18 72 49 61 0 4 0 0.10 M M 5.1 18 210 M M 7 13 22 220
19 67 41 54 -7 11 0 0.00 M M 2.6 12 10 M M 6 12 17 290
20 71 37 54 -7 11 0 0.02 M M 3.5 14 230 M M 7 12 19 230
21 70 52 61 0 4 0 0.12 M M 4.0 15 210 M M 8 128 19 250
22 75 49 62 1 3 0 0.00 M M 3.6 12 300 M M 5 12 20 330
23 82 47 65 4 0 0 0.09 M M 3.1 12 250 M M 4 1 17 250
24 81 53 67 7 0 2 0.22 M M 3.4 14 230 M M 2 1238 22 250
25 73 54 64 4 1 0 0.07 M M 7.8 16 250 M M 7 1 26 320
26 61 43 52 -8 13 0 0.00 M M 4.6 14 290 M M 1 22 280
27 59 43 51 -9 14 0 0.21 M M 2.0 9 60 M M 8 1 19 150
28 68 49 59 -1 6 0 0.00 M M 3.3 12 220 M M 6 19 250
29 73 51 62 2 3 0 1.66 M M 8.2 18 220 M M 9 138 32 260
30 62 47 55 -4 10 0 T M M 5.2 15 350 M M 8 24 290
31 69 38 54 -5 11 0 0.00 M M 1.7 12 210 M M 3 12 15 230
================================================================================
SM 2310 1500 124 22 5.58 M 130.2 M 157
================================================================================
AV 74.5 48.4 4.2 FASTST M M 5 MAX(MPH)
MISC ----> 24 200 33 200
================================================================================
NOTES:
# LAST OF SEVERAL OCCURRENCES
COLUMN 17 PEAK WIND IN M.P.H.
PRELIMINARY LOCAL CLIMATOLOGICAL DATA (WS FORM: F-6) , PAGE 2
STATION: SARANAC LAKE NY
MONTH: AUGUST
YEAR: 2020
LATITUDE: 44 23 N
LONGITUDE: 74 12 W
[TEMPERATURE DATA] [PRECIPITATION DATA] SYMBOLS USED IN COLUMN 16
AVERAGE MONTHLY: 61.5 TOTAL FOR MONTH: 5.58 1 = FOG OR MIST
DPTR FM NORMAL: 0.2 DPTR FM NORMAL: 1.43 2 = FOG REDUCING VISIBILITY
HIGHEST: 86 ON 11 GRTST 24HR 1.66 ON 29-29 TO 1/4 MILE OR LESS
LOWEST: 37 ON 20 3 = THUNDER
SNOW, ICE PELLETS, HAIL 4 = ICE PELLETS
TOTAL MONTH: M 5 = HAIL
GRTST 24HR M ON M 6 = FREEZING RAIN OR DRIZZLE
GRTST DEPTH: M ON M 7 = DUSTSTORM OR SANDSTORM:
VSBY 1/2 MILE OR LESS
8 = SMOKE OR HAZE
[NO. OF DAYS WITH] [WEATHER - DAYS WITH] 9 = BLOWING SNOW
X = TORNADO
MAX 32 OR BELOW: 0 0.01 INCH OR MORE: 16
MAX 90 OR ABOVE: 0 0.10 INCH OR MORE: 10
MIN 32 OR BELOW: 0 0.50 INCH OR MORE: 2
MIN 0 OR BELOW: 0 1.00 INCH OR MORE: 2
[HDD (BASE 65) ]
TOTAL THIS MO. 124 CLEAR (SCALE 0-3) 9
DPTR FM NORMAL -22 PTCLDY (SCALE 4-7) 18
TOTAL FM JUL 1 137 CLOUDY (SCALE 8-10) 4
DPTR FM NORMAL -104
[CDD (BASE 65) ]
TOTAL THIS MO. 22
DPTR FM NORMAL -10 [PRESSURE DATA]
TOTAL FM JAN 1 164 HIGHEST SLP M ON M
DPTR FM NORMAL 57 LOWEST SLP 29.35 ON 29
[REMARKS]
#FINAL-08-20#