000
CXUS56 KLOX 011155
CF6SMX
PRELIMINARY LOCAL CLIMATOLOGICAL DATA (WS FORM: F-6)
STATION: SANTA MARIA AIRPORT CA
MONTH: JULY
YEAR: 2022
LATITUDE: 34 54 N
LONGITUDE: 120 27 W
TEMPERATURE IN F: :PCPN: SNOW: WIND :SUNSHINE: SKY :PK WND
================================================================================
1 2 3 4 5 6A 6B 7 8 9 10 11 12 13 14 15 16 17 18
12Z AVG MX 2MIN
DY MAX MIN AVG DEP HDD CDD WTR SNW DPTH SPD SPD DIR MIN PSBL S-S WX SPD DR
================================================================================
1 71 53 62 -1 3 0 0.00 M M 7.8 17 300 M M 6 1 21 300
2 66 53 60 -3 5 0 0.00 M M 9.9 22 290 M M 6 18 27 290
3 66 52 59 -4 6 0 0.00 M M 9.9 25 300 M M 4 31 300
4 72 50 61 -2 4 0 0.00 M M 9.1 28 300 M M 3 1 33 320
5 74 57 66 2 0 1 0.00 M M 9.3 22 310 M M 6 1 26 300
6 71 58 65 1 0 0 0.00 M M 9.2 18 300 M M 7 1 23 310
7 69 56 63 -1 2 0 0.00 M M 7.9 17 300 M M 6 1 21 310
8 79 53 66 2 0 1 0.00 M M 6.9 17 340 M M 5 18 20 330
9 71 55 63 -1 2 0 0.00 M M 5.9 18 300 M M 5 1 22 290
10 71 53 62 -2 3 0 0.00 M M 5.5 15 330 M M 6 128 20 320
11 72 54 63 -1 2 0 0.00 M M 5.2 13 330 M M 6 1 18 330
12 72 55 64 0 1 0 0.00 M M 6.0 14 330 M M 6 1 20 310
13 71 56 64 0 1 0 0.00 M M 6.5 15 330 M M 7 1 20 300
14 73 56 65 1 0 0 0.00 M M 5.9 14 310 M M 4 18 18 300
15 72 55 64 0 1 0 0.00 M M 6.9 14 330 M M 0 18 18 320
16 77 54 66 2 0 1 0.00 M M 5.0 14 290 M M 4 1 17 320
17 75 52 64 0 1 0 0.00 M M 5.3 14 300 M M 2 18 18 320
18 81 54 68 4 0 3 T M M 4.3 14 290 M M 3 18 16 290
19 79 53 66 2 0 1 0.00 M M 4.1 13 290 M M 2 18 18 290
20 71 53 62 -2 3 0 0.00 M M 4.7 13 290 M M 5 1 17 320
21 68 52 60 -4 5 0 0.00 M M 5.7 14 320 M M 6 18 20 320
22 71 52 62 -2 3 0 0.00 M M 7.1 15 330 M M 4 128 21 300
23 66 51 59 -5 6 0 0.00 M M 7.5 16 310 M M 4 18 22 340
24 68 53 61 -3 4 0 0.00 M M 6.1 14 300 M M 6 1 19 290
25 69 54 62 -2 3 0 0.00 M M 5.7 15 330 M M 6 1 18 300
26 70 55 63 -1 2 0 0.00 M M 5.8 15 320 M M 6 1 19 340
27 69 55 62 -2 3 0 0.00 M M 6.8 15 310 M M 5 1 20 310
28 72 54 63 -1 2 0 0.00 M M 5.8 14 320 M M 7 1 17 290
29 74 53 64 0 1 0 0.00 M M 5.4 13 320 M M 6 1 16 310
30 75 56 66 2 0 1 0.00 M M 5.0 14 290 M M 5 1 17 330
31 77 58 68 4 0 3 0.00 M M 4.2 14 340 M M 3 17 320
================================================================================
SM 2232 1675 63 11 T M 200.4 M 151
================================================================================
AV 72.0 54.0 6.5 FASTST M M 5 MAX(MPH)
MISC ----> 28 300 33 320
================================================================================
NOTES:
# LAST OF SEVERAL OCCURRENCES
COLUMN 17 PEAK WIND IN M.P.H.
PRELIMINARY LOCAL CLIMATOLOGICAL DATA (WS FORM: F-6) , PAGE 2
STATION: SANTA MARIA AIRPORT CA
MONTH: JULY
YEAR: 2022
LATITUDE: 34 54 N
LONGITUDE: 120 27 W
[TEMPERATURE DATA] [PRECIPITATION DATA] SYMBOLS USED IN COLUMN 16
AVERAGE MONTHLY: 63.0 TOTAL FOR MONTH: T 1 = FOG OR MIST
DPTR FM NORMAL: -1.1 DPTR FM NORMAL: -0.03 2 = FOG REDUCING VISIBILITY
HIGHEST: 81 ON 18 GRTST 24HR T ON 18-18 TO 1/4 MILE OR LESS
LOWEST: 50 ON 4 3 = THUNDER
SNOW, ICE PELLETS, HAIL 4 = ICE PELLETS
TOTAL MONTH: M 5 = HAIL
GRTST 24HR M ON M 6 = FREEZING RAIN OR DRIZZLE
GRTST DEPTH: M ON M 7 = DUSTSTORM OR SANDSTORM:
VSBY 1/2 MILE OR LESS
8 = SMOKE OR HAZE
[NO. OF DAYS WITH] [WEATHER - DAYS WITH] 9 = BLOWING SNOW
X = TORNADO
MAX 32 OR BELOW: 0 0.01 INCH OR MORE: 0
MAX 90 OR ABOVE: 0 0.10 INCH OR MORE: 0
MIN 32 OR BELOW: 0 0.50 INCH OR MORE: 0
MIN 0 OR BELOW: 0 1.00 INCH OR MORE: 0
[HDD (BASE 65) ]
TOTAL THIS MO. 63 CLEAR (SCALE 0-3) 5
DPTR FM NORMAL 8 PTCLDY (SCALE 4-7) 26
TOTAL FM JUL 1 63 CLOUDY (SCALE 8-10) 0
DPTR FM NORMAL 1
[CDD (BASE 65) ]
TOTAL THIS MO. 11
DPTR FM NORMAL -16 [PRESSURE DATA]
TOTAL FM JAN 1 61 HIGHEST SLP 30.15 ON 9
DPTR FM NORMAL 7 LOWEST SLP 29.85 ON 17
[REMARKS]
#FINAL-07-22#