000
CXUS54 KMAF 011210
CF6SNK
PRELIMINARY LOCAL CLIMATOLOGICAL DATA (WS FORM: F-6)
STATION: SNYDER WINSTON FIELD
MONTH: JANUARY
YEAR: 2021
LATITUDE: 32 41 N
LONGITUDE: 100 57 W
TEMPERATURE IN F: :PCPN: SNOW: WIND :SUNSHINE: SKY :PK WND
================================================================================
1 2 3 4 5 6A 6B 7 8 9 10 11 12 13 14 15 16 17 18
12Z AVG MX 2MIN
DY MAX MIN AVG DEP HDD CDD WTR SNW DPTH SPD SPD DIR MIN PSBL S-S WX SPD DR
================================================================================
1 38 29 34 M 31 0 M M M 9.5 23 330 M M 9 31 330
2 45 31 38 M 27 0 M M M 7.9 14 180 M M 2 17 180
3 56 31 44 M 21 0 M M M 9.1 13 290 M M 0 18 250
4 57 34 46 M 19 0 M M M 7.8 16 10 M M 0 20 360
5 60 36 48 M 17 0 M M M 6.0 15 180 M M 0 20 170
6 53 40 47 M 18 0 M M M 13.8 24 320 M M 1 31 320
7 51 30 41 M 24 0 M M M 6.4 10 340 M M 0 16 360
8 41 29 35 M 30 0 M M M 6.6 13 60 M M 5 1 M M
9 37 27 32 M 33 0 M M M 6.8 17 50 M M 9 12 22 50
10 34 27 31 M 34 0 0.06 M M 9.4 17 50 M M 10 23 50
11 37 27 32 M 33 0 M M M 4.5 7 240 M M 5 M M
12 44 21 33 M 32 0 M M M 8.0 13 240 M M 0 1 M M
13 56 25 41 M 24 0 M M M 10.4 18 230 M M 0 1 24 230
14 53 34 44 M 21 0 M M M 13.7 30 10 M M 0 41 10
15 51 28 40 M 25 0 M M M 11.3 25 330 M M 1 30 330
16 57 25 41 M 24 0 M M M 6.4 13 150 M M 1 M M
17 53 31 42 M 23 0 M M M 8.0 13 60 M M 0 M M
18 65 31 48 M 17 0 M M M 10.3 16 40 M M 0 28 30
19 47 41 44 M 21 0 M M M 16.8 26 40 M M 8 35 40
20 45 36 41 M 24 0 M M M 6.9 13 230 M M 7 17 220
21 64 42 53 M 12 0 M M M 8.2 13 200 M M 2 M M
22 52 38 45 M 20 0 M M M 7.0 10 20 M M 7 12 22 330
23 51 40 46 M 19 0 M M M 6.3 10 180 M M 10 12 M M
24 58 42 50 M 15 0 0.04 M M 8.9 17 40 M M 10 12 21 40
25 59 37 48 M 17 0 M M M 14.9 25 250 M M 2 12 32 240
26 52 31 42 M 23 0 M M M 9.2 15 70 M M 2 21 350
27 48 29 39 M 26 0 M M M 8.3 21 350 M M 0 20 350
28 55 29 42 M 23 0 M M M 7.7 15 160 M M 0 22 160
29 64 35 50 M 15 0 M M M 10.6 22 160 M M 1 28 160
30 65 49 57 M 8 0 M M M 19.0 36 270 M M 5 8 46 270
31 59 41 50 M 15 0 M M M 10.3 17 20 M M 0 24 360
================================================================================
SM 1607 1026 691 0 0.10 M 289.9 M 97
================================================================================
AV 51.8 33.1 9.4 FASTST M M 3 MAX(MPH)
MISC ----> 36 270 46 270
================================================================================
NOTES:
# LAST OF SEVERAL OCCURRENCES
COLUMN 17 PEAK WIND IN M.P.H.
PRELIMINARY LOCAL CLIMATOLOGICAL DATA (WS FORM: F-6) , PAGE 2
STATION: SNYDER WINSTON FIELD
MONTH: JANUARY
YEAR: 2021
LATITUDE: 32 41 N
LONGITUDE: 100 57 W
[TEMPERATURE DATA] [PRECIPITATION DATA] SYMBOLS USED IN COLUMN 16
AVERAGE MONTHLY: 42.5 TOTAL FOR MONTH: 0.10 1 = FOG OR MIST
DPTR FM NORMAL: 0.0 DPTR FM NORMAL: M 2 = FOG REDUCING VISIBILITY
HIGHEST: 65 ON 30,18 GRTST 24HR 0.06 ON 9-10 TO 1/4 MILE OR LESS
LOWEST: 21 ON 12 3 = THUNDER
SNOW, ICE PELLETS, HAIL 4 = ICE PELLETS
TOTAL MONTH: M 5 = HAIL
GRTST 24HR M ON M 6 = FREEZING RAIN OR DRIZZLE
GRTST DEPTH: M ON M 7 = DUSTSTORM OR SANDSTORM:
VSBY 1/2 MILE OR LESS
8 = SMOKE OR HAZE
[NO. OF DAYS WITH] [WEATHER - DAYS WITH] 9 = BLOWING SNOW
X = TORNADO
MAX 32 OR BELOW: 0 0.01 INCH OR MORE: 2
MAX 90 OR ABOVE: 0 0.10 INCH OR MORE: 0
MIN 32 OR BELOW: 17 0.50 INCH OR MORE: 0
MIN 0 OR BELOW: 0 1.00 INCH OR MORE: 0
[HDD (BASE 65) ]
TOTAL THIS MO. 691 CLEAR (SCALE 0-3) 20
DPTR FM NORMAL M PTCLDY (SCALE 4-7) 6
TOTAL FM JUL 1 1740 CLOUDY (SCALE 8-10) 5
DPTR FM NORMAL M
[CDD (BASE 65) ]
TOTAL THIS MO. 0
DPTR FM NORMAL M [PRESSURE DATA]
TOTAL FM JAN 1 0 HIGHEST SLP M ON M
DPTR FM NORMAL M LOWEST SLP M ON M
[REMARKS]
#FINAL-01-21#