000
CXUS55 KPIH 012256
CF6SNT
PRELIMINARY LOCAL CLIMATOLOGICAL DATA (WS FORM: F-6)
STATION: STANLEY_ID
MONTH: FEBRUARY
YEAR: 2021
LATITUDE: 44 10 N
LONGITUDE: 114 56 W
TEMPERATURE IN F: :PCPN: SNOW: WIND :SUNSHINE: SKY :PK WND
================================================================================
1 2 3 4 5 6A 6B 7 8 9 10 11 12 13 14 15 16 17 18
12Z AVG MX 2MIN
DY MAX MIN AVG DEP HDD CDD WTR SNW DPTH SPD SPD DIR MIN PSBL S-S WX SPD DR
================================================================================
1 45 6 26 11 39 0 0.00 M M 4.4 15 150 M M 0 25 140
2 45 28 37 21 28 0 0.27 M M 8.0 22 210 M M 0 36 200
3 29 7 18 2 47 0 0.01 M M 2.9 12 20 M M 0 18 20
4 27 -3 12 -4 53 0 0.00 M M 1.7 8 360 M M 0 13 20
5 36 19 28 12 37 0 0.10 M M 6.6 20 320 M M 0 33 320
6 35 7 21 5 44 0 0.00 M M 7.0 18 260 M M 0 36 330
7 31 21 26 10 39 0 0.00 M M 4.3 16 340 M M 0 31 350
8 29 0 15 -1 50 0 0.00 M M 5.4 20 320 M M 0 35 330
9 36 -6 15 -2 50 0 0.00 M M 2.3 9 70 M M 0 12 340
10 34 -12 11 -6 54 0 0.00 M M 2.5 9 350 M M 0 15 10
11 29 8 19 2 46 0 0.18 M M 1.8 8 80 M M 0 13 50
12 32 23 28 11 37 0 0.09 M M 0.6 7 350 M M 0 12 60
13 33 21 27 9 38 0 0.16 M M 2.3 13 330 M M 0 22 340
14 27 -2 13 -5 52 0 0.00 M M 2.2 8 110 M M 0 13 130
15 34 18 26 8 39 0 0.17 M M 3.7 13 340 M M 0 22 350
16 32 18 25 7 40 0 0.06 M M 5.4 16 330 M M 0 28 320
17 30 3 17 -2 48 0 0.01 M M 2.2 13 350 M M 0 22 360
18 24 -15 5 -14 60 0 0.03 M M 3.9 17 160 M M 0 30 160
19 32 17 25 5 40 0 0.12 M M 3.5 16 150 M M 0 29 150
20 32 7 20 0 45 0 0.09 M M 3.6 14 310 M M 0 23 310
21 31 6 19 -1 46 0 0.02 M M 2.1 10 360 M M 0 18 360
22 41 12 27 7 38 0 0.04 M M 3.8 18 210 M M 0 33 210
23 35 6 21 0 44 0 0.16 M M 6.2 18 330 M M 0 35 300
24 30 -4 13 -8 52 0 0.00 M M 3.2 10 130 M M 0 17 330
25 28 -16 6 -15 59 0 0.09 M M 3.5 15 110 M M 0 23 150
26 26 5 16 -6 49 0 0.23 M M 5.0 13 170 M M 0 22 270
27 27 -6 11 -11 54 0 0.03 M M 2.9 13 340 M M 0 21 340
28 27 -14 7 -15 58 0 0.00 M M 0.8 8 350 M M 0 11 360
================================================================================
SM 897 154 1286 0 1.86 M 101.8 M 0
================================================================================
AV 32.0 5.5 3.6 FASTST M M 0 MAX(MPH)
MISC ----> 22 210 # 36 200
================================================================================
NOTES:
# LAST OF SEVERAL OCCURRENCES
COLUMN 17 PEAK WIND IN M.P.H.
PRELIMINARY LOCAL CLIMATOLOGICAL DATA (WS FORM: F-6) , PAGE 2
STATION: STANLEY_ID
MONTH: FEBRUARY
YEAR: 2021
LATITUDE: 44 10 N
LONGITUDE: 114 56 W
[TEMPERATURE DATA] [PRECIPITATION DATA] SYMBOLS USED IN COLUMN 16
AVERAGE MONTHLY: 18.8 TOTAL FOR MONTH: 1.86 1 = FOG OR MIST
DPTR FM NORMAL: 0.4 DPTR FM NORMAL: 0.07 2 = FOG REDUCING VISIBILITY
HIGHEST: 45 ON 2, 1 GRTST 24HR 0.32 ON 25-26 TO 1/4 MILE OR LESS
LOWEST: -16 ON 25 3 = THUNDER
SNOW, ICE PELLETS, HAIL 4 = ICE PELLETS
TOTAL MONTH: M 5 = HAIL
GRTST 24HR M ON M 6 = FREEZING RAIN OR DRIZZLE
GRTST DEPTH: M ON M 7 = DUSTSTORM OR SANDSTORM:
VSBY 1/2 MILE OR LESS
8 = SMOKE OR HAZE
[NO. OF DAYS WITH] [WEATHER - DAYS WITH] 9 = BLOWING SNOW
X = TORNADO
MAX 32 OR BELOW: 18 0.01 INCH OR MORE: 18
MAX 90 OR ABOVE: 0 0.10 INCH OR MORE: 8
MIN 32 OR BELOW: 28 0.50 INCH OR MORE: 0
MIN 0 OR BELOW: 10 1.00 INCH OR MORE: 0
[HDD (BASE 65) ]
TOTAL THIS MO. 1286 CLEAR (SCALE 0-3) 28
DPTR FM NORMAL -19 PTCLDY (SCALE 4-7) 0
TOTAL FM JUL 1 7064 CLOUDY (SCALE 8-10) 0
DPTR FM NORMAL -471
[CDD (BASE 65) ]
TOTAL THIS MO. 0
DPTR FM NORMAL 0 [PRESSURE DATA]
TOTAL FM JAN 1 0 HIGHEST SLP 30.58 ON 25
DPTR FM NORMAL 0 LOWEST SLP 29.47 ON 13
[REMARKS]
#FINAL-02-21#