000
CXUS55 KCYS 011651
CF6SNY
PRELIMINARY LOCAL CLIMATOLOGICAL DATA (WS FORM: F-6)
STATION: SIDNEY NEBRASKA AIRPORT
MONTH: SEPTEMBER
YEAR: 2023
LATITUDE: 41 5 N
LONGITUDE: 102 59 W
TEMPERATURE IN F: :PCPN: SNOW: WIND :SUNSHINE: SKY :PK WND
================================================================================
1 2 3 4 5 6A 6B 7 8 9 10 11 12 13 14 15 16 17 18
12Z AVG MX 2MIN
DY MAX MIN AVG DEP HDD CDD WTR SNW DPTH SPD SPD DIR MIN PSBL S-S WX SPD DR
================================================================================
1 95 61 78 10 0 13 0.00 M M 7.0 17 170 M M 0 23 170
2 95 56 76 9 0 11 0.00 M M 8.1 17 290 M M 0 23 10
3 95 65 80 13 0 15 0.01 M M 10.3 28 300 M M 2 3 36 300
4 91 58 75 8 0 10 0.01 M M 8.9 37 320 M M 2 38 52 320
5 72 46 59 -7 6 0 0.00 M M 15.0 33 340 M M 1 8 43 340
6 85 43 64 -2 1 0 0.00 M M 8.8 20 190 M M 0 18 28 190
7 91 50 71 5 0 6 0.00 M M 10.5 26 300 M M 0 18 36 300
8 89 47 68 2 0 3 0.00 M M 10.2 21 160 M M 0 8 28 140
9 83 51 67 2 0 2 0.00 M M 11.8 21 60 M M 0 26 70
10 70 51 61 -4 4 0 0.03 M M 10.4 24 60 M M 5 1 31 40
11 68 47 58 -6 7 0 0.10 M M 7.1 14 150 M M 6 1 18 150
12 77 45 61 -3 4 0 0.00 M M 9.5 18 180 M M 0 1 26 170
13 79 48 64 0 1 0 0.00 M M 9.4 20 170 M M 0 1 29 130
14 76 43 60 -3 5 0 0.03 M M 10.4 25 360 M M 4 1 34 350
15 73 43 58 -5 7 0 0.08 M M 5.4 15 350 M M 4 1 22 50
16 81 42 62 0 3 0 0.00 M M 5.2 13 50 M M 0 18 360
17 86 39 63 1 2 0 0.00 M M 9.7 24 210 M M 0 32 220
18 89 50 70 8 0 5 0.00 M M 10.4 23 290 M M 0 30 290
19 86 47 67 6 0 2 0.00 M M 10.4 21 310 M M 0 25 320
20 84 47 66 5 0 1 0.00 M M 8.3 26 320 M M 0 3 36 320
21 82 50 66 6 0 1 0.00 M M 11.2 28 60 M M 3 18 38 60
22 75 55 65 5 0 0 0.00 M M 9.2 22 290 M M 6 13 29 280
23 74 38 56 -3 9 0 0.00 M M 14.0 30 320 M M 1 44 310
24 76 37 57 -2 8 0 0.00 M M 7.6 17 310 M M 0 24 310
25 86 34 60 2 5 0 0.00 M M 7.2 17 20 M M 0 22 20
26 79 39 59 1 6 0 0.00 M M 8.0 16 120 M M 0 1 22 120
27 84 45 65 8 0 0 0.00 M M 11.4 21 160 M M 0 27 160
28 85 47 66 9 0 1 0.00 M M 9.8 17 20 M M 0 18 25 40
29 79 49 64 8 1 0 0.00 M M 10.0 21 360 M M 3 27 350
30 85 46 66 10 0 1 0.00 M M 9.5 22 140 M M 3 123 29 140
================================================================================
SM 2470 1419 69 71 0.26 M 284.7 M 40
================================================================================
AV 82.3 47.3 9.5 FASTST M M 1 MAX(MPH)
MISC ----> 37 320 52 320
================================================================================
NOTES:
# LAST OF SEVERAL OCCURRENCES
COLUMN 17 PEAK WIND IN M.P.H.
PRELIMINARY LOCAL CLIMATOLOGICAL DATA (WS FORM: F-6) , PAGE 2
STATION: SIDNEY NEBRASKA AIRPORT
MONTH: SEPTEMBER
YEAR: 2023
LATITUDE: 41 5 N
LONGITUDE: 102 59 W
[TEMPERATURE DATA] [PRECIPITATION DATA] SYMBOLS USED IN COLUMN 16
AVERAGE MONTHLY: 64.8 TOTAL FOR MONTH: 0.26 1 = FOG OR MIST
DPTR FM NORMAL: 2.5 DPTR FM NORMAL: -1.05 2 = FOG REDUCING VISIBILITY
HIGHEST: 95 ON 3, 2 GRTST 24HR 0.13 ON 10-11 TO 1/4 MILE OR LESS
LOWEST: 34 ON 25 3 = THUNDER
SNOW, ICE PELLETS, HAIL 4 = ICE PELLETS
TOTAL MONTH: M 5 = HAIL
GRTST 24HR M ON M 6 = FREEZING RAIN OR DRIZZLE
GRTST DEPTH: M ON M 7 = DUSTSTORM OR SANDSTORM:
VSBY 1/2 MILE OR LESS
8 = SMOKE OR HAZE
[NO. OF DAYS WITH] [WEATHER - DAYS WITH] 9 = BLOWING SNOW
X = TORNADO
MAX 32 OR BELOW: 0 0.01 INCH OR MORE: 6
MAX 90 OR ABOVE: 5 0.10 INCH OR MORE: 1
MIN 32 OR BELOW: 0 0.50 INCH OR MORE: 0
MIN 0 OR BELOW: 0 1.00 INCH OR MORE: 0
[HDD (BASE 65) ]
TOTAL THIS MO. 69 CLEAR (SCALE 0-3) 25
DPTR FM NORMAL -75 PTCLDY (SCALE 4-7) 5
TOTAL FM JUL 1 100 CLOUDY (SCALE 8-10) 0
DPTR FM NORMAL -69
[CDD (BASE 65) ]
TOTAL THIS MO. 71
DPTR FM NORMAL 6 [PRESSURE DATA]
TOTAL FM JAN 1 601 HIGHEST SLP 30.26 ON 10
DPTR FM NORMAL -88 LOWEST SLP 29.48 ON 4
[REMARKS]
#FINAL-09-23#
SEPTEMBER 3... RECORD HIGH MINIMUM TEMPERATURE: 65F (PREVIOUS: 63F IN 1960)
SEPTEMBER 2023 WAS THE 7TH WARMEST ON RECORD.