000
CXUS56 KPQR 011155
CF6SPB
PRELIMINARY LOCAL CLIMATOLOGICAL DATA (WS FORM: F-6)
STATION: SCAPPOOSE OR
MONTH: APRIL
YEAR: 2021
LATITUDE: 45 46 N
LONGITUDE: 122 50 W
TEMPERATURE IN F: :PCPN: SNOW: WIND :SUNSHINE: SKY :PK WND
================================================================================
1 2 3 4 5 6A 6B 7 8 9 10 11 12 13 14 15 16 17 18
12Z AVG MX 2MIN
DY MAX MIN AVG DEP HDD CDD WTR SNW DPTH SPD SPD DIR MIN PSBL S-S WX SPD DR
================================================================================
1 67 38 53 5 12 0 0.00 M M 3.8 15 360 M M 0 19 360
2 64 35 50 2 15 0 0.00 M M 3.9 12 340 M M 0 17 340
3 69 39 54 6 11 0 0.00 M M 4.3 15 340 M M 0 21 330
4 60 41 51 3 14 0 0.00 M M 8.1 18 290 M M 2 26 280
5 62 31 47 -1 18 0 0.00 M M 5.1 14 340 M M 0 20 340
6 67 33 50 1 15 0 0.00 M M 3.6 9 10 M M 0 13 20
7 53 36 45 -4 20 0 0.01 M M 6.2 16 220 M M 6 20 220
8 56 38 47 -2 18 0 0.01 M M 4.3 13 280 M M 5 20 280
9 58 30 44 -5 21 0 0.00 M M 3.2 15 200 M M 3 21 200
10 55 39 47 -2 18 0 0.06 M M 6.7 23 310 M M 6 1 33 310
11 60 28 44 -5 21 0 0.00 M M 6.3 15 340 M M 0 22 360
12 67 33 50 1 15 0 0.00 M M 5.3 16 360 M M 0 20 360
13 68 36 52 3 13 0 0.00 M M 5.5 16 80 M M 0 20 60
14 72 35 54 4 11 0 0.00 M M 3.0 10 340 M M 0 13 330
15 78 38 58 8 7 0 0.00 M M 2.4 8 290 M M 0 11 320
16 81 40 61 11 4 0 0.00 M M 5.0 21 80 M M 0 24 80
17 84 40 62 12 3 0 0.00 M M 2.3 8 290 M M 0 11 290
18 83 43 63 13 2 0 0.00 M M 3.9 15 330 M M 0 21 320
19 75 35 55 5 10 0 0.00 M M 3.5 13 100 M M 0 15 100
20 76 41 59 9 6 0 0.00 M M 3.3 10 320 M M 1 14 360
21 79 42 61 10 4 0 0.00 M M 6.0 16 10 M M 0 20 350
22 65 39 52 1 13 0 0.00 M M 5.5 13 10 M M 4 17 120
23 62 41 52 1 13 0 0.00 M M 3.7 12 90 M M 4 14 140
24 54 48 51 0 14 0 0.23 M M 4.8 12 150 M M 10 1 16 170
25 60 46 53 2 12 0 0.01 M M 2.9 13 280 M M 9 17 270
26 61 43 52 0 13 0 0.05 M M 3.3 12 220 M M 8 14 330
27 66 40 53 1 12 0 0.00 M M 3.5 10 340 M M 5 14 330
28 72 42 57 5 8 0 0.00 M M 2.1 8 160 M M 0 10 150
29 81 46 64 12 1 0 0.00 M M 3.8 14 360 M M 0 19 330
30 69 47 58 6 7 0 0.03 M M 3.5 10 360 M M 9 13 360
================================================================================
SM 2024 1163 351 0 0.40 M 128.8 M 72
================================================================================
AV 67.5 38.8 4.3 FASTST M M 2 MAX(MPH)
MISC ----> 23 310 33 310
================================================================================
NOTES:
# LAST OF SEVERAL OCCURRENCES
COLUMN 17 PEAK WIND IN M.P.H.
PRELIMINARY LOCAL CLIMATOLOGICAL DATA (WS FORM: F-6) , PAGE 2
STATION: SCAPPOOSE OR
MONTH: APRIL
YEAR: 2021
LATITUDE: 45 46 N
LONGITUDE: 122 50 W
[TEMPERATURE DATA] [PRECIPITATION DATA] SYMBOLS USED IN COLUMN 16
AVERAGE MONTHLY: 53.1 TOTAL FOR MONTH: 0.40 1 = FOG OR MIST
DPTR FM NORMAL: 3.2 DPTR FM NORMAL: -2.73 2 = FOG REDUCING VISIBILITY
HIGHEST: 84 ON 17 GRTST 24HR 0.23 ON 24-24 TO 1/4 MILE OR LESS
LOWEST: 28 ON 11 3 = THUNDER
SNOW, ICE PELLETS, HAIL 4 = ICE PELLETS
TOTAL MONTH: M 5 = HAIL
GRTST 24HR M ON M 6 = FREEZING RAIN OR DRIZZLE
GRTST DEPTH: M ON M 7 = DUSTSTORM OR SANDSTORM:
VSBY 1/2 MILE OR LESS
8 = SMOKE OR HAZE
[NO. OF DAYS WITH] [WEATHER - DAYS WITH] 9 = BLOWING SNOW
X = TORNADO
MAX 32 OR BELOW: 0 0.01 INCH OR MORE: 7
MAX 90 OR ABOVE: 0 0.10 INCH OR MORE: 1
MIN 32 OR BELOW: 3 0.50 INCH OR MORE: 0
MIN 0 OR BELOW: 0 1.00 INCH OR MORE: 0
[HDD (BASE 65) ]
TOTAL THIS MO. 351 CLEAR (SCALE 0-3) 19
DPTR FM NORMAL -102 PTCLDY (SCALE 4-7) 8
TOTAL FM JUL 1 4052 CLOUDY (SCALE 8-10) 3
DPTR FM NORMAL -437
[CDD (BASE 65) ]
TOTAL THIS MO. 0
DPTR FM NORMAL 0 [PRESSURE DATA]
TOTAL FM JAN 1 0 HIGHEST SLP 30.38 ON 11
DPTR FM NORMAL 0 LOWEST SLP 29.70 ON 24
[REMARKS]
#FINAL-04-21#