000
CXUS52 KTBW 011014
CF6SPG
PRELIMINARY LOCAL CLIMATOLOGICAL DATA (WS FORM: F-6)
STATION: SAINT PETERSBURG
MONTH: SEPTEMBER
YEAR: 2023
LATITUDE: 27 46 N
LONGITUDE: 82 38 W
TEMPERATURE IN F: :PCPN: SNOW: WIND :SUNSHINE: SKY :PK WND
================================================================================
1 2 3 4 5 6A 6B 7 8 9 10 11 12 13 14 15 16 17 18
12Z AVG MX 2MIN
DY MAX MIN AVG DEP HDD CDD WTR SNW DPTH SPD SPD DIR MIN PSBL S-S WX SPD DR
================================================================================
1 92 80 86 2 0 21 T 0.0 0 8.2 16 40 M M 2 19 240
2 90 79 85 1 0 20 0.00 0.0 0 12.7 23 70 M M 3 28 80
3 89 79 84 0 0 19 0.00 0.0 0 13.6 21 90 M M 1 25 90
4 89 79 84 1 0 19 0.00 0.0 0 12.8 22 110 M M 2 27 110
5 91 79 85 2 0 20 0.00 0.0 0 10.6 17 100 M M 1 21 110
6 91 77 84 1 0 19 0.00 0.0 0 5.4 15 160 M M 2 19 150
7 90 80 85 2 0 20 0.00 0.0 0 5.5 15 340 M M 1 3 20 340
8 85 74 80 -3 0 15 0.40 0.0 0 6.7 29 330 M M 2 138 42 340
9 88 75 82 -1 0 17 0.00 0.0 0 6.7 15 130 M M 2 3 20 250
10 90 78 84 1 0 19 0.00 0.0 0 5.4 13 350 M M 0 3 15 360
11 92 80 86 3 0 21 0.00 0.0 0 6.3 21 100 M M 1 25 100
12 92 79 86 3 0 21 0.00 0.0 0 6.2 22 120 M M 1 3 25 120
13 92 81 87 4 0 22 T 0.0 0 5.2 13 340 M M 2 17 330
14 92 81 87 4 0 22 0.00 0.0 0 6.5 14 60 M M 2 20 340
15 90 77 84 1 0 19 1.80 0.0 0 7.2 28 40 M M 2 123 34 40
16 91 79 85 2 0 20 0.34 0.0 0 8.0 18 360 M M 3 13 23 10
17 90 80 85 2 0 20 0.01 0.0 0 6.7 15 260 M M 1 22 260
18 91 79 85 3 0 20 0.03 0.0 0 8.1 21 110 M M 2 13 25 110
19 88 79 84 2 0 19 0.00 0.0 0 14.1 21 90 M M 5 25 80
20 90 76 83 1 0 18 0.07 0.0 0 13.0 26 80 M M 4 13 31 70
21 90 76 83 1 0 18 T 0.0 0 9.2 35 50 M M 3 42 60
22 88 76 82 0 0 17 T 0.0 0 10.7 21 60 M M 2 23 60
23 86 76 81 -1 0 16 0.00 0.0 0 8.9 18 110 M M 0 24 110
24 87 78 83 1 0 18 0.00 0.0 0 11.9 22 120 M M 1 29 110
25 90 76 83 1 0 18 T 0.0 0 9.9 31 120 M M 2 3 37 120
26 86 79 83 1 0 18 0.00 0.0 0 10.1 18 120 M M 1 22 220
27 87 75 81 -1 0 16 0.52 0.0 0 9.7 22 10 M M 5 1 29 20
28 88 77 83 2 0 18 0.00 0.0 0 11.5 22 50 M M 6 25 60
29 87 76 82 1 0 17 0.52 0.0 0 9.9 26 110 M M 6 13 32 110
30 90 78 84 3 0 19 0.03 0.0 0 11.1 24 120 M M 6 1 29 120
================================================================================
SM 2682 2338 0 566 3.72 0.0 271.8 M 71
================================================================================
AV 89.4 77.9 9.1 FASTST M M 2 MAX(MPH)
MISC ----> 35 50 # 42 340
================================================================================
NOTES:
# LAST OF SEVERAL OCCURRENCES
COLUMN 17 PEAK WIND IN M.P.H.
PRELIMINARY LOCAL CLIMATOLOGICAL DATA (WS FORM: F-6) , PAGE 2
STATION: SAINT PETERSBURG
MONTH: SEPTEMBER
YEAR: 2023
LATITUDE: 27 46 N
LONGITUDE: 82 38 W
[TEMPERATURE DATA] [PRECIPITATION DATA] SYMBOLS USED IN COLUMN 16
AVERAGE MONTHLY: 83.7 TOTAL FOR MONTH: 3.72 1 = FOG OR MIST
DPTR FM NORMAL: 1.2 DPTR FM NORMAL: -2.94 2 = FOG REDUCING VISIBILITY
HIGHEST: 92 ON 14,13 GRTST 24HR 1.80 ON 15-15 TO 1/4 MILE OR LESS
LOWEST: 74 ON 8 3 = THUNDER
SNOW, ICE PELLETS, HAIL 4 = ICE PELLETS
TOTAL MONTH: 0.0 INCH 5 = HAIL
GRTST 24HR 0.0 6 = FREEZING RAIN OR DRIZZLE
GRTST DEPTH: 0 7 = DUSTSTORM OR SANDSTORM:
VSBY 1/2 MILE OR LESS
8 = SMOKE OR HAZE
[NO. OF DAYS WITH] [WEATHER - DAYS WITH] 9 = BLOWING SNOW
X = TORNADO
MAX 32 OR BELOW: 0 0.01 INCH OR MORE: 9
MAX 90 OR ABOVE: 18 0.10 INCH OR MORE: 5
MIN 32 OR BELOW: 0 0.50 INCH OR MORE: 3
MIN 0 OR BELOW: 0 1.00 INCH OR MORE: 1
[HDD (BASE 65) ]
TOTAL THIS MO. 0 CLEAR (SCALE 0-3) 23
DPTR FM NORMAL 0 PTCLDY (SCALE 4-7) 7
TOTAL FM JUL 1 0 CLOUDY (SCALE 8-10) 0
DPTR FM NORMAL 0
[CDD (BASE 65) ]
TOTAL THIS MO. 566
DPTR FM NORMAL 40 [PRESSURE DATA]
TOTAL FM JAN 1 3766 HIGHEST SLP 30.09 ON 2
DPTR FM NORMAL 530 LOWEST SLP 29.83 ON 23
[REMARKS]
#FINAL-09-23#