000
CXUS54 KEPZ 011030
CF6SRR
PRELIMINARY LOCAL CLIMATOLOGICAL DATA (WS FORM: F-6)
STATION: RUIDOSO AWOS
MONTH: MAY
YEAR: 2023
LATITUDE: 33 28 N
LONGITUDE: 105 32 W
TEMPERATURE IN F: :PCPN: SNOW: WIND :SUNSHINE: SKY :PK WND
================================================================================
1 2 3 4 5 6A 6B 7 8 9 10 11 12 13 14 15 16 17 18
12Z AVG MX 2MIN
DY MAX MIN AVG DEP HDD CDD WTR SNW DPTH SPD SPD DIR MIN PSBL S-S WX SPD DR
================================================================================
1 72 39 56 M 9 0 0.00 M M 8.2 16 240 M M 1 25 240
2 68 48 58 M 7 0 0.00 M M 9.6 20 220 M M 4 30 220
3 72 43 58 M 7 0 0.04 M M 8.6 28 160 M M 2 33 160
4 68 46 57 M 8 0 0.00 M M 15.4 30 230 M M 3 39 230
5 68 50 59 M 6 0 0.00 M M 17.7 32 230 M M 0 44 230
6 72 48 60 M 5 0 0.00 M M 12.8 27 210 M M 0 33 220
7 75 52 64 M 1 0 0.00 M M 11.7 24 230 M M 0 31 210
8 77 52 65 M 0 0 0.00 M M 10.9 21 210 M M 0 29 210
9 77 50 64 M 1 0 0.00 M M 11.5 22 230 M M 0 31 140
10 75 46 61 M 4 0 0.00 M M 17.2 31 230 M M 0 8 45 230
11 68 46 57 M 8 0 0.00 M M 14.8 23 290 M M 0 36 290
12 77 48 63 M 2 0 0.00 M M 8.5 18 150 M M 2 27 150
13 59 45 52 M 13 0 0.00 M M 12.5 17 110 M M 8 24 110
14 63 41 52 M 13 0 0.19 M M 5.7 13 100 M M 6 18 0
15 63 48 56 M 9 0 T M M 6.5 12 150 M M 8 17 150
16 72 46 59 M 6 0 0.01 M M 5.3 14 70 M M 4 22 50
17 70 48 59 M 6 0 0.22 M M 6.5 13 160 M M 6 21 130
18 70 46 58 M 7 0 0.00 M M 4.9 15 230 M M 4 12 22 270
19 68 46 57 M 8 0 0.02 M M 9.2 18 120 M M 5 1 21 130
20 63 46 55 M 10 0 0.17 M M 9.3 18 140 M M 8 12 22 140
21 73 45 59 M 6 0 0.00 M M 7.2 16 290 M M 3 23 280
22 75 46 61 M 4 0 0.00 M M 8.4 20 270 M M 2 28 270
23 79 50 65 M 0 0 0.00 M M 8.2 22 240 M M 2 27 240
24 77 48 63 M 2 0 0.00 M M 8.8 20 160 M M 1 29 160
25 75 52 64 M 1 0 0.00 M M 10.4 18 130 M M 4 1 28 150
26 68 50 59 M 6 0 0.00 M M 11.6 20 160 M M 5 12 27 140
27 77 50 64 M 1 0 0.00 M M 10.9 22 240 M M 4 1 29 240
28 75 50 63 M 2 0 0.00 M M 6.9 12 160 M M 1 24 150
29 81 48 65 M 0 0 0.00 M M 9.8 15 320 M M 0 21 320
30 81 55 68 M 0 3 0.00 M M 8.6 15 310 M M 1 23 310
31 77 50 64 M 1 0 0.08 M M 9.8 26 230 M M 3 32 230
================================================================================
SM 2235 1478 153 3 0.73 M 307.4 M 87
================================================================================
AV 72.1 47.7 9.9 FASTST M M 3 MAX(MPH)
MISC ----> 32 230 45 230
================================================================================
NOTES:
# LAST OF SEVERAL OCCURRENCES
COLUMN 17 PEAK WIND IN M.P.H.
PRELIMINARY LOCAL CLIMATOLOGICAL DATA (WS FORM: F-6) , PAGE 2
STATION: RUIDOSO AWOS
MONTH: MAY
YEAR: 2023
LATITUDE: 33 28 N
LONGITUDE: 105 32 W
[TEMPERATURE DATA] [PRECIPITATION DATA] SYMBOLS USED IN COLUMN 16
AVERAGE MONTHLY: 59.9 TOTAL FOR MONTH: 0.73 1 = FOG OR MIST
DPTR FM NORMAL: 0.0 DPTR FM NORMAL: M 2 = FOG REDUCING VISIBILITY
HIGHEST: 81 ON 30,29 GRTST 24HR 0.22 ON 17-17 TO 1/4 MILE OR LESS
LOWEST: 39 ON 1 3 = THUNDER
SNOW, ICE PELLETS, HAIL 4 = ICE PELLETS
TOTAL MONTH: M 5 = HAIL
GRTST 24HR M ON M 6 = FREEZING RAIN OR DRIZZLE
GRTST DEPTH: M ON M 7 = DUSTSTORM OR SANDSTORM:
VSBY 1/2 MILE OR LESS
8 = SMOKE OR HAZE
[NO. OF DAYS WITH] [WEATHER - DAYS WITH] 9 = BLOWING SNOW
X = TORNADO
MAX 32 OR BELOW: 0 0.01 INCH OR MORE: 7
MAX 90 OR ABOVE: 0 0.10 INCH OR MORE: 3
MIN 32 OR BELOW: 0 0.50 INCH OR MORE: 0
MIN 0 OR BELOW: 0 1.00 INCH OR MORE: 0
[HDD (BASE 65) ]
TOTAL THIS MO. 153 CLEAR (SCALE 0-3) 18
DPTR FM NORMAL M PTCLDY (SCALE 4-7) 11
TOTAL FM JUL 1 4897 CLOUDY (SCALE 8-10) 2
DPTR FM NORMAL M
[CDD (BASE 65) ]
TOTAL THIS MO. 3
DPTR FM NORMAL M [PRESSURE DATA]
TOTAL FM JAN 1 3 HIGHEST SLP M ON M
DPTR FM NORMAL M LOWEST SLP M ON M
[REMARKS]
#FINAL-05-23#